{"id":3088902,"date":"2024-07-31T00:45:00","date_gmt":"2024-07-31T03:45:00","guid":{"rendered":"https:\/\/easyjur.com\/blog\/?page_id=3088902"},"modified":"2024-07-31T00:48:56","modified_gmt":"2024-07-31T03:48:56","slug":"kit-de-peticoes-previdenciario","status":"publish","type":"page","link":"https:\/\/easyjur.com\/blog\/kit-de-peticoes-previdenciario\/","title":{"rendered":"Kit de peti\u00e7\u00f5es previdenci\u00e1rio"},"content":{"rendered":"\t\t<div data-elementor-type=\"wp-page\" data-elementor-id=\"3088902\" class=\"elementor elementor-3088902\" data-elementor-post-type=\"page\">\n\t\t\t\t<div class=\"elementor-element elementor-element-21d3e90c c-box pad-t-3 pad-b-8 e-flex e-con-boxed e-con e-parent\" data-id=\"21d3e90c\" data-element_type=\"container\" data-e-type=\"container\" data-settings=\"{&quot;background_background&quot;:&quot;classic&quot;}\">\n\t\t\t\t\t<div class=\"e-con-inner\">\n\t\t\t\t<div class=\"elementor-element elementor-element-105708e2 elementor-widget elementor-widget-heading\" data-id=\"105708e2\" data-element_type=\"widget\" data-e-type=\"widget\" data-widget_type=\"heading.default\">\n\t\t\t\t\t<h4 class=\"elementor-heading-title elementor-size-default\">KIt Gratuito<\/h4>\t\t\t\t<\/div>\n\t\t\t\t<div class=\"elementor-element elementor-element-332bee12 elementor-widget elementor-widget-heading\" data-id=\"332bee12\" data-element_type=\"widget\" data-e-type=\"widget\" data-widget_type=\"heading.default\">\n\t\t\t\t\t<h1 class=\"elementor-heading-title elementor-size-default\">Kit de peti\u00e7\u00f5es previdenci\u00e1rias<\/h1>\t\t\t\t<\/div>\n\t\t\t\t\t<\/div>\n\t\t\t\t<\/div>\n\t\t<div class=\"elementor-element elementor-element-602038b6 c-box pad-b-6 e-flex e-con-boxed e-con e-parent\" data-id=\"602038b6\" data-element_type=\"container\" data-e-type=\"container\" data-settings=\"{&quot;background_background&quot;:&quot;classic&quot;}\">\n\t\t\t\t\t<div class=\"e-con-inner\">\n\t\t<div class=\"elementor-element elementor-element-53f81ab e-con-full e-flex e-con e-child\" data-id=\"53f81ab\" data-element_type=\"container\" data-e-type=\"container\">\n\t\t\t\t<div class=\"elementor-element elementor-element-f3b162f elementor-widget elementor-widget-image\" data-id=\"f3b162f\" data-element_type=\"widget\" data-e-type=\"widget\" data-widget_type=\"image.default\">\n\t\t\t\t\t\t\t\t\t\t\t\t\t\t\t<img fetchpriority=\"high\" decoding=\"async\" width=\"800\" height=\"420\" src=\"https:\/\/easyjur.com\/blog\/wp-content\/uploads\/2024\/07\/previdenciario-1.webp\" class=\"attachment-large size-large wp-image-3088908\" alt=\"previdenci\u00e1rio\" srcset=\"https:\/\/easyjur.com\/blog\/wp-content\/uploads\/2024\/07\/previdenciario-1.webp 1200w, https:\/\/easyjur.com\/blog\/wp-content\/uploads\/2024\/07\/previdenciario-1-300x158.webp 300w, https:\/\/easyjur.com\/blog\/wp-content\/uploads\/2024\/07\/previdenciario-1-768x403.webp 768w\" sizes=\"(max-width: 800px) 100vw, 800px\" \/>\t\t\t\t\t\t\t\t\t\t\t\t\t\t\t<\/div>\n\t\t\t\t<div class=\"elementor-element elementor-element-6b517be7 elementor-widget elementor-widget-heading\" data-id=\"6b517be7\" data-element_type=\"widget\" data-e-type=\"widget\" data-widget_type=\"heading.default\">\n\t\t\t\t\t<h2 class=\"elementor-heading-title elementor-size-default\">Fa\u00e7a o download gratuito do kit e tenha acesso a documentos essenciais para a advocacia previdenci\u00e1ria!<\/h2>\t\t\t\t<\/div>\n\t\t\t\t<div class=\"elementor-element elementor-element-5caf5e2b elementor-widget-divider--view-line elementor-widget elementor-widget-divider\" data-id=\"5caf5e2b\" data-element_type=\"widget\" data-e-type=\"widget\" data-widget_type=\"divider.default\">\n\t\t\t\t\t\t\t<div class=\"elementor-divider\">\n\t\t\t<span class=\"elementor-divider-separator\">\n\t\t\t\t\t\t<\/span>\n\t\t<\/div>\n\t\t\t\t\t\t<\/div>\n\t\t\t\t<div class=\"elementor-element elementor-element-37bddd06 elementor-widget elementor-widget-text-editor\" data-id=\"37bddd06\" data-element_type=\"widget\" data-e-type=\"widget\" data-widget_type=\"text-editor.default\">\n\t\t\t\t\t\t\t\t\t<p>As complexidades da \u00e1rea do direito previdenci\u00e1rio exigem que voc\u00ea entregue pe\u00e7as que tenham o m\u00ednimo de erros poss\u00edveis, e que entregue todos os detalhes necess\u00e1rios para assegurar a solidez da sua pe\u00e7a. Esse kit traz uma cole\u00e7\u00e3o de modelos minuciosamente produzidos para suprir as necessidades que essa \u00e1rea exige, e elevar a qualidade das pe\u00e7as que voc\u00ea monta para seus processos, com agilidade e efici\u00eancia.<\/p>\t\t\t\t\t\t\t\t<\/div>\n\t\t\t\t<\/div>\n\t\t<div class=\"elementor-element elementor-element-536a4c44 e-con-full e-flex e-con e-child\" data-id=\"536a4c44\" data-element_type=\"container\" data-e-type=\"container\">\n\t\t\t\t<div class=\"elementor-element elementor-element-33d1f6b elementor-widget elementor-widget-heading\" data-id=\"33d1f6b\" data-element_type=\"widget\" data-e-type=\"widget\" data-widget_type=\"heading.default\">\n\t\t\t\t\t<h4 class=\"elementor-heading-title elementor-size-default\">Preencha o formul\u00e1rio para fazer o download do kit gratuitamente<\/h4>\t\t\t\t<\/div>\n\t\t<div class=\"elementor-element elementor-element-41c8ec89 e-flex e-con-boxed e-con e-child\" data-id=\"41c8ec89\" data-element_type=\"container\" data-e-type=\"container\" data-settings=\"{&quot;background_background&quot;:&quot;classic&quot;}\">\n\t\t\t\t\t<div class=\"e-con-inner\">\n\t\t\t\t<div class=\"elementor-element elementor-element-62762278 elementor-widget elementor-widget-hubspot-form\" data-id=\"62762278\" data-element_type=\"widget\" data-e-type=\"widget\" data-widget_type=\"hubspot-form.default\">\n\t\t\t\t<div class=\"elementor-widget-container\">\n\t\t\t\t\t\n\t\t\t\t\t\t<script>\n\t\t\t\t\t\t\twindow.hsFormsOnReady = window.hsFormsOnReady || [];\n\t\t\t\t\t\t\twindow.hsFormsOnReady.push(()=>{\n\t\t\t\t\t\t\t\thbspt.forms.create({\n\t\t\t\t\t\t\t\t\tportalId: 44225969,\n\t\t\t\t\t\t\t\t\tformId: \"e8630264-dea1-45e0-b301-5bcd27fba70e\",\n\t\t\t\t\t\t\t\t\ttarget: \"#hbspt-form-1776519386000-1890857286\",\n\t\t\t\t\t\t\t\t\tregion: \"na1\",\n\t\t\t\t\t\t\t\t\t\n\t\t\t\t\t\t\t})});\n\t\t\t\t\t\t<\/script>\n\t\t\t\t\t\t<div class=\"hbspt-form\" id=\"hbspt-form-1776519386000-1890857286\"><\/div>\t\t\t\t<\/div>\n\t\t\t\t<\/div>\n\t\t\t\t\t<\/div>\n\t\t\t\t<\/div>\n\t\t\t\t<\/div>\n\t\t\t\t\t<\/div>\n\t\t\t\t<\/div>\n\t\t\t\t<\/div>\n\t\t","protected":false},"excerpt":{"rendered":"<p>KIt Gratuito Kit de peti\u00e7\u00f5es previdenci\u00e1rias Fa\u00e7a o download gratuito do kit e tenha acesso a documentos essenciais para a advocacia previdenci\u00e1ria! As complexidades da \u00e1rea do direito previdenci\u00e1rio exigem que voc\u00ea entregue pe\u00e7as que tenham o m\u00ednimo de erros poss\u00edveis, e que entregue todos os detalhes necess\u00e1rios para assegurar a solidez da sua pe\u00e7a. [&hellip;]<\/p>\n","protected":false},"author":35,"featured_media":0,"parent":0,"menu_order":0,"comment_status":"closed","ping_status":"closed","template":"","meta":{"content-type":"","footnotes":""},"class_list":["post-3088902","page","type-page","status-publish","hentry"],"_links":{"self":[{"href":"https:\/\/easyjur.com\/blog\/wp-json\/wp\/v2\/pages\/3088902","targetHints":{"allow":["GET"]}}],"collection":[{"href":"https:\/\/easyjur.com\/blog\/wp-json\/wp\/v2\/pages"}],"about":[{"href":"https:\/\/easyjur.com\/blog\/wp-json\/wp\/v2\/types\/page"}],"author":[{"embeddable":true,"href":"https:\/\/easyjur.com\/blog\/wp-json\/wp\/v2\/users\/35"}],"replies":[{"embeddable":true,"href":"https:\/\/easyjur.com\/blog\/wp-json\/wp\/v2\/comments?post=3088902"}],"version-history":[{"count":0,"href":"https:\/\/easyjur.com\/blog\/wp-json\/wp\/v2\/pages\/3088902\/revisions"}],"wp:attachment":[{"href":"https:\/\/easyjur.com\/blog\/wp-json\/wp\/v2\/media?parent=3088902"}],"curies":[{"name":"wp","href":"https:\/\/api.w.org\/{rel}","templated":true}]}}