{"id":3088831,"date":"2024-07-31T00:02:39","date_gmt":"2024-07-31T03:02:39","guid":{"rendered":"https:\/\/easyjur.com\/blog\/?page_id=3088831"},"modified":"2024-07-31T00:07:28","modified_gmt":"2024-07-31T03:07:28","slug":"kit-de-peticoes-consumidor","status":"publish","type":"page","link":"https:\/\/easyjur.com\/blog\/kit-de-peticoes-consumidor\/","title":{"rendered":"Kit de peti\u00e7\u00f5es consumidor"},"content":{"rendered":"\t\t<div data-elementor-type=\"wp-page\" data-elementor-id=\"3088831\" class=\"elementor elementor-3088831\" data-elementor-post-type=\"page\">\n\t\t\t\t<div class=\"elementor-element elementor-element-2da2aacc c-box pad-t-3 pad-b-8 e-flex e-con-boxed e-con e-parent\" data-id=\"2da2aacc\" data-element_type=\"container\" data-e-type=\"container\" data-settings=\"{&quot;background_background&quot;:&quot;classic&quot;}\">\n\t\t\t\t\t<div class=\"e-con-inner\">\n\t\t\t\t<div class=\"elementor-element elementor-element-78431dd2 elementor-widget elementor-widget-heading\" data-id=\"78431dd2\" data-element_type=\"widget\" data-e-type=\"widget\" data-widget_type=\"heading.default\">\n\t\t\t\t\t<h4 class=\"elementor-heading-title elementor-size-default\">KIt Gratuito<\/h4>\t\t\t\t<\/div>\n\t\t\t\t<div class=\"elementor-element elementor-element-477f805e elementor-widget elementor-widget-heading\" data-id=\"477f805e\" data-element_type=\"widget\" data-e-type=\"widget\" data-widget_type=\"heading.default\">\n\t\t\t\t\t<h1 class=\"elementor-heading-title elementor-size-default\">Kit de peti\u00e7\u00f5es consumidor<\/h1>\t\t\t\t<\/div>\n\t\t\t\t\t<\/div>\n\t\t\t\t<\/div>\n\t\t<div class=\"elementor-element elementor-element-2d6f1d59 c-box pad-b-6 e-flex e-con-boxed e-con e-parent\" data-id=\"2d6f1d59\" data-element_type=\"container\" data-e-type=\"container\" data-settings=\"{&quot;background_background&quot;:&quot;classic&quot;}\">\n\t\t\t\t\t<div class=\"e-con-inner\">\n\t\t<div class=\"elementor-element elementor-element-4c77adf3 e-con-full e-flex e-con e-child\" data-id=\"4c77adf3\" data-element_type=\"container\" data-e-type=\"container\">\n\t\t\t\t<div class=\"elementor-element elementor-element-73408a5f elementor-widget elementor-widget-image\" data-id=\"73408a5f\" data-element_type=\"widget\" data-e-type=\"widget\" data-widget_type=\"image.default\">\n\t\t\t\t\t\t\t\t\t\t\t\t\t\t\t<img fetchpriority=\"high\" decoding=\"async\" width=\"800\" height=\"420\" src=\"https:\/\/easyjur.com\/blog\/wp-content\/uploads\/2024\/07\/consumidor-1.webp\" class=\"attachment-large size-large wp-image-3088836\" alt=\"consumidor\" srcset=\"https:\/\/easyjur.com\/blog\/wp-content\/uploads\/2024\/07\/consumidor-1.webp 1200w, https:\/\/easyjur.com\/blog\/wp-content\/uploads\/2024\/07\/consumidor-1-300x158.webp 300w, https:\/\/easyjur.com\/blog\/wp-content\/uploads\/2024\/07\/consumidor-1-768x403.webp 768w\" sizes=\"(max-width: 800px) 100vw, 800px\" \/>\t\t\t\t\t\t\t\t\t\t\t\t\t\t\t<\/div>\n\t\t\t\t<div class=\"elementor-element elementor-element-509f2d76 elementor-widget elementor-widget-heading\" data-id=\"509f2d76\" data-element_type=\"widget\" data-e-type=\"widget\" data-widget_type=\"heading.default\">\n\t\t\t\t\t<h2 class=\"elementor-heading-title elementor-size-default\">Fa\u00e7a o download gratuito do kit e tenha acesso a documentos essenciais para a advocacia do consumidor!<\/h2>\t\t\t\t<\/div>\n\t\t\t\t<div class=\"elementor-element elementor-element-2b4b1f2f elementor-widget-divider--view-line elementor-widget elementor-widget-divider\" data-id=\"2b4b1f2f\" data-element_type=\"widget\" data-e-type=\"widget\" data-widget_type=\"divider.default\">\n\t\t\t\t\t\t\t<div class=\"elementor-divider\">\n\t\t\t<span class=\"elementor-divider-separator\">\n\t\t\t\t\t\t<\/span>\n\t\t<\/div>\n\t\t\t\t\t\t<\/div>\n\t\t\t\t<div class=\"elementor-element elementor-element-27de2de6 elementor-widget elementor-widget-text-editor\" data-id=\"27de2de6\" data-element_type=\"widget\" data-e-type=\"widget\" data-widget_type=\"text-editor.default\">\n\t\t\t\t\t\t\t\t\t<p>Voc\u00ea advogado que atua na \u00e1rea de defesa do consumidor, tem a no\u00e7\u00e3o do qu\u00e3o dif\u00edcil \u00e9 preparar peti\u00e7\u00f5es que supram as necessidades de suas a\u00e7\u00f5es de maneira eficiente. <br \/><br \/>Ent\u00e3o, buscando te ajudar a adequar essa produ\u00e7\u00e3o ao que \u00e9 necess\u00e1rio para atender essa primeira etapa, s\u00e3o 15 modelos de peti\u00e7\u00f5es prontos, que facilitar\u00e3o a sua produ\u00e7\u00e3o e garantir\u00e3o um salto na qualidade e excel\u00eancia das peti\u00e7\u00f5es que voc\u00ea produz.<\/p>\t\t\t\t\t\t\t\t<\/div>\n\t\t\t\t<\/div>\n\t\t<div class=\"elementor-element elementor-element-38294712 e-con-full e-flex e-con e-child\" data-id=\"38294712\" data-element_type=\"container\" data-e-type=\"container\">\n\t\t\t\t<div class=\"elementor-element elementor-element-4c9c6963 elementor-widget elementor-widget-heading\" data-id=\"4c9c6963\" data-element_type=\"widget\" data-e-type=\"widget\" data-widget_type=\"heading.default\">\n\t\t\t\t\t<h4 class=\"elementor-heading-title elementor-size-default\">Preencha o formul\u00e1rio para fazer o download do kit gratuitamente<\/h4>\t\t\t\t<\/div>\n\t\t<div class=\"elementor-element elementor-element-3f95a63b e-flex e-con-boxed e-con e-child\" data-id=\"3f95a63b\" data-element_type=\"container\" data-e-type=\"container\" data-settings=\"{&quot;background_background&quot;:&quot;classic&quot;}\">\n\t\t\t\t\t<div class=\"e-con-inner\">\n\t\t\t\t<div class=\"elementor-element elementor-element-5933ed39 elementor-widget elementor-widget-hubspot-form\" data-id=\"5933ed39\" data-element_type=\"widget\" data-e-type=\"widget\" data-widget_type=\"hubspot-form.default\">\n\t\t\t\t<div class=\"elementor-widget-container\">\n\t\t\t\t\t\n\t\t\t\t\t\t<script>\n\t\t\t\t\t\t\twindow.hsFormsOnReady = window.hsFormsOnReady || [];\n\t\t\t\t\t\t\twindow.hsFormsOnReady.push(()=>{\n\t\t\t\t\t\t\t\thbspt.forms.create({\n\t\t\t\t\t\t\t\t\tportalId: 44225969,\n\t\t\t\t\t\t\t\t\tformId: \"284941fe-c80c-4d45-957b-aaa6889cbe95\",\n\t\t\t\t\t\t\t\t\ttarget: \"#hbspt-form-1776296105000-2081419353\",\n\t\t\t\t\t\t\t\t\tregion: \"na1\",\n\t\t\t\t\t\t\t\t\t\n\t\t\t\t\t\t\t})});\n\t\t\t\t\t\t<\/script>\n\t\t\t\t\t\t<div class=\"hbspt-form\" id=\"hbspt-form-1776296105000-2081419353\"><\/div>\t\t\t\t<\/div>\n\t\t\t\t<\/div>\n\t\t\t\t\t<\/div>\n\t\t\t\t<\/div>\n\t\t\t\t<\/div>\n\t\t\t\t\t<\/div>\n\t\t\t\t<\/div>\n\t\t\t\t<\/div>\n\t\t","protected":false},"excerpt":{"rendered":"<p>KIt Gratuito Kit de peti\u00e7\u00f5es consumidor Fa\u00e7a o download gratuito do kit e tenha acesso a documentos essenciais para a advocacia do consumidor! Voc\u00ea advogado que atua na \u00e1rea de defesa do consumidor, tem a no\u00e7\u00e3o do qu\u00e3o dif\u00edcil \u00e9 preparar peti\u00e7\u00f5es que supram as necessidades de suas a\u00e7\u00f5es de maneira eficiente. Ent\u00e3o, buscando te [&hellip;]<\/p>\n","protected":false},"author":35,"featured_media":0,"parent":0,"menu_order":0,"comment_status":"closed","ping_status":"closed","template":"","meta":{"content-type":"","footnotes":""},"class_list":["post-3088831","page","type-page","status-publish","hentry"],"_links":{"self":[{"href":"https:\/\/easyjur.com\/blog\/wp-json\/wp\/v2\/pages\/3088831","targetHints":{"allow":["GET"]}}],"collection":[{"href":"https:\/\/easyjur.com\/blog\/wp-json\/wp\/v2\/pages"}],"about":[{"href":"https:\/\/easyjur.com\/blog\/wp-json\/wp\/v2\/types\/page"}],"author":[{"embeddable":true,"href":"https:\/\/easyjur.com\/blog\/wp-json\/wp\/v2\/users\/35"}],"replies":[{"embeddable":true,"href":"https:\/\/easyjur.com\/blog\/wp-json\/wp\/v2\/comments?post=3088831"}],"version-history":[{"count":0,"href":"https:\/\/easyjur.com\/blog\/wp-json\/wp\/v2\/pages\/3088831\/revisions"}],"wp:attachment":[{"href":"https:\/\/easyjur.com\/blog\/wp-json\/wp\/v2\/media?parent=3088831"}],"curies":[{"name":"wp","href":"https:\/\/api.w.org\/{rel}","templated":true}]}}