{"id":3088821,"date":"2024-07-30T23:52:41","date_gmt":"2024-07-31T02:52:41","guid":{"rendered":"https:\/\/easyjur.com\/blog\/?page_id=3088821"},"modified":"2024-07-30T23:56:25","modified_gmt":"2024-07-31T02:56:25","slug":"kit-de-peticoes-constitucional","status":"publish","type":"page","link":"https:\/\/easyjur.com\/blog\/kit-de-peticoes-constitucional\/","title":{"rendered":"Kit de peti\u00e7\u00f5es constitucional"},"content":{"rendered":"\t\t<div data-elementor-type=\"wp-page\" data-elementor-id=\"3088821\" class=\"elementor elementor-3088821\" data-elementor-post-type=\"page\">\n\t\t\t\t<div class=\"elementor-element elementor-element-1f616a49 c-box pad-t-3 pad-b-8 e-flex e-con-boxed e-con e-parent\" data-id=\"1f616a49\" data-element_type=\"container\" data-e-type=\"container\" data-settings=\"{&quot;background_background&quot;:&quot;classic&quot;}\">\n\t\t\t\t\t<div class=\"e-con-inner\">\n\t\t\t\t<div class=\"elementor-element elementor-element-79e863da elementor-widget elementor-widget-heading\" data-id=\"79e863da\" data-element_type=\"widget\" data-e-type=\"widget\" data-widget_type=\"heading.default\">\n\t\t\t\t\t<h4 class=\"elementor-heading-title elementor-size-default\">KIt Gratuito<\/h4>\t\t\t\t<\/div>\n\t\t\t\t<div class=\"elementor-element elementor-element-6aa05045 elementor-widget elementor-widget-heading\" data-id=\"6aa05045\" data-element_type=\"widget\" data-e-type=\"widget\" data-widget_type=\"heading.default\">\n\t\t\t\t\t<h1 class=\"elementor-heading-title elementor-size-default\">Kit de peti\u00e7\u00f5es constitucional<\/h1>\t\t\t\t<\/div>\n\t\t\t\t\t<\/div>\n\t\t\t\t<\/div>\n\t\t<div class=\"elementor-element elementor-element-530969f0 c-box pad-b-6 e-flex e-con-boxed e-con e-parent\" data-id=\"530969f0\" data-element_type=\"container\" data-e-type=\"container\" data-settings=\"{&quot;background_background&quot;:&quot;classic&quot;}\">\n\t\t\t\t\t<div class=\"e-con-inner\">\n\t\t<div class=\"elementor-element elementor-element-225db6e2 e-con-full e-flex e-con e-child\" data-id=\"225db6e2\" data-element_type=\"container\" data-e-type=\"container\">\n\t\t\t\t<div class=\"elementor-element elementor-element-f471355 elementor-widget elementor-widget-image\" data-id=\"f471355\" data-element_type=\"widget\" data-e-type=\"widget\" data-widget_type=\"image.default\">\n\t\t\t\t\t\t\t\t\t\t\t\t\t\t\t<img fetchpriority=\"high\" decoding=\"async\" width=\"800\" height=\"420\" src=\"https:\/\/easyjur.com\/blog\/wp-content\/uploads\/2024\/07\/constitucional-1.webp\" class=\"attachment-large size-large wp-image-3088826\" alt=\"constitucional\" srcset=\"https:\/\/easyjur.com\/blog\/wp-content\/uploads\/2024\/07\/constitucional-1.webp 1200w, https:\/\/easyjur.com\/blog\/wp-content\/uploads\/2024\/07\/constitucional-1-300x158.webp 300w, https:\/\/easyjur.com\/blog\/wp-content\/uploads\/2024\/07\/constitucional-1-768x403.webp 768w\" sizes=\"(max-width: 800px) 100vw, 800px\" \/>\t\t\t\t\t\t\t\t\t\t\t\t\t\t\t<\/div>\n\t\t\t\t<div class=\"elementor-element elementor-element-3132b9d4 elementor-widget elementor-widget-heading\" data-id=\"3132b9d4\" data-element_type=\"widget\" data-e-type=\"widget\" data-widget_type=\"heading.default\">\n\t\t\t\t\t<h2 class=\"elementor-heading-title elementor-size-default\">Fa\u00e7a o download gratuito do kit e tenha acesso a documentos essenciais para a advocacia constitucional!<\/h2>\t\t\t\t<\/div>\n\t\t\t\t<div class=\"elementor-element elementor-element-42c82fd elementor-widget-divider--view-line elementor-widget elementor-widget-divider\" data-id=\"42c82fd\" data-element_type=\"widget\" data-e-type=\"widget\" data-widget_type=\"divider.default\">\n\t\t\t\t\t\t\t<div class=\"elementor-divider\">\n\t\t\t<span class=\"elementor-divider-separator\">\n\t\t\t\t\t\t<\/span>\n\t\t<\/div>\n\t\t\t\t\t\t<\/div>\n\t\t\t\t<div class=\"elementor-element elementor-element-38bde106 elementor-widget elementor-widget-text-editor\" data-id=\"38bde106\" data-element_type=\"widget\" data-e-type=\"widget\" data-widget_type=\"text-editor.default\">\n\t\t\t\t\t\t\t\t\t<p>O direito constitucional \u00e9 um pilar vital para a manuten\u00e7\u00e3o e prote\u00e7\u00e3o dos direitos fundamentais que possu\u00edmos. Por\u00e9m, \u00e9 uma \u00e1rea complexa de se atuar, e as a\u00e7\u00f5es dessa ramifica\u00e7\u00e3o trabalham com um alto n\u00edvel de precis\u00e3o e detalhes em suas peti\u00e7\u00f5es. <br \/><br \/>Para ajudar voc\u00ea advogado constitucionalista a produzir um maior n\u00famero de peti\u00e7\u00f5es, mantendo um alto n\u00edvel de qualidade em casa pe\u00e7a, montamos nosso Kit Essencial para A\u00e7\u00f5es Constitucionais.<\/p>\t\t\t\t\t\t\t\t<\/div>\n\t\t\t\t<\/div>\n\t\t<div class=\"elementor-element elementor-element-6bb9ee6b e-con-full e-flex e-con e-child\" data-id=\"6bb9ee6b\" data-element_type=\"container\" data-e-type=\"container\">\n\t\t\t\t<div class=\"elementor-element elementor-element-3aa0f59c elementor-widget elementor-widget-heading\" data-id=\"3aa0f59c\" data-element_type=\"widget\" data-e-type=\"widget\" data-widget_type=\"heading.default\">\n\t\t\t\t\t<h4 class=\"elementor-heading-title elementor-size-default\">Preencha o formul\u00e1rio para fazer o download do kit gratuitamente<\/h4>\t\t\t\t<\/div>\n\t\t<div class=\"elementor-element elementor-element-7a6450f3 e-flex e-con-boxed e-con e-child\" data-id=\"7a6450f3\" data-element_type=\"container\" data-e-type=\"container\" data-settings=\"{&quot;background_background&quot;:&quot;classic&quot;}\">\n\t\t\t\t\t<div class=\"e-con-inner\">\n\t\t\t\t<div class=\"elementor-element elementor-element-2ddd268a elementor-widget elementor-widget-hubspot-form\" data-id=\"2ddd268a\" data-element_type=\"widget\" data-e-type=\"widget\" data-widget_type=\"hubspot-form.default\">\n\t\t\t\t<div class=\"elementor-widget-container\">\n\t\t\t\t\t\n\t\t\t\t\t\t<script>\n\t\t\t\t\t\t\twindow.hsFormsOnReady = window.hsFormsOnReady || [];\n\t\t\t\t\t\t\twindow.hsFormsOnReady.push(()=>{\n\t\t\t\t\t\t\t\thbspt.forms.create({\n\t\t\t\t\t\t\t\t\tportalId: 44225969,\n\t\t\t\t\t\t\t\t\tformId: \"16a46a8e-27b1-42e4-bee1-61059a559603\",\n\t\t\t\t\t\t\t\t\ttarget: \"#hbspt-form-1776489746000-5486359510\",\n\t\t\t\t\t\t\t\t\tregion: \"na1\",\n\t\t\t\t\t\t\t\t\t\n\t\t\t\t\t\t\t})});\n\t\t\t\t\t\t<\/script>\n\t\t\t\t\t\t<div class=\"hbspt-form\" id=\"hbspt-form-1776489746000-5486359510\"><\/div>\t\t\t\t<\/div>\n\t\t\t\t<\/div>\n\t\t\t\t\t<\/div>\n\t\t\t\t<\/div>\n\t\t\t\t<\/div>\n\t\t\t\t\t<\/div>\n\t\t\t\t<\/div>\n\t\t\t\t<\/div>\n\t\t","protected":false},"excerpt":{"rendered":"<p>KIt Gratuito Kit de peti\u00e7\u00f5es constitucional Fa\u00e7a o download gratuito do kit e tenha acesso a documentos essenciais para a advocacia constitucional! O direito constitucional \u00e9 um pilar vital para a manuten\u00e7\u00e3o e prote\u00e7\u00e3o dos direitos fundamentais que possu\u00edmos. Por\u00e9m, \u00e9 uma \u00e1rea complexa de se atuar, e as a\u00e7\u00f5es dessa ramifica\u00e7\u00e3o trabalham com um [&hellip;]<\/p>\n","protected":false},"author":35,"featured_media":0,"parent":0,"menu_order":0,"comment_status":"closed","ping_status":"closed","template":"","meta":{"content-type":"","footnotes":""},"class_list":["post-3088821","page","type-page","status-publish","hentry"],"_links":{"self":[{"href":"https:\/\/easyjur.com\/blog\/wp-json\/wp\/v2\/pages\/3088821","targetHints":{"allow":["GET"]}}],"collection":[{"href":"https:\/\/easyjur.com\/blog\/wp-json\/wp\/v2\/pages"}],"about":[{"href":"https:\/\/easyjur.com\/blog\/wp-json\/wp\/v2\/types\/page"}],"author":[{"embeddable":true,"href":"https:\/\/easyjur.com\/blog\/wp-json\/wp\/v2\/users\/35"}],"replies":[{"embeddable":true,"href":"https:\/\/easyjur.com\/blog\/wp-json\/wp\/v2\/comments?post=3088821"}],"version-history":[{"count":0,"href":"https:\/\/easyjur.com\/blog\/wp-json\/wp\/v2\/pages\/3088821\/revisions"}],"wp:attachment":[{"href":"https:\/\/easyjur.com\/blog\/wp-json\/wp\/v2\/media?parent=3088821"}],"curies":[{"name":"wp","href":"https:\/\/api.w.org\/{rel}","templated":true}]}}