{"id":2989788,"date":"2024-04-29T14:04:03","date_gmt":"2024-04-29T17:04:03","guid":{"rendered":"https:\/\/easyjur.com\/blog\/?page_id=2989788"},"modified":"2026-01-29T09:08:12","modified_gmt":"2026-01-29T12:08:12","slug":"obrigado-modelo-de-peticao-teste-gratis","status":"publish","type":"page","link":"https:\/\/easyjur.com\/blog\/obrigado-modelo-de-peticao-teste-gratis\/","title":{"rendered":"Obrigado Modelo de Peti\u00e7\u00e3o Teste Gr\u00e1tis"},"content":{"rendered":"\t\t<div data-elementor-type=\"wp-page\" data-elementor-id=\"2989788\" class=\"elementor elementor-2989788\" data-elementor-post-type=\"page\">\n\t\t\t\t<div class=\"elementor-element elementor-element-34937d0 e-flex e-con-boxed e-con e-parent\" data-id=\"34937d0\" data-element_type=\"container\" data-e-type=\"container\" data-settings=\"{&quot;background_background&quot;:&quot;video&quot;,&quot;background_video_link&quot;:&quot;https:\\\/\\\/www.youtube.com\\\/watch?v=na80LQCX1KU&quot;}\">\n\t\t\t\t\t<div class=\"e-con-inner\">\n\t\t<div class=\"elementor-background-video-container elementor-hidden-mobile\">\n\t\t\t\t\t\t\t<div class=\"elementor-background-video-embed\" role=\"presentation\"><\/div>\n\t\t\t\t\t\t<\/div>\t\t<div class=\"elementor-element elementor-element-4bc7577 elementor-widget elementor-widget-image\" data-id=\"4bc7577\" data-element_type=\"widget\" data-e-type=\"widget\" data-widget_type=\"image.default\">\n\t\t\t\t\t\t\t\t\t\t\t\t\t\t\t<img fetchpriority=\"high\" decoding=\"async\" width=\"500\" height=\"183\" src=\"https:\/\/easyjur.com\/blog\/wp-content\/uploads\/2025\/08\/easyjur-legal-ops.png\" class=\"attachment-large size-large wp-image-3098427\" alt=\"\" srcset=\"https:\/\/easyjur.com\/blog\/wp-content\/uploads\/2025\/08\/easyjur-legal-ops.png 500w, https:\/\/easyjur.com\/blog\/wp-content\/uploads\/2025\/08\/easyjur-legal-ops-300x110.png 300w\" sizes=\"(max-width: 500px) 100vw, 500px\" \/>\t\t\t\t\t\t\t\t\t\t\t\t\t\t\t<\/div>\n\t\t\t\t<div class=\"elementor-element elementor-element-8997114 elementor-widget elementor-widget-heading\" data-id=\"8997114\" data-element_type=\"widget\" data-e-type=\"widget\" data-widget_type=\"heading.default\">\n\t\t\t\t\t<h1 class=\"elementor-heading-title elementor-size-default\">Transforme este modelo de peti\u00e7\u00e3o em lucro!<\/h1>\t\t\t\t<\/div>\n\t\t\t\t<div class=\"elementor-element elementor-element-c7bd958 elementor-widget elementor-widget-text-editor\" data-id=\"c7bd958\" data-element_type=\"widget\" data-e-type=\"widget\" data-widget_type=\"text-editor.default\">\n\t\t\t\t\t\t\t\t\t<p>Voc\u00ea baixou um modelo de peti\u00e7\u00e3o, sabia que pode ganhar dinheiro ajudando outros escrit\u00f3rios como correspondente? \u00c9 simples, r\u00e1pido e pode aumentar seu faturamento ainda este m\u00eas!<\/p>\t\t\t\t\t\t\t\t<\/div>\n\t\t\t\t<div class=\"elementor-element elementor-element-4dfc504 elementor-invisible elementor-widget elementor-widget-button\" data-id=\"4dfc504\" data-element_type=\"widget\" data-e-type=\"widget\" data-settings=\"{&quot;_animation&quot;:&quot;fadeInUp&quot;,&quot;_animation_delay&quot;:500}\" data-widget_type=\"button.default\">\n\t\t\t\t\t\t\t\t\t\t<a class=\"elementor-button elementor-button-link elementor-size-sm\" href=\"https:\/\/easyjur.com\/legal-operations-correspondentes\/?utm_source=blog&#038;utm_medium=blog&#038;utm_campaign=correspondente&#038;utm_content=tks_page_baixou_peticao\">\n\t\t\t\t\t\t<span class=\"elementor-button-content-wrapper\">\n\t\t\t\t\t\t\t\t\t<span class=\"elementor-button-text\">Quero come\u00e7ar a ganhar agora! <\/span>\n\t\t\t\t\t<\/span>\n\t\t\t\t\t<\/a>\n\t\t\t\t\t\t\t\t<\/div>\n\t\t\t\t\t<\/div>\n\t\t\t\t<\/div>\n\t\t\t\t<\/div>\n\t\t","protected":false},"excerpt":{"rendered":"<p>Transforme este modelo de peti\u00e7\u00e3o em lucro! Voc\u00ea baixou um modelo de peti\u00e7\u00e3o, sabia que pode ganhar dinheiro ajudando outros escrit\u00f3rios como correspondente? \u00c9 simples, r\u00e1pido e pode aumentar seu faturamento ainda este m\u00eas! Quero come\u00e7ar a ganhar agora!<\/p>\n","protected":false},"author":23,"featured_media":0,"parent":0,"menu_order":0,"comment_status":"closed","ping_status":"closed","template":"elementor_canvas","meta":{"content-type":"","footnotes":""},"class_list":["post-2989788","page","type-page","status-publish","hentry"],"_links":{"self":[{"href":"https:\/\/easyjur.com\/blog\/wp-json\/wp\/v2\/pages\/2989788","targetHints":{"allow":["GET"]}}],"collection":[{"href":"https:\/\/easyjur.com\/blog\/wp-json\/wp\/v2\/pages"}],"about":[{"href":"https:\/\/easyjur.com\/blog\/wp-json\/wp\/v2\/types\/page"}],"author":[{"embeddable":true,"href":"https:\/\/easyjur.com\/blog\/wp-json\/wp\/v2\/users\/23"}],"replies":[{"embeddable":true,"href":"https:\/\/easyjur.com\/blog\/wp-json\/wp\/v2\/comments?post=2989788"}],"version-history":[{"count":0,"href":"https:\/\/easyjur.com\/blog\/wp-json\/wp\/v2\/pages\/2989788\/revisions"}],"wp:attachment":[{"href":"https:\/\/easyjur.com\/blog\/wp-json\/wp\/v2\/media?parent=2989788"}],"curies":[{"name":"wp","href":"https:\/\/api.w.org\/{rel}","templated":true}]}}