{"id":9355,"date":"2023-07-13T20:15:39","date_gmt":"2023-07-13T20:15:39","guid":{"rendered":"https:\/\/easyjur.com\/blog\/?post_type=modelos-de-peticao&#038;p=3650"},"modified":"2023-07-13T20:15:39","modified_gmt":"2023-07-13T20:15:39","slug":"replica-clausula-abusiva-de-exclusao-de-cobertura-em-contrato-de-plano-de-saude","status":"publish","type":"modelos-de-peticao","link":"https:\/\/easyjur.com\/blog\/modelos-de-peticao\/replica-clausula-abusiva-de-exclusao-de-cobertura-em-contrato-de-plano-de-saude\/","title":{"rendered":"[MODELO] R\u00e9plica  &#8211;  Cl\u00e1usula abusiva de exclus\u00e3o de cobertura em contrato de plano de sa\u00fade"},"content":{"rendered":"<p>EXMO. SR. DR. JUIZ DE DIREITO DA 41\u00aa VARA C\u00cdVEL DA COMARCA DA CAPITAL.<\/p>\n<p>Proc. n\u00ba 2000.001.00007780-5<\/p>\n<p>Escrev.: Ana Paula\/Lucia<\/p>\n<p>\t\t\t, j\u00e1 qualificada nos autos da <strong>A\u00c7\u00c3O DE OBRIGA\u00c7\u00c3O DE FAZER<\/strong> que move em face de <strong>UNIMED  COOPERATIVA DE TRABALHO MEDICO DO RIO DE JANEIRO S\/A,<\/strong> vem, pela advogado teresina-PI infra-assinada, em atendimento ao r. despacho de fls. 124, em R\u00c9PLICA, expor e requerer a V. Exa. :<\/p>\n<p>\t\t\tN\u00e3o s\u00e3o verdadeiros os fatos alegados pela primeira r\u00e9 em sua pe\u00e7a dita contestat\u00f3ria, que n\u00e3o tem o cond\u00e3o de elidir a pretens\u00e3o autoral.<\/p>\n<p>\t\t\tQuanto a preliminar alegada, referente a ilegitimidade passiva, a mesma carece de fundamento legal, considerando que, por raz\u00f5es \u00f3bvias, sendo o autor benefici\u00e1rio do plano de sa\u00fade r\u00e9u, ou seja, sendo este quem recebe o valor do pagamento mensal feito pelo autor, \u00e9 o mesmo  parte leg\u00edtima para figurar no polo passivo, tratando-se a absurda quest\u00e3o de ter ou n\u00e3o ocorrido um acidente de trabalho, que segundo o r\u00e9u , por meio de uma CL\u00c1USULA NULA E ABUSIVA, estaria exclu\u00eddo da cobertura do plano, de MAT\u00c9RIA DE M\u00c9RITO.<\/p>\n<p>\t\t\tTrata-se de contrato de ades\u00e3o, onde a parte que o adere sempre sofre as imposi\u00e7\u00f5es de cl\u00e1usulas abusivas do contratante, notoriamente nos casos dos planos de sa\u00fade, onde o Estado inclusive teve que intervir em favor dos segurados, constantemente lesados. <\/p>\n<p>\t\t\tDe mais a mais, \u00e9 entendimento jurisprudencial:<\/p>\n<p><strong><em>\u201cPLANO DE SA\u00daDE &#8211; CONTRATO DE ADES\u00c3O &#8211; INEFIC\u00c1CIA DE CL\u00c1USULA LIMITATIVA DE RISCOS &#8211; N\u00e3o \u00e9 nula a cl\u00e1usula limitativa de riscos. Em se tratando, todavia,  de contrato de ades\u00e3o, a cl\u00e1usula que implique limita\u00e7\u00e3o a direito do consumidor tem que ser redigida com destaque e com possibilidade de f\u00e1cil e imediata compreens\u00e3o. Circunst\u00e2ncia n\u00e3o ocorrente na hip\u00f3tese, sendo caso de inefic\u00e1cia da cl\u00e1usula, mas n\u00e3o de nulidade.\u201d (TJ_RJ _ Ac. Un\u00e2n. da 5<sup>a<\/sup> C\u00e2m. Civ., reg. Em 21.08.0007 &#8211; Ap. 2.361\/0007 &#8211; Rel Des. Marcus Faver)<\/em><\/strong><\/p>\n<p>\t\t\tDeste modo , a alegada ilegitimidade passiva, simplesmente por entender que seria o caso de acidente de trabalho, na realidade trata-se de M\u00c9RITO, uma vez que restara comprovado que n\u00e3o s\u00f3 n\u00e3o houve acidente de trabalho, como ainda que tivesse havido, a exclus\u00e3o de atendimento sob este argumento, ou seja, a cl\u00e1usula que exclui a cobertura nestes casos, \u00c9 ABUSIVA E INEFICAZ, conforme restar\u00e1 comprovado.<\/p>\n<h1>NO M\u00c9RITO<\/h1>\n<p>\t\t\tTenta em v\u00e3o, a  r\u00e9, convencer o ilustre Magistrado de que o princ\u00edpio do \u201cpacta sunt servanda\u201d, em um contrato de ades\u00e3o, estaria acima dos demais princ\u00edpios que norteiam nosso sistema e , principalmente, dos princ\u00edpios que regem as rela\u00e7\u00f5es de consumo, tais como o da equidade e da boa-f\u00e9.<\/p>\n<p>\t\t\tRelembrando o conhecido preceito: &quot;O contrato faz lei entre as partes&quot; e que foi alegada pela parte r\u00e9 sob a \u00f3tica do \u201c<strong><em>pacta sunt servanda\u201d,<\/em><\/strong>  \u00e9 mister ressaltar que: caso uma lei seja contr\u00e1ria \u00e0 Constitui\u00e7\u00e3o Brasileira, poder-se-\u00e1 provocar o Poder Judici\u00e1rio, para que este declare a desconformidade, liberando assim, conforme o caso, as partes, ou a sociedade, do cumprimento de lei contr\u00e1ria a Constitui\u00e7\u00e3o Federal. Sendo o contrato &quot;lei entre as partes&quot;, pode este ser revisado, e ver declaradas nulas aquelas cl\u00e1usulas que estejam eivadas de v\u00edcio. Pode o judici\u00e1rio interferir nas rela\u00e7\u00f5es as quais firam as normas de Constitui\u00e7\u00e3o do estado e demais normas pertinentes. <\/p>\n<p>\t\t\tO fato \u00e9 que al\u00e9m de N\u00c3O TER OCORRIDO ACIDENTE DE TRABALHO, pois o autor foi atropelado \u00e0s 7:00 (sete) horas da manh\u00e3 de uma quinta-feira , n\u00e3o tendo a firma r\u00e9  sequer como saber para onde se dirigia, pois nem H\u00c1 NOS AUTOS O HOR\u00c1RIO DE TRABALHO DO AUTOR.<\/p>\n<p>\t\t\tAinda que supostamente estivesse o autor a caminho do seu trabalho, o que n\u00e3o h\u00e1 provas, o fato \u00e9 que a cl\u00e1usula que exclui a cobertura na hip\u00f3tese de acidente de trabalho, \u00c9 ABUSIVA E INV\u00c1LIDA, da\u00ed porque, n\u00e3o pode a r\u00e9 querer se escusar de cobrir o tratamento do autor, que paga um plano particular e n\u00e3o pode ser obrigado a utilizar o INSS .<\/p>\n<p>\t\t\tAs cl\u00e1usula mencionada fere o equil\u00edbrio contratual das partes, sendo flagrantemente abusiva, n\u00e3o havendo que se ater a discuss\u00e3o de um direito patrimonial, em fun\u00e7\u00e3o da tutela jurisdicional a sa\u00fade e a vida.<\/p>\n<p>\t\t\tPelo exposto requer a V. Exa. o prosseguimento do feito, com a designa\u00e7\u00e3o de Audi\u00eancia de Concilia\u00e7\u00e3o e ao final,  a proced\u00eancia do pedido, considerando que deve ser preservado o interesse do benefici\u00e1rio e consumidor, protestando provar o alegado por todos os meios de prova admitidos em direito.<\/p>\n<p>\t\t\t\tTermos em que, espera deferimento.<\/p>\n<p>\t\t\t\tRio de Janeiro, 0000 de janeiro de 2012.<\/p>\n","protected":false},"featured_media":0,"parent":0,"menu_order":0,"template":"","meta":{"content-type":""},"categoria-modelo":[489],"class_list":["post-9355","modelos-de-peticao","type-modelos-de-peticao","status-publish","hentry","categoria-modelo--plano-de-saude"],"_links":{"self":[{"href":"https:\/\/easyjur.com\/blog\/wp-json\/wp\/v2\/modelos-de-peticao\/9355","targetHints":{"allow":["GET"]}}],"collection":[{"href":"https:\/\/easyjur.com\/blog\/wp-json\/wp\/v2\/modelos-de-peticao"}],"about":[{"href":"https:\/\/easyjur.com\/blog\/wp-json\/wp\/v2\/types\/modelos-de-peticao"}],"wp:attachment":[{"href":"https:\/\/easyjur.com\/blog\/wp-json\/wp\/v2\/media?parent=9355"}],"wp:term":[{"taxonomy":"categoria-modelo","embeddable":true,"href":"https:\/\/easyjur.com\/blog\/wp-json\/wp\/v2\/categoria-modelo?post=9355"}],"curies":[{"name":"wp","href":"https:\/\/api.w.org\/{rel}","templated":true}]}}

[MODELO] Réplica  &#8211;  Cláusula abusiva de exclusão de cobertura em contrato de plano de saúde

<p>EXMO. SR. DR. JUIZ DE DIREITO DA 41ª VARA CÍVEL DA COMARCA DA CAPITAL.</p>
<p>Proc. nº 2000.001.00007780-5</p>
<p>Escrev.: Ana Paula/Lucia</p>
<p>			, já qualificada nos autos da <strong>AÇÃO DE OBRIGAÇÃO DE FAZER</strong> que move em face de <strong>UNIMED  COOPERATIVA DE TRABALHO MEDICO DO RIO DE JANEIRO S/A,</strong> vem, pela advogado teresina-PI infra-assinada, em atendimento ao r. despacho de fls. 124, em RÉPLICA, expor e requerer a V. Exa. :</p>
<p>			Não são verdadeiros os fatos alegados pela primeira ré em sua peça dita contestatória, que não tem o condão de elidir a pretensão autoral.</p>
<p>			Quanto a preliminar alegada, referente a ilegitimidade passiva, a mesma carece de fundamento legal, considerando que, por razões óbvias, sendo o autor beneficiário do plano de saúde réu, ou seja, sendo este quem recebe o valor do pagamento mensal feito pelo autor, é o mesmo  parte legítima para figurar no polo passivo, tratando-se a absurda questão de ter ou não ocorrido um acidente de trabalho, que segundo o réu , por meio de uma CLÁUSULA NULA E ABUSIVA, estaria excluído da cobertura do plano, de MATÉRIA DE MÉRITO.</p>
<p>			Trata-se de contrato de adesão, onde a parte que o adere sempre sofre as imposições de cláusulas abusivas do contratante, notoriamente nos casos dos planos de saúde, onde o Estado inclusive teve que intervir em favor dos segurados, constantemente lesados. </p>
<p>			De mais a mais, é entendimento jurisprudencial:</p>
<p><strong><em>“PLANO DE SAÚDE &#8211; CONTRATO DE ADESÃO &#8211; INEFICÁCIA DE CLÁUSULA LIMITATIVA DE RISCOS &#8211; Não é nula a cláusula limitativa de riscos. Em se tratando, todavia,  de contrato de adesão, a cláusula que implique limitação a direito do consumidor tem que ser redigida com destaque e com possibilidade de fácil e imediata compreensão. Circunstância não ocorrente na hipótese, sendo caso de ineficácia da cláusula, mas não de nulidade.” (TJ_RJ _ Ac. Unân. da 5<sup>a</sup> Câm. Civ., reg. Em 21.08.0007 &#8211; Ap. 2.361/0007 &#8211; Rel Des. Marcus Faver)</em></strong></p>
<p>			Deste modo , a alegada ilegitimidade passiva, simplesmente por entender que seria o caso de acidente de trabalho, na realidade trata-se de MÉRITO, uma vez que restara comprovado que não só não houve acidente de trabalho, como ainda que tivesse havido, a exclusão de atendimento sob este argumento, ou seja, a cláusula que exclui a cobertura nestes casos, É ABUSIVA E INEFICAZ, conforme restará comprovado.</p>
<h1>NO MÉRITO</h1>
<p>			Tenta em vão, a  ré, convencer o ilustre Magistrado de que o princípio do “pacta sunt servanda”, em um contrato de adesão, estaria acima dos demais princípios que norteiam nosso sistema e , principalmente, dos princípios que regem as relações de consumo, tais como o da equidade e da boa-fé.</p>
<p>			Relembrando o conhecido preceito: &quot;O contrato faz lei entre as partes&quot; e que foi alegada pela parte ré sob a ótica do “<strong><em>pacta sunt servanda”,</em></strong>  é mister ressaltar que: caso uma lei seja contrária à Constituição Brasileira, poder-se-á provocar o Poder Judiciário, para que este declare a desconformidade, liberando assim, conforme o caso, as partes, ou a sociedade, do cumprimento de lei contrária a Constituição Federal. Sendo o contrato &quot;lei entre as partes&quot;, pode este ser revisado, e ver declaradas nulas aquelas cláusulas que estejam eivadas de vício. Pode o judiciário interferir nas relações as quais firam as normas de Constituição do estado e demais normas pertinentes. </p>
<p>			O fato é que além de NÃO TER OCORRIDO ACIDENTE DE TRABALHO, pois o autor foi atropelado às 7:00 (sete) horas da manhã de uma quinta-feira , não tendo a firma ré  sequer como saber para onde se dirigia, pois nem HÁ NOS AUTOS O HORÁRIO DE TRABALHO DO AUTOR.</p>
<p>			Ainda que supostamente estivesse o autor a caminho do seu trabalho, o que não há provas, o fato é que a cláusula que exclui a cobertura na hipótese de acidente de trabalho, É ABUSIVA E INVÁLIDA, daí porque, não pode a ré querer se escusar de cobrir o tratamento do autor, que paga um plano particular e não pode ser obrigado a utilizar o INSS .</p>
<p>			As cláusula mencionada fere o equilíbrio contratual das partes, sendo flagrantemente abusiva, não havendo que se ater a discussão de um direito patrimonial, em função da tutela jurisdicional a saúde e a vida.</p>
<p>			Pelo exposto requer a V. Exa. o prosseguimento do feito, com a designação de Audiência de Conciliação e ao final,  a procedência do pedido, considerando que deve ser preservado o interesse do beneficiário e consumidor, protestando provar o alegado por todos os meios de prova admitidos em direito.</p>
<p>				Termos em que, espera deferimento.</p>
<p>				Rio de Janeiro, 0000 de janeiro de 2012.</p>
