{"id":9222,"date":"2023-07-13T20:12:08","date_gmt":"2023-07-13T20:12:08","guid":{"rendered":"https:\/\/easyjur.com\/blog\/?post_type=modelos-de-peticao&#038;p=3650"},"modified":"2023-07-13T20:12:08","modified_gmt":"2023-07-13T20:12:08","slug":"interdicao-de-matadouro-municipal-por-riscos-ao-meio-ambiente-e-a-saude-publica","status":"publish","type":"modelos-de-peticao","link":"https:\/\/easyjur.com\/blog\/modelos-de-peticao\/interdicao-de-matadouro-municipal-por-riscos-ao-meio-ambiente-e-a-saude-publica\/","title":{"rendered":"[MODELO] Interdi\u00e7\u00e3o de matadouro municipal por riscos ao meio ambiente e \u00e0 sa\u00fade p\u00fablica"},"content":{"rendered":"<\/p>\n<p>preserva\u00e7\u00e3o do ambiente <\/p>\n<\/p>\n<p>  Interdi\u00e7\u00e3o de matadouro municipal por riscos ao meio ambiente e \u00e0 sa\u00fade p\u00fablica <\/p>\n<\/p>\n<p>       Liminar em a\u00e7\u00e3o civil p\u00fablica interditando matadouro municipal por falta de condi\u00e7\u00f5es m\u00ednimas de higiene para seu funcionamento. <\/p>\n<\/p>\n<p>&#8212;&#8212;&#8212;&#8212;&#8212;&#8212;&#8212;&#8212;&#8212;&#8212;&#8212;&#8212;&#8212;&#8212;&#8212;&#8212;&#8212;&#8212;&#8212;&#8212;&#8212;&#8212;&#8212;&#8212;&#8212;&#8212;&#8211;<\/p>\n<\/p>\n<\/p>\n<p>          Vistos, etc.<\/p>\n<p>          O \u00d3RG\u00c3O DO MINIST\u00c9RIO P\u00daBLICO em exerc\u00edcio nesta Comarca, por sua ilustre representante, com fulcro nas disposi\u00e7\u00f5es da Lei n\u00ba 7.387\/85, promoveu a presente A\u00e7\u00e3o Civil P\u00fablica contra o munic\u00edpio de S\u00c3O JO\u00c3O DA CANABRAVA, retro qualificado, aduzindo em resumo: que, o matadouro municipal do referido munic\u00edpio se acha em condi\u00e7\u00f5es prec\u00e1rias de funcionamento e higiene com rela\u00e7\u00e3o aos animais que ali s\u00e3o abatidos, fato este que vem comprometendo a sa\u00fade dos moradores e consumidores de carne da regi\u00e3o, o que nos termos da per\u00edcia realizada pela vigil\u00e2ncia sanit\u00e1ria ficou comprovado a inviabilidade do seu funcionamento com a recomenda\u00e7\u00e3o de que o mesmo deva ser interditado; que, a sa\u00fade da referida popula\u00e7\u00e3o encontra-se em risco de epidemia e vulner\u00e1vel \u00e0 propaga\u00e7\u00e3o de doen\u00e7as, enquanto a administra\u00e7\u00e3o representada pelo Poder Executivo nenhuma provid\u00eancia adota para remediar ou minimizar tais riscos, requerendo diante do exposto e em face da imin\u00eancia de dano irrevers\u00edvel e de dif\u00edcil repara\u00e7\u00e3o, seja concedida medida liminar para determinar a imediata interdi\u00e7\u00e3o do mencionado matadouro.<\/p>\n<p>          A inicial foi instru\u00edda com os documentos de fls. 08\/1000.<\/p>\n<p>          Regularmente notificado o requerido para manifestar-se sobre o pedido de liminar, adveio a peti\u00e7\u00e3o de fls. 23\/28 subscrita por advogado, o qual, deixou de juntar aos autos, nos termos do prazo assinado, o competente instrumento procurat\u00f3rio (fls. 25\/28).<\/p>\n<p>          Era o quanto bastava relatar.<\/p>\n<p>&#8212;&#8212;&#8212;&#8212;&#8212;&#8212;&#8212;&#8212;&#8212;&#8212;&#8212;&#8212;&#8212;&#8212;&#8212;&#8212;&#8212;&#8212;&#8212;&#8212;&#8212;&#8212;&#8212;&#8212;&#8212;&#8212;&#8211;<\/p>\n<p>D E C I D O<\/p>\n<p>          Preliminarmente, conv\u00e9m acentuar que a manifesta\u00e7\u00e3o da parte requerida em tais a\u00e7\u00f5es \u00e9 de natureza personal\u00edssima, e a exemplo, das informa\u00e7\u00f5es em mandado de seguran\u00e7a, estas devem ser fornecidas e assinadas pelo pr\u00f3prio demandado, e n\u00e3o apenas, por advogado.<\/p>\n<p>          Ali\u00e1s, esta \u00e9 a expressa recomenda\u00e7\u00e3o do art. 2\u00ba, da Lei n\u00ba 8.837\/0002.<\/p>\n<p>          Por outro lado, registre-se, que n\u00e3o ratificada referidas informa\u00e7\u00f5es pela juntada de poderes outorgados a tais fins, constitui-se tal pe\u00e7a em inexistente, consoante o mandamento do <sub>2\u00ba<\/sub>, do art. 104, do Novo C\u00f3digo de Processo Civil, e via de conseq\u00fc\u00eancia, inviabilizada \u00e9 a sua aprecia\u00e7\u00e3o.<\/p>\n<p>          Cuida-se o caso vertente de a\u00e7\u00e3o civil p\u00fablica, a qual, \u00e9 de legitimidade inquestion\u00e1vel o Minist\u00e9rio P\u00fablico na defesa dos direitos difusos e coletivos, dentre os quais se destacam a defesa \u00e0 sa\u00fade, ao consumidor e ao meio ambiente.<\/p>\n<p>          O caso de que se ocupa a demanda enseja gravidade inomin\u00e1vel ante o descaso com que \u00e9 tratado o local de abate de animais e da carne destinada ao consumo da popula\u00e7\u00e3o de S\u00e3o Jo\u00e3o da Canabrava, fato este objeto de preocupa\u00e7\u00e3o, inclusive do pr\u00f3prio Poder Legislativo municipal, quando, atrav\u00e9s de expediente e do abaixo assinado de fls.17\/1000, remete e cobra das autoridades imediatas e saneadoras provid\u00eancias.<\/p>\n<p>          Dessume-se dos autos, que no referido matadouro, o que falta de cuidados na higiene e seguran\u00e7a, sobra em desrespeito ao meio ambiente. Ali, segundo a autoridade sanit\u00e1ria, as paredes est\u00e3o danificadas, telhas e azulejos est\u00e3o quebrados, o piso da sala de matan\u00e7a n\u00e3o possui o necess\u00e1rio declive para o escoamento de \u00e1gua, sangue e outros dejetos, a seringa por onde o animal penetra para ser abatido n\u00e3o oferece condi\u00e7\u00f5es de prote\u00e7\u00e3o para quem pratica tal ato, inexiste estrutura para sustenta\u00e7\u00e3o dos animais abatidos, a esfola e a retirada de v\u00edsceras \u00e9 realizada no ch\u00e3o, sem qualquer condi\u00e7\u00e3o de higiene, o ambiente interno \u00e9 contaminado pela presen\u00e7a de c\u00e3es e su\u00ednos na sala de matan\u00e7a, existe ac\u00famulo externo de esterco, chifres, unhas, cabe\u00e7as de animais abatidos e outros de conte\u00fado ruminal, favorecendo a constante atra\u00e7\u00e3o de moscas, urubus, c\u00e3es e su\u00ednos em volta do citado logradouro, concluindo, que a sua interdi\u00e7\u00e3o \u00e9 provid\u00eancia que se imp\u00f5e necess\u00e1ria em face dos constantes riscos que se apresentam para a sa\u00fade p\u00fablica municipal.<\/p>\n<p>          Ora, devidamente comprovadas tais irregularidades, oriundas de manifesta, sen\u00e3o evidente omiss\u00e3o da autoridade administrativa municipal, n\u00e3o h\u00e1 negar que a sa\u00fade p\u00fablica e o meio ambiente de S\u00e3o Jo\u00e3o da Canabrava est\u00e3o agressivamente expostos; de um lado a disseminar e favorecer doen\u00e7as, e de outro, a macular o bom habitat daquele local, que violentamente atingido, tornou-se motivo de reclama\u00e7\u00e3o do povo e da sua edilidade .<\/p>\n<p>          O matadouro, como \u00e9 de saben\u00e7a geral, n\u00e3o \u00e9 um pr\u00e9dio que demanda maiores disp\u00eandios para sua constru\u00e7\u00e3o e manuten\u00e7\u00e3o, ao contr\u00e1rio de outras obras, pela sua simplicidade e muitas vezes pelo seu aspecto r\u00fastico, pode se dizer que \u00e9 facilmente constru\u00eddo e administrado quando se tem como norte a qualidade de vida, o respeito a sa\u00fade, ao consumidor, aos pr\u00f3prios animais e ao meio ambiente.<\/p>\n<p>          Neste diapas\u00e3o, n\u00e3o \u00e9 bom racioc\u00ednio o daqueles que dizem ou venham a imaginar que eventual interdi\u00e7\u00e3o s\u00f3 venha a aumentar ainda mais o problema, ante o fato de que o consumo de carne e o abate de animais se torne clandestino ou qualquer coisa assemelhado. Tal assertiva, n\u00e3o verdadeira, apenas evidencia aquiesc\u00eancia com estado de caos implantado pela omiss\u00e3o, comprova a conduta retrograda e de permissividade e em nada contribui para a percep\u00e7\u00e3o de valores como dignidade e respeito \u00e0 vida, aos semelhantes e ao meio ambiente.<\/p>\n<p>          A perdurar tal racioc\u00ednio qualquer caos est\u00e1 bom e at\u00e9 mesmo mudan\u00e7as que se apresentem alvissareiras e de melhoria se tornam contestadas. Essa tem sido a hist\u00f3ria da humanidade e do comportamento pusil\u00e2nime de alguns dos seus segmentos desde as mais priscas eras.<\/p>\n<p>          O progresso e o bem estar maior, aqui representado pelo gozo de inef\u00e1vel sa\u00fade, jamais poder\u00e3o ser postergados, ao contr\u00e1rio, cuida-se de provid\u00eancia vital, de respeito e de dignidade, a qual, nada \u00e9 permitido transigir e todos aqueles investidos da fun\u00e7\u00e3o de administrar devem estar conscientes.<\/p>\n<p>          Foi com esse prop\u00f3sito, registre-se, que a Carta Magna atribuiu ao munic\u00edpio zelar pela sa\u00fade (art. 23, II), determinou s\u00ea-la direito de todos com a garantia assegurada de riscos e de outros agravos (art. 10006).<\/p>\n<p>          A quest\u00e3o da sa\u00fade p\u00fablica, passa, tamb\u00e9m, por est\u00e1 percep\u00e7\u00e3o &#8211; n\u00e3o basta apenas prever a possibilidade da doen\u00e7a, urge que esta seja evitada. Tal desiderato s\u00f3 se faz com consci\u00eancia, respeito \u00e0s leis e en\u00e9rgica postura preventiva, sob pena de todo um trabalho de incentivo e de erradica\u00e7\u00e3o tornar-se in\u00f3cuos.<\/p>\n<p>          &quot;Onde h\u00e1 vontade h\u00e1 um caminho&quot;, eis a milenar sabedoria a comprovar, que quando se quer, se faz. A popula\u00e7\u00e3o de Canabrava n\u00e3o pode ficar a merc\u00ea do alvedrio e da veleidade dos seus \u00f3rg\u00e3os, nem se vitimar pela fragilidade da imin\u00eancia de doen\u00e7as e agress\u00f5es ao meio ambiente. <\/p>\n<p>          \u00c0s portas do terceiro mil\u00eanio, causa esp\u00e9cie, que a sa\u00fade p\u00fablica e o respeito ao cidad\u00e3o passem t\u00e3o desapercebidas e ignoradas. Um matadouro como tal, e na forma como se encontra, por si, j\u00e1 demonstra o estado de subdesenvolvimento em que estamos imersos.<\/p>\n<p>          N\u00e3o se espera, ressalte-se, que ali sejam adotadas provid\u00eancias sofisticadas de abate, mas ao menos que o produto final n\u00e3o se misture com estercos, n\u00e3o seja tratado no pr\u00f3prio ch\u00e3o em meios aos outros dejetos e ante constante e disputada presen\u00e7a de c\u00e3es e porcos. O que n\u00e3o se pode imaginar, entretanto, \u00e9 que restos de animais, como cabe\u00e7as, unhas, chifres e v\u00edsceras sejam competidos por outros animais e se transforme em lixo daquele pr\u00f3prio local, que por sua natureza, deve ser limpo e higi\u00eanico, ante a prec\u00edpua finalidade de ali se produzir alimenta\u00e7\u00e3o destinada \u00e0 coletividade.<\/p>\n<p>          Olvidados tais crit\u00e9rios, assiste ao Minist\u00e9rio P\u00fablico raz\u00e3o ao propugnar o deferimento de medida liminar, mormente, quando se tem presentes e ineg\u00e1veis os requisitos do fumus boni iuris e do periculum in mora. O direito vilipendiado restou sobejamente comprovado pela legisla\u00e7\u00e3o invocada, configurando manifesto gravame \u00e0 coletividade de S\u00e3o Jo\u00e3o da Canabrava, enquanto, real e indene de d\u00favidas \u00e9 imin\u00eancia de irrevers\u00edvel dano e sua dif\u00edcil repara\u00e7\u00e3o \u00e0 sa\u00fade, ao consumidor e ao meio ambiente do referido munic\u00edpio. <\/p>\n<p>          Ex positis, tendo em vista o que mais dos autos consta e considerando o disposto no art. 12016, inciso III, da Constitui\u00e7\u00e3o Federal, c\/c o art. 6\u00b0 da Lei Complementar n\u00b0 75\/0003, art. 5\u00b0 , da Lei n\u00b0 7.387\/85 e art. 381, do Novo C\u00f3digo de Processo Civil, DEFIRO a pleiteada medida liminar para determinar a suspens\u00e3o das atividades do matadouro do munic\u00edpio de S\u00e3o Jo\u00e3o da Canabrava ao tempo que fixo desde j\u00e1 o prazo de 0000 (noventa) dias para que seja restabelecida as condi\u00e7\u00f5es necess\u00e1rias a garantia de sa\u00fade e seguran\u00e7a da sua atividade, tudo sob pena de execu\u00e7\u00e3o espec\u00edfica e multa di\u00e1ria no valor de 02 (dois) sal\u00e1rios m\u00ednimos com acr\u00e9scimo da corresponde corre\u00e7\u00e3o monet\u00e1ria.<\/p>\n<p>          Cite-se o r\u00e9u para, querendo, no prazo legal, oferecer contesta\u00e7\u00e3o.<\/p>\n<p>          Expe\u00e7a-se o competente Mandado de Interdi\u00e7\u00e3o, a fim de que, procedam as Oficiais de Justi\u00e7a deste Ju\u00edzo ao lacre e fechamento do mencionado matadouro.<\/p>\n<p>          Intima\u00e7\u00f5es e comunica\u00e7\u00f5es necess\u00e1rias.<\/p>\n","protected":false},"featured_media":0,"parent":0,"menu_order":0,"template":"","meta":{"content-type":""},"categoria-modelo":[141],"class_list":["post-9222","modelos-de-peticao","type-modelos-de-peticao","status-publish","hentry","categoria-modelo-ambiental"],"_links":{"self":[{"href":"https:\/\/easyjur.com\/blog\/wp-json\/wp\/v2\/modelos-de-peticao\/9222","targetHints":{"allow":["GET"]}}],"collection":[{"href":"https:\/\/easyjur.com\/blog\/wp-json\/wp\/v2\/modelos-de-peticao"}],"about":[{"href":"https:\/\/easyjur.com\/blog\/wp-json\/wp\/v2\/types\/modelos-de-peticao"}],"wp:attachment":[{"href":"https:\/\/easyjur.com\/blog\/wp-json\/wp\/v2\/media?parent=9222"}],"wp:term":[{"taxonomy":"categoria-modelo","embeddable":true,"href":"https:\/\/easyjur.com\/blog\/wp-json\/wp\/v2\/categoria-modelo?post=9222"}],"curies":[{"name":"wp","href":"https:\/\/api.w.org\/{rel}","templated":true}]}}

[MODELO] Interdição de matadouro municipal por riscos ao meio ambiente e à saúde pública

</p>
<p>preservação do ambiente </p>
</p>
<p>  Interdição de matadouro municipal por riscos ao meio ambiente e à saúde pública </p>
</p>
<p>       Liminar em ação civil pública interditando matadouro municipal por falta de condições mínimas de higiene para seu funcionamento. </p>
</p>
<p>&#8212;&#8212;&#8212;&#8212;&#8212;&#8212;&#8212;&#8212;&#8212;&#8212;&#8212;&#8212;&#8212;&#8212;&#8212;&#8212;&#8212;&#8212;&#8212;&#8212;&#8212;&#8212;&#8212;&#8212;&#8212;&#8212;&#8211;</p>
</p>
</p>
<p>          Vistos, etc.</p>
<p>          O ÓRGÃO DO MINISTÉRIO PÚBLICO em exercício nesta Comarca, por sua ilustre representante, com fulcro nas disposições da Lei nº 7.387/85, promoveu a presente Ação Civil Pública contra o município de SÃO JOÃO DA CANABRAVA, retro qualificado, aduzindo em resumo: que, o matadouro municipal do referido município se acha em condições precárias de funcionamento e higiene com relação aos animais que ali são abatidos, fato este que vem comprometendo a saúde dos moradores e consumidores de carne da região, o que nos termos da perícia realizada pela vigilância sanitária ficou comprovado a inviabilidade do seu funcionamento com a recomendação de que o mesmo deva ser interditado; que, a saúde da referida população encontra-se em risco de epidemia e vulnerável à propagação de doenças, enquanto a administração representada pelo Poder Executivo nenhuma providência adota para remediar ou minimizar tais riscos, requerendo diante do exposto e em face da iminência de dano irreversível e de difícil reparação, seja concedida medida liminar para determinar a imediata interdição do mencionado matadouro.</p>
<p>          A inicial foi instruída com os documentos de fls. 08/1000.</p>
<p>          Regularmente notificado o requerido para manifestar-se sobre o pedido de liminar, adveio a petição de fls. 23/28 subscrita por advogado, o qual, deixou de juntar aos autos, nos termos do prazo assinado, o competente instrumento procuratório (fls. 25/28).</p>
<p>          Era o quanto bastava relatar.</p>
<p>&#8212;&#8212;&#8212;&#8212;&#8212;&#8212;&#8212;&#8212;&#8212;&#8212;&#8212;&#8212;&#8212;&#8212;&#8212;&#8212;&#8212;&#8212;&#8212;&#8212;&#8212;&#8212;&#8212;&#8212;&#8212;&#8212;&#8211;</p>
<p>D E C I D O</p>
<p>          Preliminarmente, convém acentuar que a manifestação da parte requerida em tais ações é de natureza personalíssima, e a exemplo, das informações em mandado de segurança, estas devem ser fornecidas e assinadas pelo próprio demandado, e não apenas, por advogado.</p>
<p>          Aliás, esta é a expressa recomendação do art. 2º, da Lei nº 8.837/0002.</p>
<p>          Por outro lado, registre-se, que não ratificada referidas informações pela juntada de poderes outorgados a tais fins, constitui-se tal peça em inexistente, consoante o mandamento do <sub>2º</sub>, do art. 104, do Novo Código de Processo Civil, e via de conseqüência, inviabilizada é a sua apreciação.</p>
<p>          Cuida-se o caso vertente de ação civil pública, a qual, é de legitimidade inquestionável o Ministério Público na defesa dos direitos difusos e coletivos, dentre os quais se destacam a defesa à saúde, ao consumidor e ao meio ambiente.</p>
<p>          O caso de que se ocupa a demanda enseja gravidade inominável ante o descaso com que é tratado o local de abate de animais e da carne destinada ao consumo da população de São João da Canabrava, fato este objeto de preocupação, inclusive do próprio Poder Legislativo municipal, quando, através de expediente e do abaixo assinado de fls.17/1000, remete e cobra das autoridades imediatas e saneadoras providências.</p>
<p>          Dessume-se dos autos, que no referido matadouro, o que falta de cuidados na higiene e segurança, sobra em desrespeito ao meio ambiente. Ali, segundo a autoridade sanitária, as paredes estão danificadas, telhas e azulejos estão quebrados, o piso da sala de matança não possui o necessário declive para o escoamento de água, sangue e outros dejetos, a seringa por onde o animal penetra para ser abatido não oferece condições de proteção para quem pratica tal ato, inexiste estrutura para sustentação dos animais abatidos, a esfola e a retirada de vísceras é realizada no chão, sem qualquer condição de higiene, o ambiente interno é contaminado pela presença de cães e suínos na sala de matança, existe acúmulo externo de esterco, chifres, unhas, cabeças de animais abatidos e outros de conteúdo ruminal, favorecendo a constante atração de moscas, urubus, cães e suínos em volta do citado logradouro, concluindo, que a sua interdição é providência que se impõe necessária em face dos constantes riscos que se apresentam para a saúde pública municipal.</p>
<p>          Ora, devidamente comprovadas tais irregularidades, oriundas de manifesta, senão evidente omissão da autoridade administrativa municipal, não há negar que a saúde pública e o meio ambiente de São João da Canabrava estão agressivamente expostos; de um lado a disseminar e favorecer doenças, e de outro, a macular o bom habitat daquele local, que violentamente atingido, tornou-se motivo de reclamação do povo e da sua edilidade .</p>
<p>          O matadouro, como é de sabença geral, não é um prédio que demanda maiores dispêndios para sua construção e manutenção, ao contrário de outras obras, pela sua simplicidade e muitas vezes pelo seu aspecto rústico, pode se dizer que é facilmente construído e administrado quando se tem como norte a qualidade de vida, o respeito a saúde, ao consumidor, aos próprios animais e ao meio ambiente.</p>
<p>          Neste diapasão, não é bom raciocínio o daqueles que dizem ou venham a imaginar que eventual interdição só venha a aumentar ainda mais o problema, ante o fato de que o consumo de carne e o abate de animais se torne clandestino ou qualquer coisa assemelhado. Tal assertiva, não verdadeira, apenas evidencia aquiescência com estado de caos implantado pela omissão, comprova a conduta retrograda e de permissividade e em nada contribui para a percepção de valores como dignidade e respeito à vida, aos semelhantes e ao meio ambiente.</p>
<p>          A perdurar tal raciocínio qualquer caos está bom e até mesmo mudanças que se apresentem alvissareiras e de melhoria se tornam contestadas. Essa tem sido a história da humanidade e do comportamento pusilânime de alguns dos seus segmentos desde as mais priscas eras.</p>
<p>          O progresso e o bem estar maior, aqui representado pelo gozo de inefável saúde, jamais poderão ser postergados, ao contrário, cuida-se de providência vital, de respeito e de dignidade, a qual, nada é permitido transigir e todos aqueles investidos da função de administrar devem estar conscientes.</p>
<p>          Foi com esse propósito, registre-se, que a Carta Magna atribuiu ao município zelar pela saúde (art. 23, II), determinou sê-la direito de todos com a garantia assegurada de riscos e de outros agravos (art. 10006).</p>
<p>          A questão da saúde pública, passa, também, por está percepção &#8211; não basta apenas prever a possibilidade da doença, urge que esta seja evitada. Tal desiderato só se faz com consciência, respeito às leis e enérgica postura preventiva, sob pena de todo um trabalho de incentivo e de erradicação tornar-se inócuos.</p>
<p>          &quot;Onde há vontade há um caminho&quot;, eis a milenar sabedoria a comprovar, que quando se quer, se faz. A população de Canabrava não pode ficar a mercê do alvedrio e da veleidade dos seus órgãos, nem se vitimar pela fragilidade da iminência de doenças e agressões ao meio ambiente. </p>
<p>          Às portas do terceiro milênio, causa espécie, que a saúde pública e o respeito ao cidadão passem tão desapercebidas e ignoradas. Um matadouro como tal, e na forma como se encontra, por si, já demonstra o estado de subdesenvolvimento em que estamos imersos.</p>
<p>          Não se espera, ressalte-se, que ali sejam adotadas providências sofisticadas de abate, mas ao menos que o produto final não se misture com estercos, não seja tratado no próprio chão em meios aos outros dejetos e ante constante e disputada presença de cães e porcos. O que não se pode imaginar, entretanto, é que restos de animais, como cabeças, unhas, chifres e vísceras sejam competidos por outros animais e se transforme em lixo daquele próprio local, que por sua natureza, deve ser limpo e higiênico, ante a precípua finalidade de ali se produzir alimentação destinada à coletividade.</p>
<p>          Olvidados tais critérios, assiste ao Ministério Público razão ao propugnar o deferimento de medida liminar, mormente, quando se tem presentes e inegáveis os requisitos do fumus boni iuris e do periculum in mora. O direito vilipendiado restou sobejamente comprovado pela legislação invocada, configurando manifesto gravame à coletividade de São João da Canabrava, enquanto, real e indene de dúvidas é iminência de irreversível dano e sua difícil reparação à saúde, ao consumidor e ao meio ambiente do referido município. </p>
<p>          Ex positis, tendo em vista o que mais dos autos consta e considerando o disposto no art. 12016, inciso III, da Constituição Federal, c/c o art. 6° da Lei Complementar n° 75/0003, art. 5° , da Lei n° 7.387/85 e art. 381, do Novo Código de Processo Civil, DEFIRO a pleiteada medida liminar para determinar a suspensão das atividades do matadouro do município de São João da Canabrava ao tempo que fixo desde já o prazo de 0000 (noventa) dias para que seja restabelecida as condições necessárias a garantia de saúde e segurança da sua atividade, tudo sob pena de execução específica e multa diária no valor de 02 (dois) salários mínimos com acréscimo da corresponde correção monetária.</p>
<p>          Cite-se o réu para, querendo, no prazo legal, oferecer contestação.</p>
<p>          Expeça-se o competente Mandado de Interdição, a fim de que, procedam as Oficiais de Justiça deste Juízo ao lacre e fechamento do mencionado matadouro.</p>
<p>          Intimações e comunicações necessárias.</p>
