{"id":7514,"date":"2023-07-13T18:11:04","date_gmt":"2023-07-13T18:11:04","guid":{"rendered":"https:\/\/easyjur.com\/blog\/?post_type=modelos-de-peticao&#038;p=3650"},"modified":"2023-07-13T18:11:04","modified_gmt":"2023-07-13T18:11:04","slug":"excesso-de-prazo-global-pedido-de-reconhecimento-e-relaxamento-da-prisao","status":"publish","type":"modelos-de-peticao","link":"https:\/\/easyjur.com\/blog\/modelos-de-peticao\/excesso-de-prazo-global-pedido-de-reconhecimento-e-relaxamento-da-prisao\/","title":{"rendered":"[MODELO] Excesso de Prazo Global  &#8211;  Pedido de reconhecimento e relaxamento da pris\u00e3o"},"content":{"rendered":"<p>Excesso de Prazo Global<\/p>\n<p><strong><em>EXM. SR. DR. JUIZA DE DIREITO DA &#8230;&#8230;&#8230;&#8230;.. VARA CRIMINAL DE &#8230;&#8230;&#8230;&#8230;&#8230;<\/em><\/strong><\/p>\n<p><strong>Protocolo n\u00ba &#8230;&#8230;&#8230;&#8230;&#8230;&#8230;<\/strong><\/p>\n<p><strong><em>R\u00c9U PRESO &#8211; URGENTE<\/em><\/strong><\/p>\n<p><strong>\t\t\t\t\t<em>&#8230;&#8230;&#8230;&#8230;&#8230;&#8230;&#8230;&#8230;&#8230;&#8230;&#8230;&#8230;&#8230;.,<\/em> <\/strong>j\u00e1 qualificado, nos autos da a\u00e7\u00e3o penal, em ep\u00edgrafe<strong>,<\/strong> via de seu advogado <strong><em>in fine <\/em><\/strong>assinado <strong><em>permissa v\u00eania<\/em><\/strong> vem perante a consp\u00edcua e preclara presen\u00e7a de <strong>Vossa Excel\u00eancia, <\/strong>requerer o reconhecimento de <\/p>\n<p><strong><em>EXCESSO DE PRAZO<\/em><\/strong><\/p>\n<p>Para a realiza\u00e7\u00e3o de audi\u00eancia de instru\u00e7\u00e3o e julgamento, bem como para a conclus\u00e3o da instru\u00e7\u00e3o criminal, pelos seguintes fatos, e fundamentos:<\/p>\n<p><strong><em>S\u00daMULA DOS FATOS<\/em><\/strong><\/p>\n<\/p>\n<p> 1\t\t\t\t\tO Requerente foi preso e autuado em flagrante delito no dia &#8230;&#8230;&#8230;&#8230;&#8230;&#8230;&#8230;&#8230;, posteriormente, denunciado como incurso nas penas do artigo 157, do CPB, j\u00e1 contando at\u00e9 a presente data com &#8230;.. dias de encarceramento sem que tenha havido o encerramento da instru\u00e7\u00e3o criminal, no tempo estabelecido pelo CPP, ocorrendo, assim, not\u00f3rio e incontest\u00e1vel <strong>excesso de prazo global<\/strong>, para o encerramento do processo,  n\u00e3o havendo sido provocado pela defesa, transformando a pris\u00e3o do acusado indisfar\u00e7\u00e1vel constrangimento ilegal, nos termos do artigo 648, II, do C\u00f3digo de Processo Penal.<\/p>\n<p>\t\t\t\t     <strong><em> DO DIREITO<\/em><\/strong><\/p>\n<p><strong><em>\t\t\t\t\t<\/em><\/strong>Consoante nossa melhor doutrina e a jurisprud\u00eancia dominante, se o legislador imp\u00f4s prazos para a realiza\u00e7\u00e3o dos atos processuais, \u00e9 porque se torna imperioso seu cumprimento para o resguardo das garantias individuais do cidad\u00e3o e a conseq\u00fcente presta\u00e7\u00e3o da tutela jurisdicional devida a toda coletividade, logo seu cumprimento deve ser obedecido rigorosamente, principalmente, quando a liberdade individual se encontra sob risco de sofrer constrangimento ilegal por parte do Estado.<\/p>\n<p>\t\t\t\t\tEm caso an\u00e1logo, Egr\u00e9gio <strong>Tribunal Federal de Recurso<\/strong> da 4<sup>a<\/sup> Regi\u00e3o, no HC n. 91.04.17092-0, tendo como relator o Ministro <strong>Teori Albino Zavascki<\/strong>, assim decidiu:<\/p>\n<p>\u201c<strong><em>Os prazos processuais a serem observados quando o preso o r\u00e9u aplicam-se independentemente da natureza da pris\u00e3o. A n\u00e3o observ\u00e2ncia daqueles  prazos constitui  coa\u00e7\u00e3o ilegal, nos termos do art. 648, II, do CPP, mesmo se tratando  de pris\u00e3o preventiva. Ordem concedida.\u201d<\/em><\/strong><\/p>\n<p>\t\t\t\t\tAssim, n\u00e3o tendo a instru\u00e7\u00e3o criminal sido encerrada dentro do prazo global de (&#8230;.) &#8230;&#8230;.. dias, imp\u00f5e-se o reconhecimento da incid\u00eancia de excesso de prazo, conseq\u00fcentemente, o relaxamento da pris\u00e3o do acusado, ora Requerente.<\/p>\n<p>\t\t\t\t\t<strong><em>EX POSITIS<\/em><\/strong>, espera o Requerente sejam as presentes articula\u00e7\u00f5es recebidas, e deferidas para que seja reconhecida a ocorr\u00eancia de <strong><em>excesso de prazo, <\/em><\/strong> para a conclus\u00e3o do processo, e mandando que se expe\u00e7a em seu favor o competente <strong>ALVAR\u00c1 DE SOLTURA<\/strong>, pois desta forma <strong><em>Vossa Excel\u00eancia<\/em><\/strong> estar\u00e1 como de costume, restabelecendo o imp\u00e9rio da Lei, do Direito e da Excelsa <strong>JUSTI\u00c7A<\/strong>.<\/p>\n<p>\t\t\t\t\tNestes Termos<\/p>\n<p>\t\t\t\t\tPede deferimento.<\/p>\n<p>\t\t\t\t\tLocal, data.<\/p>\n<p>\t\t\t\t\t<strong>___________________<\/strong><\/p>\n<p><strong>\t\t\t\t\t       OAB<\/strong><\/p>\n","protected":false},"featured_media":0,"parent":0,"menu_order":0,"template":"","meta":{"content-type":""},"categoria-modelo":[153],"class_list":["post-7514","modelos-de-peticao","type-modelos-de-peticao","status-publish","hentry","categoria-modelo-penal"],"_links":{"self":[{"href":"https:\/\/easyjur.com\/blog\/wp-json\/wp\/v2\/modelos-de-peticao\/7514","targetHints":{"allow":["GET"]}}],"collection":[{"href":"https:\/\/easyjur.com\/blog\/wp-json\/wp\/v2\/modelos-de-peticao"}],"about":[{"href":"https:\/\/easyjur.com\/blog\/wp-json\/wp\/v2\/types\/modelos-de-peticao"}],"wp:attachment":[{"href":"https:\/\/easyjur.com\/blog\/wp-json\/wp\/v2\/media?parent=7514"}],"wp:term":[{"taxonomy":"categoria-modelo","embeddable":true,"href":"https:\/\/easyjur.com\/blog\/wp-json\/wp\/v2\/categoria-modelo?post=7514"}],"curies":[{"name":"wp","href":"https:\/\/api.w.org\/{rel}","templated":true}]}}

[MODELO] Excesso de Prazo Global  &#8211;  Pedido de reconhecimento e relaxamento da prisão

<p>Excesso de Prazo Global</p>
<p><strong><em>EXM. SR. DR. JUIZA DE DIREITO DA &#8230;&#8230;&#8230;&#8230;.. VARA CRIMINAL DE &#8230;&#8230;&#8230;&#8230;&#8230;</em></strong></p>
<p><strong>Protocolo nº &#8230;&#8230;&#8230;&#8230;&#8230;&#8230;</strong></p>
<p><strong><em>RÉU PRESO &#8211; URGENTE</em></strong></p>
<p><strong>					<em>&#8230;&#8230;&#8230;&#8230;&#8230;&#8230;&#8230;&#8230;&#8230;&#8230;&#8230;&#8230;&#8230;.,</em> </strong>já qualificado, nos autos da ação penal, em epígrafe<strong>,</strong> via de seu advogado <strong><em>in fine </em></strong>assinado <strong><em>permissa vênia</em></strong> vem perante a conspícua e preclara presença de <strong>Vossa Excelência, </strong>requerer o reconhecimento de </p>
<p><strong><em>EXCESSO DE PRAZO</em></strong></p>
<p>Para a realização de audiência de instrução e julgamento, bem como para a conclusão da instrução criminal, pelos seguintes fatos, e fundamentos:</p>
<p><strong><em>SÚMULA DOS FATOS</em></strong></p>
</p>
<p> 1					O Requerente foi preso e autuado em flagrante delito no dia &#8230;&#8230;&#8230;&#8230;&#8230;&#8230;&#8230;&#8230;, posteriormente, denunciado como incurso nas penas do artigo 157, do CPB, já contando até a presente data com &#8230;.. dias de encarceramento sem que tenha havido o encerramento da instrução criminal, no tempo estabelecido pelo CPP, ocorrendo, assim, notório e incontestável <strong>excesso de prazo global</strong>, para o encerramento do processo,  não havendo sido provocado pela defesa, transformando a prisão do acusado indisfarçável constrangimento ilegal, nos termos do artigo 648, II, do Código de Processo Penal.</p>
<p>				     <strong><em> DO DIREITO</em></strong></p>
<p><strong><em>					</em></strong>Consoante nossa melhor doutrina e a jurisprudência dominante, se o legislador impôs prazos para a realização dos atos processuais, é porque se torna imperioso seu cumprimento para o resguardo das garantias individuais do cidadão e a conseqüente prestação da tutela jurisdicional devida a toda coletividade, logo seu cumprimento deve ser obedecido rigorosamente, principalmente, quando a liberdade individual se encontra sob risco de sofrer constrangimento ilegal por parte do Estado.</p>
<p>					Em caso análogo, Egrégio <strong>Tribunal Federal de Recurso</strong> da 4<sup>a</sup> Região, no HC n. 91.04.17092-0, tendo como relator o Ministro <strong>Teori Albino Zavascki</strong>, assim decidiu:</p>
<p>“<strong><em>Os prazos processuais a serem observados quando o preso o réu aplicam-se independentemente da natureza da prisão. A não observância daqueles  prazos constitui  coação ilegal, nos termos do art. 648, II, do CPP, mesmo se tratando  de prisão preventiva. Ordem concedida.”</em></strong></p>
<p>					Assim, não tendo a instrução criminal sido encerrada dentro do prazo global de (&#8230;.) &#8230;&#8230;.. dias, impõe-se o reconhecimento da incidência de excesso de prazo, conseqüentemente, o relaxamento da prisão do acusado, ora Requerente.</p>
<p>					<strong><em>EX POSITIS</em></strong>, espera o Requerente sejam as presentes articulações recebidas, e deferidas para que seja reconhecida a ocorrência de <strong><em>excesso de prazo, </em></strong> para a conclusão do processo, e mandando que se expeça em seu favor o competente <strong>ALVARÁ DE SOLTURA</strong>, pois desta forma <strong><em>Vossa Excelência</em></strong> estará como de costume, restabelecendo o império da Lei, do Direito e da Excelsa <strong>JUSTIÇA</strong>.</p>
<p>					Nestes Termos</p>
<p>					Pede deferimento.</p>
<p>					Local, data.</p>
<p>					<strong>___________________</strong></p>
<p><strong>					       OAB</strong></p>
