{"id":7471,"date":"2023-07-13T18:10:00","date_gmt":"2023-07-13T18:10:00","guid":{"rendered":"https:\/\/easyjur.com\/blog\/?post_type=modelos-de-peticao&#038;p=3650"},"modified":"2023-07-13T18:10:00","modified_gmt":"2023-07-13T18:10:00","slug":"pedido-de-liberdade-provisoria-sem-fianca-inadmissibilidade-da-fianca-criminal-para-reu-enquadrado-nos-artigos-288-e-304-do-codigo-penal","status":"publish","type":"modelos-de-peticao","link":"https:\/\/easyjur.com\/blog\/modelos-de-peticao\/pedido-de-liberdade-provisoria-sem-fianca-inadmissibilidade-da-fianca-criminal-para-reu-enquadrado-nos-artigos-288-e-304-do-codigo-penal\/","title":{"rendered":"[MODELO] Pedido de liberdade provis\u00f3ria sem fian\u00e7a  &#8211;  Inadmissibilidade da fian\u00e7a criminal para r\u00e9u enquadrado nos artigos 288 e 304 do C\u00f3digo Penal"},"content":{"rendered":"<p>EXCELENT\u00cdSSIMO SENHOR JUIZ DE DIREITO DA 34\u00aa  VARA CRIMINAL DA COMARCA DA CAPITAL.<\/p>\n<h1>PROC.  <\/h1>\n<p>,<strong> <\/strong>brasileiro, solteiro, lanterneiro, RG IFP, CPF,  residente na Rua L\u00e9lia Guimar\u00e3es, , Praia do Cardo, Sepetiba, nesta cidade, atrav\u00e9s de seu advogado infra-assinado, instrumento de mandato anexo (doc. 1) &#8211; que recebe intima\u00e7\u00f5es na Av. Nilo Pe\u00e7anha, ,  Centro, nesta cidade, vem, respeitosamente, \u00e0 presen\u00e7a de Vossa Excel\u00eancia, expor para afinal requerer o seguinte:<\/p>\n<p>DO ENQUADRAMENTO PENAL<\/p>\n<p>DA IMPOSSIBILIDADE DE FIAN\u00c7A<\/p>\n<p>1) Conforme se v\u00ea da inicial, o requerente foi denunciado frente aos Artigos 288 e 304, ambos C\u00f3digo Penal.<\/p>\n<p>2) Incurso em duas infra\u00e7\u00f5es &#8211; Art. 288 e 304, o somat\u00f3rio das penas m\u00ednimas ultrapassa o limite de 02 anos previsto no Art. 323, inciso I do CPP, sendo, pois, incab\u00edvel a concess\u00e3o da liberdade provis\u00f3ria mediante fian\u00e7a.<\/p>\n<p>2.1) Antigo entendimento firmado pela Suprema Corte torna imposs\u00edvel o cabimento da liberdade provis\u00f3ria mediante fian\u00e7a, quando a soma das penas m\u00ednimas, no caso de concurso de crimes, ultrapasse o limite de 02 anos.<\/p>\n<p>DA LIBERDADE PROVIS\u00d3RIA<\/p>\n<p>INDEPENDENTE DE FIAN\u00c7A<\/p>\n<p>3) CONTUDO, ainda que incab\u00edvel a fian\u00e7a, n\u00e3o se pode descartar a possibilidade da concess\u00e3o de liberdade provis\u00f3ria sem fian\u00e7a, eis que se mostra  desnecess\u00e1ria a cust\u00f3dia cautelar da requerente.<\/p>\n<p>3.1)  Com a presente peti\u00e7\u00e3o, junta-se os documentos relacionados a seguir, que abonam a vida pret\u00e9rita do requerente:<\/p>\n<p>&#8211;  <strong>\u00c9 IDENTIFICADO NO IFP<\/strong> &#8211; DOC. 2.<\/p>\n<p>&#8211;  <strong>POSSUI RESID\u00caNCIA FIXA<\/strong>, &#8211;   declara\u00e7\u00e3o de IR  &#8211;  DOC. 3<\/p>\n<p><strong>&#8211;  \u00c9 TRABALHADOR<\/strong>  conforme a declara\u00e7\u00e3o da CARBIAN Ve\u00edculos<\/p>\n<p>                               Ltda \u2013 DOC. 4<\/p>\n<p>&#8211;   <strong>\u00c9 RESERVISTA <\/strong> &#8211; DOC. 5<\/p>\n<p>&#8211;   <strong>\u00c9  CADASTRADO NO CIC <\/strong> &#8211; DOC. 6<\/p>\n<p>&#8211;   <strong>\u00c9 ELEITOR<\/strong> \u2013 DOC. 7<\/p>\n<p>&#8211;   <strong>POSSUI CONTA BANC\u00c1RIA<\/strong> \u2013 DOC .8<\/p>\n<p> &#8211;   <strong>POSSUI CART\u00c3O DE CR\u00c9DITO <\/strong>\u2013 DOC.000<\/p>\n<p>&#8211;    <strong>\u00c9   ABSOLUTAMENTE     PRIM\u00c1RIO  N\u00c3O   REGISTRANDO<\/strong><\/p>\n<p>   <strong>  ANTECEDENTES CRIMINAIS,<\/strong>       conforme      comprovam     as <\/p>\n<p><strong>     <\/strong>certid\u00f5es dos Cart\u00f3rios   Distribuidores  &#8211; DOC. 10\/13  <\/p>\n<\/p>\n<p>&#8211; DA INOCORR\u00caNCIA DAS  HIP\u00d3TESES<\/p>\n<p>  QUE  ENSEJAM  A  DECRETA\u00c7\u00c3O  DA<\/p>\n<p>  PRIS\u00c3O PREVENTIVA.<\/p>\n<p>&#8211; DA LEI 000.714\/0008 <\/p>\n<p>4) Diante do perfil tra\u00e7ado pela documenta\u00e7\u00e3o acostada \u00e0 presente, se conclui pela total aus\u00eancia dos motivos que ensejam a decreta\u00e7\u00e3o da pris\u00e3o preventiva &#8211; Art. 312 CPP, mostrando-se desnecess\u00e1ria a manuten\u00e7\u00e3o da pris\u00e3o da requerente.<\/p>\n<p>4.1)  Em outras palavras, caso n\u00e3o tivesse sido preso em flagrante, de certo o \u00d3rg\u00e3o do Minist\u00e9rio P\u00fablico n\u00e3o postularia e pris\u00e3o preventiva, e de certo  Vossa Excel\u00eancia n\u00e3o decretaria a cust\u00f3dia cautelar do  requerente ante a aus\u00eancia dos motivos ensejadores daquela medida.<\/p>\n<p>4.2) Desse modo, tendo sido presa em flagrante mas n\u00e3o se fazendo presentes as hip\u00f3teses que autorizam a decreta\u00e7\u00e3o da pris\u00e3o preventiva, \u00e9 poss\u00edvel a concess\u00e3o da liberdade provis\u00f3ria independente de fian\u00e7a, nos moldes do par\u00e1grafo \u00fanico, do Art. 310, da Lei Processual Penal.<\/p>\n<p>5) Al\u00e9m disso, caso sobrevenha condena\u00e7\u00e3o, ante a absoluta primariedade do requerente, a pena eventualmente aplicada dever\u00e1 se situar nos limites m\u00ednimos, n\u00e3o ultrapassando o quantitativo de quatro anos, cabendo, destarte, a substitui\u00e7\u00e3o por uma pena alternativa, nos moldes da Lei 000.714\/0006.    Tal conclus\u00e3o refor\u00e7a ainda mais a afirmativa da desnecessidade da manuten\u00e7\u00e3o de sua pris\u00e3o cautelar. <\/p>\n<h2>DO PEDIDO<\/h2>\n<p>DESTA FORMA, requer se digne Vossa Excel\u00eancia, ouvida a Ilustre Representante do Minist\u00e9rio P\u00fablico, conceder ao requerente a liberdade provis\u00f3ria nos moldes do citado dispositivo processual, como medida de Justi\u00e7a.<\/p>\n<\/p>\n<p>                        PEDE DEFERIMENTO,<\/p>\n<p>                        RIO DE JANEIRO,  <\/p>\n","protected":false},"featured_media":0,"parent":0,"menu_order":0,"template":"","meta":{"content-type":""},"categoria-modelo":[809],"class_list":["post-7471","modelos-de-peticao","type-modelos-de-peticao","status-publish","hentry","categoria-modelo--liberdade-provisoria"],"_links":{"self":[{"href":"https:\/\/easyjur.com\/blog\/wp-json\/wp\/v2\/modelos-de-peticao\/7471","targetHints":{"allow":["GET"]}}],"collection":[{"href":"https:\/\/easyjur.com\/blog\/wp-json\/wp\/v2\/modelos-de-peticao"}],"about":[{"href":"https:\/\/easyjur.com\/blog\/wp-json\/wp\/v2\/types\/modelos-de-peticao"}],"wp:attachment":[{"href":"https:\/\/easyjur.com\/blog\/wp-json\/wp\/v2\/media?parent=7471"}],"wp:term":[{"taxonomy":"categoria-modelo","embeddable":true,"href":"https:\/\/easyjur.com\/blog\/wp-json\/wp\/v2\/categoria-modelo?post=7471"}],"curies":[{"name":"wp","href":"https:\/\/api.w.org\/{rel}","templated":true}]}}

[MODELO] Pedido de liberdade provisória sem fiança  &#8211;  Inadmissibilidade da fiança criminal para réu enquadrado nos artigos 288 e 304 do Código Penal

<p>EXCELENTÍSSIMO SENHOR JUIZ DE DIREITO DA 34ª  VARA CRIMINAL DA COMARCA DA CAPITAL.</p>
<h1>PROC.  </h1>
<p>,<strong> </strong>brasileiro, solteiro, lanterneiro, RG IFP, CPF,  residente na Rua Lélia Guimarães, , Praia do Cardo, Sepetiba, nesta cidade, através de seu advogado infra-assinado, instrumento de mandato anexo (doc. 1) &#8211; que recebe intimações na Av. Nilo Peçanha, ,  Centro, nesta cidade, vem, respeitosamente, à presença de Vossa Excelência, expor para afinal requerer o seguinte:</p>
<p>DO ENQUADRAMENTO PENAL</p>
<p>DA IMPOSSIBILIDADE DE FIANÇA</p>
<p>1) Conforme se vê da inicial, o requerente foi denunciado frente aos Artigos 288 e 304, ambos Código Penal.</p>
<p>2) Incurso em duas infrações &#8211; Art. 288 e 304, o somatório das penas mínimas ultrapassa o limite de 02 anos previsto no Art. 323, inciso I do CPP, sendo, pois, incabível a concessão da liberdade provisória mediante fiança.</p>
<p>2.1) Antigo entendimento firmado pela Suprema Corte torna impossível o cabimento da liberdade provisória mediante fiança, quando a soma das penas mínimas, no caso de concurso de crimes, ultrapasse o limite de 02 anos.</p>
<p>DA LIBERDADE PROVISÓRIA</p>
<p>INDEPENDENTE DE FIANÇA</p>
<p>3) CONTUDO, ainda que incabível a fiança, não se pode descartar a possibilidade da concessão de liberdade provisória sem fiança, eis que se mostra  desnecessária a custódia cautelar da requerente.</p>
<p>3.1)  Com a presente petição, junta-se os documentos relacionados a seguir, que abonam a vida pretérita do requerente:</p>
<p>&#8211;  <strong>É IDENTIFICADO NO IFP</strong> &#8211; DOC. 2.</p>
<p>&#8211;  <strong>POSSUI RESIDÊNCIA FIXA</strong>, &#8211;   declaração de IR  &#8211;  DOC. 3</p>
<p><strong>&#8211;  É TRABALHADOR</strong>  conforme a declaração da CARBIAN Veículos</p>
<p>                               Ltda – DOC. 4</p>
<p>&#8211;   <strong>É RESERVISTA </strong> &#8211; DOC. 5</p>
<p>&#8211;   <strong>É  CADASTRADO NO CIC </strong> &#8211; DOC. 6</p>
<p>&#8211;   <strong>É ELEITOR</strong> – DOC. 7</p>
<p>&#8211;   <strong>POSSUI CONTA BANCÁRIA</strong> – DOC .8</p>
<p> &#8211;   <strong>POSSUI CARTÃO DE CRÉDITO </strong>– DOC.000</p>
<p>&#8211;    <strong>É   ABSOLUTAMENTE     PRIMÁRIO  NÃO   REGISTRANDO</strong></p>
<p>   <strong>  ANTECEDENTES CRIMINAIS,</strong>       conforme      comprovam     as </p>
<p><strong>     </strong>certidões dos Cartórios   Distribuidores  &#8211; DOC. 10/13  </p>
</p>
<p>&#8211; DA INOCORRÊNCIA DAS  HIPÓTESES</p>
<p>  QUE  ENSEJAM  A  DECRETAÇÃO  DA</p>
<p>  PRISÃO PREVENTIVA.</p>
<p>&#8211; DA LEI 000.714/0008 </p>
<p>4) Diante do perfil traçado pela documentação acostada à presente, se conclui pela total ausência dos motivos que ensejam a decretação da prisão preventiva &#8211; Art. 312 CPP, mostrando-se desnecessária a manutenção da prisão da requerente.</p>
<p>4.1)  Em outras palavras, caso não tivesse sido preso em flagrante, de certo o Órgão do Ministério Público não postularia e prisão preventiva, e de certo  Vossa Excelência não decretaria a custódia cautelar do  requerente ante a ausência dos motivos ensejadores daquela medida.</p>
<p>4.2) Desse modo, tendo sido presa em flagrante mas não se fazendo presentes as hipóteses que autorizam a decretação da prisão preventiva, é possível a concessão da liberdade provisória independente de fiança, nos moldes do parágrafo único, do Art. 310, da Lei Processual Penal.</p>
<p>5) Além disso, caso sobrevenha condenação, ante a absoluta primariedade do requerente, a pena eventualmente aplicada deverá se situar nos limites mínimos, não ultrapassando o quantitativo de quatro anos, cabendo, destarte, a substituição por uma pena alternativa, nos moldes da Lei 000.714/0006.    Tal conclusão reforça ainda mais a afirmativa da desnecessidade da manutenção de sua prisão cautelar. </p>
<h2>DO PEDIDO</h2>
<p>DESTA FORMA, requer se digne Vossa Excelência, ouvida a Ilustre Representante do Ministério Público, conceder ao requerente a liberdade provisória nos moldes do citado dispositivo processual, como medida de Justiça.</p>
</p>
<p>                        PEDE DEFERIMENTO,</p>
<p>                        RIO DE JANEIRO,  </p>
