{"id":5549,"date":"2023-07-13T16:42:13","date_gmt":"2023-07-13T16:42:13","guid":{"rendered":"https:\/\/easyjur.com\/blog\/?post_type=modelos-de-peticao&#038;p=3650"},"modified":"2023-07-13T16:42:13","modified_gmt":"2023-07-13T16:42:13","slug":"replica-a-contestacao-vinculo-empregaticio-descontos-previdenciarios-e-horas-trabalhadas","status":"publish","type":"modelos-de-peticao","link":"https:\/\/easyjur.com\/blog\/modelos-de-peticao\/replica-a-contestacao-vinculo-empregaticio-descontos-previdenciarios-e-horas-trabalhadas\/","title":{"rendered":"[MODELO] R\u00e9plica \u00e0 contesta\u00e7\u00e3o  &#8211;  V\u00ednculo empregat\u00edcio, descontos previdenci\u00e1rios e horas trabalhadas"},"content":{"rendered":"<p>EXMO. SR. DR. JUIZ DE DIREITO DA &#8230;. VARA DO TRABALHO DE &#8230;.. ESTADO DO &#8230;..<\/p>\n<p>AUTOS N\u00ba &#8230;..<\/p>\n<p>&#8230;.., brasileiro (a), (estado civil), profissional da \u00e1rea de &#8230;.., portador (a) do CIRG n.\u00ba &#8230;.. e do CPF n.\u00ba &#8230;..,  residente e domiciliado (a) na Rua &#8230;.., n.\u00ba &#8230;.., Bairro &#8230;.., Cidade &#8230;.., Estado &#8230;.., por interm\u00e9dio de seu (sua) advogado(a) e bastante procurador(a) (procura\u00e7\u00e3o em anexo &#8211; doc. 01), com escrit\u00f3rio profissional sito \u00e0 Rua &#8230;.., n\u00ba &#8230;.., Bairro &#8230;.., Cidade &#8230;.., Estado &#8230;.., onde recebe notifica\u00e7\u00f5es e intima\u00e7\u00f5es,  vem mui respeitosamente \u00e0 presen\u00e7a de Vossa Excel\u00eancia apresentar<\/p>\n<p>R\u00c9PLICA \u00c0 CONTESTA\u00c7\u00c3O<\/p>\n<p>apresentada por &#8230;.., pessoa jur\u00eddica de direito privado, inscrita no CNPJ sob o n.\u00ba &#8230;.., com sede na Rua &#8230;.., n.\u00ba &#8230;.., Bairro &#8230;&#8230;, Cidade &#8230;.., Estado &#8230;.., CEP &#8230;.., representada neste ato por seu (sua) s\u00f3cio(a) gerente Sr. (a). &#8230;.., brasileiro (a), (estado civil), profissional da \u00e1rea de &#8230;.., portador (a) do CIRG n\u00ba &#8230;.. e do CPF n.\u00ba &#8230;.., pelos motivos de fato e de direito a seguir aduzidos.<\/p>\n<p>1. DO V\u00cdNCULO EMPREGAT\u00cdCIO<\/p>\n<p>A reclamada alega que n\u00e3o teve v\u00ednculo empregat\u00edcio com o reclamante, que \u00e9 totalmente improcedente.<\/p>\n<p>Na verdade a empresa &#8230;&#8230;, faz parte da mesma empresa &#8230;&#8230;, o qual teve sua raz\u00e3o social alterada para &#8230;.., conforme primeira altera\u00e7\u00e3o de contrato social juntado \u00e0s fls. 250, CL\u00c1USULA QUARTA. <\/p>\n<p>Apesar da reclamada negar veemente o v\u00ednculo empregat\u00edcio, ineg\u00e1vel sua exist\u00eancia, pelos fartos documentos juntados na exordial, em especial pelo crach\u00e1(fl. 13) que fora fornecido pela reclamada &#8230;. ao reclamante para que este realizasse visitas aos clientes.<\/p>\n<p>O produto oferecido pelo Reclamante era &#8230;. e posteriormente da marca &#8230;., estas marcas eram comercializadas tanto pela &#8230;.., conforme depoimento do preposto da reclamada.<\/p>\n<p>Se o reclamante vendeu cerveja da marca &#8230;.. e a Reclamada comercializa cervejas da marca &#8230;. \u00e9 l\u00f3gico que o reclamante teve v\u00ednculo empregat\u00edcio com a Reclamada.<\/p>\n<p>O reclamante em seu depoimento apontou os nomes dos contratantes &#8211; o Sr. &#8230;.., estas pessoas constam no contrato social da empresa &#8230;.., segundo comprova-se \u00e0s fls. 249, sendo que a Sr. &#8230;.. j\u00e1 pertencia a sociedade desde o inicio da atividade da empresa &#8211; 16\/03\/99<\/p>\n<p>Segundo verifica-se na fl. 272 a Sra&#8230;&#8230; prestava seus servi\u00e7o para a &#8230;.., sendo que no mesmo per\u00edodo, a empresa &#8230;.. j\u00e1 estava funcionando, ou seja, desde 16\/03\/99, conforme contrato social juntado \u00e0s fls. 246\/248.<\/p>\n<p>A Sr. &#8230;&#8230; \u00e9 um testa de ferro da empresa &#8230;&#8230;, para assim burlar a os direitos do reclamante.<\/p>\n<p>O documento juntado na fl.13 demonstra claramente que o reclamante laborou para a empresa &#8230;..<\/p>\n<p>Assim, Excel\u00eancia requer o reconhecimento do v\u00ednculo empregat\u00edcio com a empresa &#8230;.., para que surta seus efeitos legais.<\/p>\n<p>2. DOS DESCONTOS DE INSS E DE IMPOSTO DE RENDA.<\/p>\n<p>N\u00e3o h\u00e1 qualquer respaldo a pretens\u00e3o da reclamada de requerer os descontos previdenci\u00e1rios e fiscais, visto que a justi\u00e7a do trabalho \u00e9 incompetente para apreciar a referida mat\u00e9ria.<\/p>\n<p>Alias, jurisprud\u00eancia  da 2\u00aa e 3\u00aa Turmas  do Egr\u00e9gio Tribunal Regional do Trabalho  &#8211; 9\u00aa Regi\u00e3o, pronunciam-se pela incompet\u00eancia da Justi\u00e7a do Trabalho, para  cuidar das referidas mat\u00e9rias, sen\u00e3o vejamos:<\/p>\n<p>2\u00aa TURMA &#8211; TRT-PR<\/p>\n<p>CR\u00c9DITOS TRABALHISTAS &#8211; INCID\u00caNCIA PREVIDENCI\u00c1RIA &#8211; INCOMPET\u00caNCIA DA JUSTI\u00c7A DO TRABALHO<\/p>\n<p>FALECE COMPET\u00caNCIA \u00c0 JUSTI\u00c7A DO TRABALHO PARA DETERMINAR, SEJA NA SENTEN\u00c7A DE CONHECIMENTO, SEJA NA FASE DE EXECU\u00c7\u00c3O, A REALIZA\u00c7\u00c3O DE DESCONTOS A T\u00cdTULO DE CONTRIBUI\u00c7\u00c3O \u00c0 SEGURIDADE SOCIAL. A RESPONSABILIDADE \u00c9 DO EMPREGADOR (LEI 8212\/91, ARTIGO 33 \u00a7 5\u00ba). N\u00c3O SE PODE ADMITIR TRAZER AOS AUTOS DAS A\u00c7\u00d5ES TRABALHISTAS DISCUSS\u00d5ES SOBRE BASES DE INCID\u00caNCIA, AL\u00cdQUOTAS, CRIT\u00c9RIOS DE C\u00c1LCULO E RECOLHIMENTO DE ENCARGOS, POR INCOMPET\u00caNCIA ABSOLUTA DA JUSTI\u00c7A DO TRABALHO. (TRT-PR-AP 744\/92 &#8211; AC 2\u00aa T. REL: JUIZ ZENNO SIMM &#8211; DJPR 07.05.93).<\/p>\n<p>3\u00aa TURMA &#8211; TRT-PR<\/p>\n<p>DESCONTOS PREVIDENCI\u00c1RIOS E TRIBUT\u00c1RIOS &#8211; COISA JULGADA. INCOMPET\u00caNCIA DA JUSTI\u00c7A DO TRABALHO.<\/p>\n<p>1. INADMISS\u00cdVEL, SEM OFENDER \u00c0 AUTORIDADE DA COISA JULGADA MATERIAL, DETERMINAR-SE OU PERMITIR-SE DESCONTO DE CONTRIBUI\u00c7\u00c3O PREVIDENCI\u00c1RIA OU RETEN\u00c7\u00c3O DE IMPOSTO DE RENDA, SILENTE O T\u00cdTULO EXEQ\u00dcENDO (CLT, ART. 879, \u00a7 1\u00ba, CONSTITUI\u00c7\u00c3O FEDERAL, ART. 5\u00ba, INCISO XXXV).<\/p>\n<p>2. TRANSCENDE A COMPET\u00caNCIA MATERIAL DE JUSTI\u00c7A DO TRABALHO, \u00c0 LUZ DO ART. 114, DA CONSTITUI\u00c7\u00c3O FEDERAL, ORDENAR  DESCONTO DE NATUREZA PREVIDENCI\u00c1RIA, OU TRIBUT\u00c1RIA, EIS QUE A CONTROV\u00c9RSIA ALUSIVA A TAIS DESCONTOS N\u00c3O TRADUZ DISS\u00cdDIO INDIVIDUAL ENTRE EMPREGADO E EMPREGADOR, ENTENDIDO COMO DISPUTA ACERTA DOS DIREITOS E OBRIGA\u00c7\u00d5ES REC\u00cdPROCAS DO CONTRATO DE EMPREGO (TRT\/PR-AP 1240\/92 &#8211; AC 3\u00aa T. 5.035\/93 &#8211; REL. JUIZ JO\u00c3O ORESTE DALAZEN &#8211; DJPR 21.05.93).<\/p>\n<p>Assim, como n\u00e3o h\u00e1 base legal para o desconto pretendido pela reclamada, improcedente o pedido da reclamada neste item.<\/p>\n<p>3. DA JORNADA DE TRABALHO<\/p>\n<p>Como a reclamada n\u00e3o realizou provas do fato impeditivo do direito do autor (art. 373, II, do NCPC), requer a ratifica\u00e7\u00e3o do pedido contido na inicial.<\/p>\n<p>4. DO DESGASTE DO AUTOM\u00d3VEL<\/p>\n<p>Caso o reclamante n\u00e3o tivesse um ve\u00edculo certamente n\u00e3o seria admitido como vendedor pela reclamada.<\/p>\n<p>Uma vez que o Reclamante est\u00e1 na posse das notas \u00e9 de se concluir que foram por ele consumidos a presta\u00e7\u00e3o de servi\u00e7o bem como de mercadoria.<\/p>\n<p>Assim, requer que a condena\u00e7\u00e3o da reclamada a fim que indenize o reclamante pelo desgaste do ve\u00edculo.<\/p>\n<p>5. DA REMUNERA\u00c7\u00c3O<\/p>\n<p>O sal\u00e1rio m\u00ednimo atual do pais est\u00e1 em R$ &#8230;., a remunera\u00e7\u00e3o pleiteada pelo reclamante n\u00e3o \u00e9 irreal, apenas reivindica pelo que foi contratado.<\/p>\n<p>Assim requer seja ratificado o pedido contido na inicial.<\/p>\n<p>6. 13\u00ba  SAL\u00c1RIOS, F\u00c9RIAS, FGTS E AVISO PR\u00c9VIO<\/p>\n<p>Sendo reconhecido o v\u00ednculo empregat\u00edcio, requer a condena\u00e7\u00e3o da reclamada no 13\u00ba sal\u00e1rio, f\u00e9rias, FGTS e aviso pr\u00e9vio, uma vez que n\u00e3o consta nos autos qualquer pagamento dessas verbas.<\/p>\n<p>7. VERBAS RESCIS\u00d3RIAS<\/p>\n<p>Como a reclamada n\u00e3o efetuou o pagamento das verbas rescis\u00f3rias no prazo legal, requer sua condena\u00e7\u00e3o no pagamento da multa do artigo 477 da CLT, libera\u00e7\u00e3o da guia do seguro desemprego.<\/p>\n<p>DOS PEDIDOS<\/p>\n<p>Pelo exposto requer se digne Vossa Excel\u00eancia receber a presente impugna\u00e7\u00e3o a fim de julgar totalmente procedente a presente a\u00e7\u00e3o, com ratifica\u00e7\u00e3o dos pedidos contidos na inicial.<\/p>\n<p>Nesses Termos,<\/p>\n<p>Pede Deferimento.<\/p>\n<p>[Local], [dia] de [m\u00eas] de [ano].<\/p>\n<p>[Assinatura do Advogado]<\/p>\n<p>[N\u00famero de Inscri\u00e7\u00e3o na OAB]<\/p>\n","protected":false},"featured_media":0,"parent":0,"menu_order":0,"template":"","meta":{"content-type":""},"categoria-modelo":[728],"class_list":["post-5549","modelos-de-peticao","type-modelos-de-peticao","status-publish","hentry","categoria-modelo-defesa-trabalhista"],"_links":{"self":[{"href":"https:\/\/easyjur.com\/blog\/wp-json\/wp\/v2\/modelos-de-peticao\/5549","targetHints":{"allow":["GET"]}}],"collection":[{"href":"https:\/\/easyjur.com\/blog\/wp-json\/wp\/v2\/modelos-de-peticao"}],"about":[{"href":"https:\/\/easyjur.com\/blog\/wp-json\/wp\/v2\/types\/modelos-de-peticao"}],"wp:attachment":[{"href":"https:\/\/easyjur.com\/blog\/wp-json\/wp\/v2\/media?parent=5549"}],"wp:term":[{"taxonomy":"categoria-modelo","embeddable":true,"href":"https:\/\/easyjur.com\/blog\/wp-json\/wp\/v2\/categoria-modelo?post=5549"}],"curies":[{"name":"wp","href":"https:\/\/api.w.org\/{rel}","templated":true}]}}

[MODELO] Réplica à contestação  &#8211;  Vínculo empregatício, descontos previdenciários e horas trabalhadas

<p>EXMO. SR. DR. JUIZ DE DIREITO DA &#8230;. VARA DO TRABALHO DE &#8230;.. ESTADO DO &#8230;..</p>
<p>AUTOS Nº &#8230;..</p>
<p>&#8230;.., brasileiro (a), (estado civil), profissional da área de &#8230;.., portador (a) do CIRG n.º &#8230;.. e do CPF n.º &#8230;..,  residente e domiciliado (a) na Rua &#8230;.., n.º &#8230;.., Bairro &#8230;.., Cidade &#8230;.., Estado &#8230;.., por intermédio de seu (sua) advogado(a) e bastante procurador(a) (procuração em anexo &#8211; doc. 01), com escritório profissional sito à Rua &#8230;.., nº &#8230;.., Bairro &#8230;.., Cidade &#8230;.., Estado &#8230;.., onde recebe notificações e intimações,  vem mui respeitosamente à presença de Vossa Excelência apresentar</p>
<p>RÉPLICA À CONTESTAÇÃO</p>
<p>apresentada por &#8230;.., pessoa jurídica de direito privado, inscrita no CNPJ sob o n.º &#8230;.., com sede na Rua &#8230;.., n.º &#8230;.., Bairro &#8230;&#8230;, Cidade &#8230;.., Estado &#8230;.., CEP &#8230;.., representada neste ato por seu (sua) sócio(a) gerente Sr. (a). &#8230;.., brasileiro (a), (estado civil), profissional da área de &#8230;.., portador (a) do CIRG nº &#8230;.. e do CPF n.º &#8230;.., pelos motivos de fato e de direito a seguir aduzidos.</p>
<p>1. DO VÍNCULO EMPREGATÍCIO</p>
<p>A reclamada alega que não teve vínculo empregatício com o reclamante, que é totalmente improcedente.</p>
<p>Na verdade a empresa &#8230;&#8230;, faz parte da mesma empresa &#8230;&#8230;, o qual teve sua razão social alterada para &#8230;.., conforme primeira alteração de contrato social juntado às fls. 250, CLÁUSULA QUARTA. </p>
<p>Apesar da reclamada negar veemente o vínculo empregatício, inegável sua existência, pelos fartos documentos juntados na exordial, em especial pelo crachá(fl. 13) que fora fornecido pela reclamada &#8230;. ao reclamante para que este realizasse visitas aos clientes.</p>
<p>O produto oferecido pelo Reclamante era &#8230;. e posteriormente da marca &#8230;., estas marcas eram comercializadas tanto pela &#8230;.., conforme depoimento do preposto da reclamada.</p>
<p>Se o reclamante vendeu cerveja da marca &#8230;.. e a Reclamada comercializa cervejas da marca &#8230;. é lógico que o reclamante teve vínculo empregatício com a Reclamada.</p>
<p>O reclamante em seu depoimento apontou os nomes dos contratantes &#8211; o Sr. &#8230;.., estas pessoas constam no contrato social da empresa &#8230;.., segundo comprova-se às fls. 249, sendo que a Sr. &#8230;.. já pertencia a sociedade desde o inicio da atividade da empresa &#8211; 16/03/99</p>
<p>Segundo verifica-se na fl. 272 a Sra&#8230;&#8230; prestava seus serviço para a &#8230;.., sendo que no mesmo período, a empresa &#8230;.. já estava funcionando, ou seja, desde 16/03/99, conforme contrato social juntado às fls. 246/248.</p>
<p>A Sr. &#8230;&#8230; é um testa de ferro da empresa &#8230;&#8230;, para assim burlar a os direitos do reclamante.</p>
<p>O documento juntado na fl.13 demonstra claramente que o reclamante laborou para a empresa &#8230;..</p>
<p>Assim, Excelência requer o reconhecimento do vínculo empregatício com a empresa &#8230;.., para que surta seus efeitos legais.</p>
<p>2. DOS DESCONTOS DE INSS E DE IMPOSTO DE RENDA.</p>
<p>Não há qualquer respaldo a pretensão da reclamada de requerer os descontos previdenciários e fiscais, visto que a justiça do trabalho é incompetente para apreciar a referida matéria.</p>
<p>Alias, jurisprudência  da 2ª e 3ª Turmas  do Egrégio Tribunal Regional do Trabalho  &#8211; 9ª Região, pronunciam-se pela incompetência da Justiça do Trabalho, para  cuidar das referidas matérias, senão vejamos:</p>
<p>2ª TURMA &#8211; TRT-PR</p>
<p>CRÉDITOS TRABALHISTAS &#8211; INCIDÊNCIA PREVIDENCIÁRIA &#8211; INCOMPETÊNCIA DA JUSTIÇA DO TRABALHO</p>
<p>FALECE COMPETÊNCIA À JUSTIÇA DO TRABALHO PARA DETERMINAR, SEJA NA SENTENÇA DE CONHECIMENTO, SEJA NA FASE DE EXECUÇÃO, A REALIZAÇÃO DE DESCONTOS A TÍTULO DE CONTRIBUIÇÃO À SEGURIDADE SOCIAL. A RESPONSABILIDADE É DO EMPREGADOR (LEI 8212/91, ARTIGO 33 § 5º). NÃO SE PODE ADMITIR TRAZER AOS AUTOS DAS AÇÕES TRABALHISTAS DISCUSSÕES SOBRE BASES DE INCIDÊNCIA, ALÍQUOTAS, CRITÉRIOS DE CÁLCULO E RECOLHIMENTO DE ENCARGOS, POR INCOMPETÊNCIA ABSOLUTA DA JUSTIÇA DO TRABALHO. (TRT-PR-AP 744/92 &#8211; AC 2ª T. REL: JUIZ ZENNO SIMM &#8211; DJPR 07.05.93).</p>
<p>3ª TURMA &#8211; TRT-PR</p>
<p>DESCONTOS PREVIDENCIÁRIOS E TRIBUTÁRIOS &#8211; COISA JULGADA. INCOMPETÊNCIA DA JUSTIÇA DO TRABALHO.</p>
<p>1. INADMISSÍVEL, SEM OFENDER À AUTORIDADE DA COISA JULGADA MATERIAL, DETERMINAR-SE OU PERMITIR-SE DESCONTO DE CONTRIBUIÇÃO PREVIDENCIÁRIA OU RETENÇÃO DE IMPOSTO DE RENDA, SILENTE O TÍTULO EXEQÜENDO (CLT, ART. 879, § 1º, CONSTITUIÇÃO FEDERAL, ART. 5º, INCISO XXXV).</p>
<p>2. TRANSCENDE A COMPETÊNCIA MATERIAL DE JUSTIÇA DO TRABALHO, À LUZ DO ART. 114, DA CONSTITUIÇÃO FEDERAL, ORDENAR  DESCONTO DE NATUREZA PREVIDENCIÁRIA, OU TRIBUTÁRIA, EIS QUE A CONTROVÉRSIA ALUSIVA A TAIS DESCONTOS NÃO TRADUZ DISSÍDIO INDIVIDUAL ENTRE EMPREGADO E EMPREGADOR, ENTENDIDO COMO DISPUTA ACERTA DOS DIREITOS E OBRIGAÇÕES RECÍPROCAS DO CONTRATO DE EMPREGO (TRT/PR-AP 1240/92 &#8211; AC 3ª T. 5.035/93 &#8211; REL. JUIZ JOÃO ORESTE DALAZEN &#8211; DJPR 21.05.93).</p>
<p>Assim, como não há base legal para o desconto pretendido pela reclamada, improcedente o pedido da reclamada neste item.</p>
<p>3. DA JORNADA DE TRABALHO</p>
<p>Como a reclamada não realizou provas do fato impeditivo do direito do autor (art. 373, II, do NCPC), requer a ratificação do pedido contido na inicial.</p>
<p>4. DO DESGASTE DO AUTOMÓVEL</p>
<p>Caso o reclamante não tivesse um veículo certamente não seria admitido como vendedor pela reclamada.</p>
<p>Uma vez que o Reclamante está na posse das notas é de se concluir que foram por ele consumidos a prestação de serviço bem como de mercadoria.</p>
<p>Assim, requer que a condenação da reclamada a fim que indenize o reclamante pelo desgaste do veículo.</p>
<p>5. DA REMUNERAÇÃO</p>
<p>O salário mínimo atual do pais está em R$ &#8230;., a remuneração pleiteada pelo reclamante não é irreal, apenas reivindica pelo que foi contratado.</p>
<p>Assim requer seja ratificado o pedido contido na inicial.</p>
<p>6. 13º  SALÁRIOS, FÉRIAS, FGTS E AVISO PRÉVIO</p>
<p>Sendo reconhecido o vínculo empregatício, requer a condenação da reclamada no 13º salário, férias, FGTS e aviso prévio, uma vez que não consta nos autos qualquer pagamento dessas verbas.</p>
<p>7. VERBAS RESCISÓRIAS</p>
<p>Como a reclamada não efetuou o pagamento das verbas rescisórias no prazo legal, requer sua condenação no pagamento da multa do artigo 477 da CLT, liberação da guia do seguro desemprego.</p>
<p>DOS PEDIDOS</p>
<p>Pelo exposto requer se digne Vossa Excelência receber a presente impugnação a fim de julgar totalmente procedente a presente ação, com ratificação dos pedidos contidos na inicial.</p>
<p>Nesses Termos,</p>
<p>Pede Deferimento.</p>
<p>[Local], [dia] de [mês] de [ano].</p>
<p>[Assinatura do Advogado]</p>
<p>[Número de Inscrição na OAB]</p>
