{"id":46303,"date":"2023-08-11T01:05:45","date_gmt":"2023-08-11T01:05:45","guid":{"rendered":"https:\/\/easyjur.com\/blog\/?post_type=modelos-de-peticao&#038;p=3650"},"modified":"2023-08-11T01:05:45","modified_gmt":"2023-08-11T01:05:45","slug":"pedido-de-concessao-de-auxilio-reclusao-prisao-domiciliar-e-direito-do-dependente","status":"publish","type":"modelos-de-peticao","link":"https:\/\/easyjur.com\/blog\/modelos-de-peticao\/pedido-de-concessao-de-auxilio-reclusao-prisao-domiciliar-e-direito-do-dependente\/","title":{"rendered":"[MODELO] Pedido de concess\u00e3o de aux\u00edlio &#8211; reclus\u00e3o  &#8211;  pris\u00e3o domiciliar e direito do dependente"},"content":{"rendered":"<p><strong>EXCELENT\u00cdSSIMO JUIZ&#8230; <\/strong><em>(ju\u00edzo competente para apreciar a demanda proposta)<\/em><\/p>\n<p><strong>EMENTA: PREVIDENCI\u00c1RIO. CONCESS\u00c3O. AUX\u00cdLIO-RECLUS\u00c3O. <\/strong><\/p>\n<p><strong>PARTE AUTORA<\/strong>, (nacionalidade), (estado civil \u2013 indicar se h\u00e1 uni\u00e3o est\u00e1vel), (profiss\u00e3o), portador(a) do documento de identidade sob o n.\u00ba&#8230;, CPF sob o n.\u00ba&#8230;, e-mail\u2026, residente e domiciliado(a) na rua.., bairro.., cidade.., estado.., CEP&#8230;, vem a presen\u00e7a de Vossa Excel\u00eancia propor a presente<\/p>\n<table>\n<tr>\n<td>\n<p><strong>A\u00c7\u00c3O JUDICIAL PARA CONCESS\u00c3O DE BENEF\u00cdCIO PREVIDENCI\u00c1RIO <\/strong><\/p>\n<\/td>\n<\/tr>\n<\/table>\n<p>contra o <strong>INSTITUTO NACIONAL DO SEGURO SOCIAL (INSS)<\/strong>, pessoa jur\u00eddica de direito p\u00fablico, na pessoa do seu representante legal, domiciliado na rua&#8230;, bairro&#8230;, cidade&#8230;, estado&#8230;, CEP&#8230;, pelos fatos e fundamentos que a seguir aduz.<\/p>\n<table>\n<tr>\n<td>\n<p><strong> 1. FATOS<\/strong><\/p>\n<\/td>\n<\/tr>\n<\/table>\n<p>A Parte Autora, na qualidade de dependente do segurado&#8230; (<em>nome do segurado recolhido \u00e0 pris\u00e3o<\/em>), requereu junto \u00e0 ag\u00eancia da Previd\u00eancia Social em&#8230; <em>(data da entrada do requerimento administrativo)<\/em> a concess\u00e3o do benef\u00edcio previdenci\u00e1rio de aux\u00edlio-reclus\u00e3o, o qual restou indeferido pela Autarquia-r\u00e9<\/p>\n<p>Assim, busca a tutela jurisdicional para ver garantido o seu direito de receber o benef\u00edcio previdenci\u00e1rio.<\/p>\n<table>\n<tr>\n<td>\n<p><strong> 2. FUNDAMENTA\u00c7\u00c3O DE M\u00c9RITO <\/strong><\/p>\n<\/td>\n<\/tr>\n<\/table>\n<p>A Constitui\u00e7\u00e3o da Rep\u00fablica Federativa do Brasil de 1988, disciplina, no seu art. 201, IV, que:<\/p>\n<p>Art. 201. A previd\u00eancia social ser\u00e1 organizada sob a forma de regime geral, de car\u00e1ter contributivo e de filia\u00e7\u00e3o obrigat\u00f3ria, observados crit\u00e9rios que preservem o equil\u00edbrio financeiro e atuarial, e atender\u00e1, nos termos da lei, a:<\/p>\n<p>[&#8230;]<\/p>\n<p>IV &#8211; sal\u00e1rio-fam\u00edlia e <strong>aux\u00edlio-reclus\u00e3o para os dependentes dos segurados de baixa renda<\/strong>;<\/p>\n<p>(grifou-se)<\/p>\n<p>A Lei n.\u00ba 8.213\/91, em seu turno, disciplina, no seu art. 80, referido benef\u00edcio, <em>in verbis<\/em>:<\/p>\n<p>Art. 80. O aux\u00edlio-reclus\u00e3o ser\u00e1 devido, nas mesmas condi\u00e7\u00f5es da pens\u00e3o por morte, aos dependentes do segurado recolhido \u00e0 pris\u00e3o, que n\u00e3o receber remunera\u00e7\u00e3o da empresa nem estiver em gozo de aux\u00edlio-doen\u00e7a, de aposentadoria ou de abono de perman\u00eancia em servi\u00e7o.<\/p>\n<p>O segurado instituidor do benef\u00edcio est\u00e1 cumprindo pris\u00e3o domiciliar. <\/p>\n<p>\u00c9 de ressaltar-se, outrossim, que o art. 116, \u00a7 5\u00ba, do Decreto n. 3.048\/99, menciona ser devido o aux\u00edlio-reclus\u00e3o apenas durante o per\u00edodo em que o segurado estiver recolhido \u00e0 pris\u00e3o sob regime fechado ou semiaberto.<\/p>\n<p>Por\u00e9m, o Tribunal Regional da 4 Regi\u00e3o tem entendido que o que importa, para autorizar a cessa\u00e7\u00e3o do aux\u00edlio-reclus\u00e3o, n\u00e3o \u00e9 o regime de cumprimento da pena a que est\u00e1 submetido o segurado, mas sim a possibilidade de ele exercer atividade remunerada fora do sistema prisional, o que n\u00e3o s\u00f3 se d\u00e1 quando aquele \u00e9 posto em liberdade, mas tamb\u00e9m quando a execu\u00e7\u00e3o da pena for realizada em regime prisional aberto ou o segurado estiver em liberdade condicional. <\/p>\n<p>Nesse sentido: AC n. 0010666-04.2011.404.9999\/RS, Rel. Des. Federal Celso Kipper, julgada em 21-08-2013, D.E. 30-08-2013; AC n. 0013879-81.2012.404.9999\/RS, Rel. Des. Federal Ricardo Teixeira do Valle Pereira, julgada em 30-10-2012, D.E. em 09-11-2012; e AC n. 2008.70.990024272, Rel. Des. Federal Fernando Quadros da Silva, Turma Suplementar, D.E. de 17-11-2008.<\/p>\n<p> Portanto, o fato de o segurado ser colocado em pris\u00e3o domiciliar &#8211; a qual, registre-se, n\u00e3o descaracteriza a condi\u00e7\u00e3o de recluso do condenado, porquanto de pris\u00e3o e de cumprimento de pena igualmente se trata (CPP, art. 317) &#8211; n\u00e3o afasta, por si s\u00f3, a possibilidade de concess\u00e3o do aux\u00edlio-reclus\u00e3o aos seus dependentes, a menos que seja autorizado ao segurado em pris\u00e3o domiciliar a possibilidade de exercer atividade remunerada.<\/p>\n<p>Destarte, tendo a Parte Autora preenchido todos os requisitos necess\u00e1rios para a concess\u00e3o do benef\u00edcio de aux\u00edlio-reclus\u00e3o, deve o INSS ser condenado ao pagamento da referida benesse.<\/p>\n<table>\n<tr>\n<td>\n<p><strong> 3. REQUERIMENTOS<\/strong><\/p>\n<\/td>\n<\/tr>\n<\/table>\n<p>Diante do exposto, requer:<\/p>\n<p>1. A cita\u00e7\u00e3o do Instituto Nacional do Seguro Social \u2013 INSS, na pessoa do seu representante legal, para que responda a presente demanda, no prazo legal, sob pena de revelia;<\/p>\n<p>2. A concess\u00e3o do benef\u00edcio da justi\u00e7a gratuita em virtude da Parte Autora n\u00e3o poder arcar com o pagamento das custas processuais e honor\u00e1rios advocat\u00edcios sem preju\u00edzo do seu sustento ou de sua fam\u00edlia, condi\u00e7\u00e3o que expressamente declara, na forma do art. 4\u00ba da Lei n.\u00ba 1.060\/50;<\/p>\n<p>3. A condena\u00e7\u00e3o do Instituto Nacional do Seguro Social \u2013 INSS para conceder o benef\u00edcio de aux\u00edlio-reclus\u00e3o, bem como pagar as parcelas vencidas desde a&#8230; <em>(data da pris\u00e3o do segurado, se requerido at\u00e9 30 dias ap\u00f3s a pris\u00e3o \/ entrada do requerimento, se requerido ap\u00f3s 30 dias da data da pris\u00e3o do segurado<\/em>), monetariamente corrigidas desde o respectivo vencimento e acrescidas de juros legais morat\u00f3rios, ambos incidentes at\u00e9 a data do efetivo pagamento;<\/p>\n<p>4. A condena\u00e7\u00e3o do Instituto Nacional do Seguro Social \u2013 INSS para arcar com as custas processuais e honor\u00e1rios advocat\u00edcios;<\/p>\n<p>5. Requer, ainda, provar o alegado por todos os meios de prova admitidos em direito, notadamente a documental e testemunhal.<\/p>\n<p>6. Informa, por fim, n\u00e3o ter interesse na realiza\u00e7\u00e3o de audi\u00eancia de concilia\u00e7\u00e3o\/media\u00e7\u00e3o, nos termos do art. 319, VII, do CPC.<\/p>\n<p>D\u00e1-se \u00e0 causa o valor de R$&#8230; (valor da causa)<\/p>\n<p>Pede deferimento.<\/p>\n<p>(Cidade e data)<\/p>\n<p>(Nome, assinatura e n\u00famero da OAB do advogado)<\/p>\n<p>Rol de documentos:<\/p>\n<p>&#8230;<\/p>\n","protected":false},"featured_media":0,"parent":0,"menu_order":0,"template":"","meta":{"content-type":""},"categoria-modelo":[528],"class_list":["post-46303","modelos-de-peticao","type-modelos-de-peticao","status-publish","hentry","categoria-modelo-kit-peticoes-diversas"],"_links":{"self":[{"href":"https:\/\/easyjur.com\/blog\/wp-json\/wp\/v2\/modelos-de-peticao\/46303","targetHints":{"allow":["GET"]}}],"collection":[{"href":"https:\/\/easyjur.com\/blog\/wp-json\/wp\/v2\/modelos-de-peticao"}],"about":[{"href":"https:\/\/easyjur.com\/blog\/wp-json\/wp\/v2\/types\/modelos-de-peticao"}],"wp:attachment":[{"href":"https:\/\/easyjur.com\/blog\/wp-json\/wp\/v2\/media?parent=46303"}],"wp:term":[{"taxonomy":"categoria-modelo","embeddable":true,"href":"https:\/\/easyjur.com\/blog\/wp-json\/wp\/v2\/categoria-modelo?post=46303"}],"curies":[{"name":"wp","href":"https:\/\/api.w.org\/{rel}","templated":true}]}}

[MODELO] Pedido de concessão de auxílio &#8211; reclusão  &#8211;  prisão domiciliar e direito do dependente

<p><strong>EXCELENTÍSSIMO JUIZ&#8230; </strong><em>(juízo competente para apreciar a demanda proposta)</em></p>
<p><strong>EMENTA: PREVIDENCIÁRIO. CONCESSÃO. AUXÍLIO-RECLUSÃO. </strong></p>
<p><strong>PARTE AUTORA</strong>, (nacionalidade), (estado civil – indicar se há união estável), (profissão), portador(a) do documento de identidade sob o n.º&#8230;, CPF sob o n.º&#8230;, e-mail…, residente e domiciliado(a) na rua.., bairro.., cidade.., estado.., CEP&#8230;, vem a presença de Vossa Excelência propor a presente</p>
<table>
<tr>
<td>
<p><strong>AÇÃO JUDICIAL PARA CONCESSÃO DE BENEFÍCIO PREVIDENCIÁRIO </strong></p>
</td>
</tr>
</table>
<p>contra o <strong>INSTITUTO NACIONAL DO SEGURO SOCIAL (INSS)</strong>, pessoa jurídica de direito público, na pessoa do seu representante legal, domiciliado na rua&#8230;, bairro&#8230;, cidade&#8230;, estado&#8230;, CEP&#8230;, pelos fatos e fundamentos que a seguir aduz.</p>
<table>
<tr>
<td>
<p><strong> 1. FATOS</strong></p>
</td>
</tr>
</table>
<p>A Parte Autora, na qualidade de dependente do segurado&#8230; (<em>nome do segurado recolhido à prisão</em>), requereu junto à agência da Previdência Social em&#8230; <em>(data da entrada do requerimento administrativo)</em> a concessão do benefício previdenciário de auxílio-reclusão, o qual restou indeferido pela Autarquia-ré</p>
<p>Assim, busca a tutela jurisdicional para ver garantido o seu direito de receber o benefício previdenciário.</p>
<table>
<tr>
<td>
<p><strong> 2. FUNDAMENTAÇÃO DE MÉRITO </strong></p>
</td>
</tr>
</table>
<p>A Constituição da República Federativa do Brasil de 1988, disciplina, no seu art. 201, IV, que:</p>
<p>Art. 201. A previdência social será organizada sob a forma de regime geral, de caráter contributivo e de filiação obrigatória, observados critérios que preservem o equilíbrio financeiro e atuarial, e atenderá, nos termos da lei, a:</p>
<p>[&#8230;]</p>
<p>IV &#8211; salário-família e <strong>auxílio-reclusão para os dependentes dos segurados de baixa renda</strong>;</p>
<p>(grifou-se)</p>
<p>A Lei n.º 8.213/91, em seu turno, disciplina, no seu art. 80, referido benefício, <em>in verbis</em>:</p>
<p>Art. 80. O auxílio-reclusão será devido, nas mesmas condições da pensão por morte, aos dependentes do segurado recolhido à prisão, que não receber remuneração da empresa nem estiver em gozo de auxílio-doença, de aposentadoria ou de abono de permanência em serviço.</p>
<p>O segurado instituidor do benefício está cumprindo prisão domiciliar. </p>
<p>É de ressaltar-se, outrossim, que o art. 116, § 5º, do Decreto n. 3.048/99, menciona ser devido o auxílio-reclusão apenas durante o período em que o segurado estiver recolhido à prisão sob regime fechado ou semiaberto.</p>
<p>Porém, o Tribunal Regional da 4 Região tem entendido que o que importa, para autorizar a cessação do auxílio-reclusão, não é o regime de cumprimento da pena a que está submetido o segurado, mas sim a possibilidade de ele exercer atividade remunerada fora do sistema prisional, o que não só se dá quando aquele é posto em liberdade, mas também quando a execução da pena for realizada em regime prisional aberto ou o segurado estiver em liberdade condicional. </p>
<p>Nesse sentido: AC n. 0010666-04.2011.404.9999/RS, Rel. Des. Federal Celso Kipper, julgada em 21-08-2013, D.E. 30-08-2013; AC n. 0013879-81.2012.404.9999/RS, Rel. Des. Federal Ricardo Teixeira do Valle Pereira, julgada em 30-10-2012, D.E. em 09-11-2012; e AC n. 2008.70.990024272, Rel. Des. Federal Fernando Quadros da Silva, Turma Suplementar, D.E. de 17-11-2008.</p>
<p> Portanto, o fato de o segurado ser colocado em prisão domiciliar &#8211; a qual, registre-se, não descaracteriza a condição de recluso do condenado, porquanto de prisão e de cumprimento de pena igualmente se trata (CPP, art. 317) &#8211; não afasta, por si só, a possibilidade de concessão do auxílio-reclusão aos seus dependentes, a menos que seja autorizado ao segurado em prisão domiciliar a possibilidade de exercer atividade remunerada.</p>
<p>Destarte, tendo a Parte Autora preenchido todos os requisitos necessários para a concessão do benefício de auxílio-reclusão, deve o INSS ser condenado ao pagamento da referida benesse.</p>
<table>
<tr>
<td>
<p><strong> 3. REQUERIMENTOS</strong></p>
</td>
</tr>
</table>
<p>Diante do exposto, requer:</p>
<p>1. A citação do Instituto Nacional do Seguro Social – INSS, na pessoa do seu representante legal, para que responda a presente demanda, no prazo legal, sob pena de revelia;</p>
<p>2. A concessão do benefício da justiça gratuita em virtude da Parte Autora não poder arcar com o pagamento das custas processuais e honorários advocatícios sem prejuízo do seu sustento ou de sua família, condição que expressamente declara, na forma do art. 4º da Lei n.º 1.060/50;</p>
<p>3. A condenação do Instituto Nacional do Seguro Social – INSS para conceder o benefício de auxílio-reclusão, bem como pagar as parcelas vencidas desde a&#8230; <em>(data da prisão do segurado, se requerido até 30 dias após a prisão / entrada do requerimento, se requerido após 30 dias da data da prisão do segurado</em>), monetariamente corrigidas desde o respectivo vencimento e acrescidas de juros legais moratórios, ambos incidentes até a data do efetivo pagamento;</p>
<p>4. A condenação do Instituto Nacional do Seguro Social – INSS para arcar com as custas processuais e honorários advocatícios;</p>
<p>5. Requer, ainda, provar o alegado por todos os meios de prova admitidos em direito, notadamente a documental e testemunhal.</p>
<p>6. Informa, por fim, não ter interesse na realização de audiência de conciliação/mediação, nos termos do art. 319, VII, do CPC.</p>
<p>Dá-se à causa o valor de R$&#8230; (valor da causa)</p>
<p>Pede deferimento.</p>
<p>(Cidade e data)</p>
<p>(Nome, assinatura e número da OAB do advogado)</p>
<p>Rol de documentos:</p>
<p>&#8230;</p>
