{"id":45735,"date":"2023-08-10T14:43:40","date_gmt":"2023-08-10T14:43:40","guid":{"rendered":"https:\/\/easyjur.com\/blog\/?post_type=modelos-de-peticao&#038;p=3650"},"modified":"2023-08-10T14:43:40","modified_gmt":"2023-08-10T14:43:40","slug":"dilacao-de-horario-para-reeducando-em-regime-semiaberto-manifestacao-da-defesa","status":"publish","type":"modelos-de-peticao","link":"https:\/\/easyjur.com\/blog\/modelos-de-peticao\/dilacao-de-horario-para-reeducando-em-regime-semiaberto-manifestacao-da-defesa\/","title":{"rendered":"[MODELO] Dila\u00e7\u00e3o de hor\u00e1rio para reeducando em regime semiaberto  &#8211;  Manifesta\u00e7\u00e3o da Defesa"},"content":{"rendered":"<p><strong>EXCELENT\u00cdSSIMA SENHORA DOUTORA JU\u00cdZA DE DIREITO DE DIREITO DA VARA DE EXECU\u00c7\u00d5ES PENAIS DA COMARCA DE ____.<\/strong><\/p>\n<p>pec n\u00b0 ____<\/p>\n<p>objeto: manifesta\u00e7\u00e3o da Defesa<\/p>\n<p>___________________, devidamente qualificado, pelo seu Defensor infra-assinado, vem, respeitosamente, \u00e0 presen\u00e7a de Vossa Excel\u00eancia, nos autos em ep\u00edgrafe, expor e requerer o que segue:<\/p>\n<p>O reeducando cumpre pena privativa de liberdade de (22) vinte e dois anos, (2) dois meses e (15) quinze dias de reclus\u00e3o, atualmente no regime semiaberto com servi\u00e7o externo junto a empresa _______ Ltda., a qual possui sede na Rua ____, n\u00b0 ___, Bairro ___, na cidade de _____ (<em>vide<\/em> alvar\u00e1 de licen\u00e7a de folha ___ do pec).<\/p>\n<p>Tendo em linha de conta que o reeducando possui domic\u00edlio na cidade de ____, dependendo de transporte coletivo intermunicipal para o seu deslocamento, pleiteou \u00e0 folha ___, dila\u00e7\u00e3o de hor\u00e1rio junto \u00e0 casa prisional.<\/p>\n<p>Em virtude do que, assoma imprescind\u00edvel o seu deferimento, porquanto o hor\u00e1rio de trabalho desenvolvido pelo reeducando assim obriga: 8:40 \u00e0s 12:00 horas, e 14:00 \u00e0s 18:00 horas (<em>vide<\/em> ficha de registro de empregado de folha ___ do pec).<\/p>\n<p>POSTO ISTO, REQUER:<\/p>\n<p>I.- Seja deferida ao reeducando, dila\u00e7\u00e3o de hor\u00e1rio para libera\u00e7\u00e3o pela casa prisional \u00e0s 5:30 horas, devendo retornar para o pernoite \u00e0s 21:00 horas, de segunda \u00e0 s\u00e1bado, cumprindo-se oficiar ao Pres\u00eddio _____.<\/p>\n<p>Nestes Termos,<\/p>\n<p>Pede e Espera Deferimento.<\/p>\n<p>_____________(UF), __ de _____ de _____.<\/p>\n<p>__________<\/p>\n<p>OAB\/UF ____<\/p>\n","protected":false},"featured_media":0,"parent":0,"menu_order":0,"template":"","meta":{"content-type":""},"categoria-modelo":[153],"class_list":["post-45735","modelos-de-peticao","type-modelos-de-peticao","status-publish","hentry","categoria-modelo-penal"],"_links":{"self":[{"href":"https:\/\/easyjur.com\/blog\/wp-json\/wp\/v2\/modelos-de-peticao\/45735","targetHints":{"allow":["GET"]}}],"collection":[{"href":"https:\/\/easyjur.com\/blog\/wp-json\/wp\/v2\/modelos-de-peticao"}],"about":[{"href":"https:\/\/easyjur.com\/blog\/wp-json\/wp\/v2\/types\/modelos-de-peticao"}],"wp:attachment":[{"href":"https:\/\/easyjur.com\/blog\/wp-json\/wp\/v2\/media?parent=45735"}],"wp:term":[{"taxonomy":"categoria-modelo","embeddable":true,"href":"https:\/\/easyjur.com\/blog\/wp-json\/wp\/v2\/categoria-modelo?post=45735"}],"curies":[{"name":"wp","href":"https:\/\/api.w.org\/{rel}","templated":true}]}}

[MODELO] Dilação de horário para reeducando em regime semiaberto  &#8211;  Manifestação da Defesa

<p><strong>EXCELENTÍSSIMA SENHORA DOUTORA JUÍZA DE DIREITO DE DIREITO DA VARA DE EXECUÇÕES PENAIS DA COMARCA DE ____.</strong></p>
<p>pec n° ____</p>
<p>objeto: manifestação da Defesa</p>
<p>___________________, devidamente qualificado, pelo seu Defensor infra-assinado, vem, respeitosamente, à presença de Vossa Excelência, nos autos em epígrafe, expor e requerer o que segue:</p>
<p>O reeducando cumpre pena privativa de liberdade de (22) vinte e dois anos, (2) dois meses e (15) quinze dias de reclusão, atualmente no regime semiaberto com serviço externo junto a empresa _______ Ltda., a qual possui sede na Rua ____, n° ___, Bairro ___, na cidade de _____ (<em>vide</em> alvará de licença de folha ___ do pec).</p>
<p>Tendo em linha de conta que o reeducando possui domicílio na cidade de ____, dependendo de transporte coletivo intermunicipal para o seu deslocamento, pleiteou à folha ___, dilação de horário junto à casa prisional.</p>
<p>Em virtude do que, assoma imprescindível o seu deferimento, porquanto o horário de trabalho desenvolvido pelo reeducando assim obriga: 8:40 às 12:00 horas, e 14:00 às 18:00 horas (<em>vide</em> ficha de registro de empregado de folha ___ do pec).</p>
<p>POSTO ISTO, REQUER:</p>
<p>I.- Seja deferida ao reeducando, dilação de horário para liberação pela casa prisional às 5:30 horas, devendo retornar para o pernoite às 21:00 horas, de segunda à sábado, cumprindo-se oficiar ao Presídio _____.</p>
<p>Nestes Termos,</p>
<p>Pede e Espera Deferimento.</p>
<p>_____________(UF), __ de _____ de _____.</p>
<p>__________</p>
<p>OAB/UF ____</p>
