{"id":45701,"date":"2023-08-10T14:33:03","date_gmt":"2023-08-10T14:33:03","guid":{"rendered":"https:\/\/easyjur.com\/blog\/?post_type=modelos-de-peticao&#038;p=3650"},"modified":"2023-08-10T14:33:03","modified_gmt":"2023-08-10T14:33:03","slug":"pedido-de-reconhecimento-da-extincao-da-punibilidade-por-prescricao-da-pretensao-punitiva-do-estado","status":"publish","type":"modelos-de-peticao","link":"https:\/\/easyjur.com\/blog\/modelos-de-peticao\/pedido-de-reconhecimento-da-extincao-da-punibilidade-por-prescricao-da-pretensao-punitiva-do-estado\/","title":{"rendered":"[MODELO] Pedido de reconhecimento da extin\u00e7\u00e3o da punibilidade por prescri\u00e7\u00e3o da pretens\u00e3o punitiva do Estado"},"content":{"rendered":"<p>EXMO. SR. DR. JUIZ DE DIREITO DA VARA CRIMINAL DA COMARCA DE &#8230;&#8230;&#8230;&#8230;&#8230;&#8230;..<\/p>\n<h1>A\u00e7\u00e3o Penal n\u00ba &#8230;&#8230;&#8230;&#8230;&#8230;&#8230;<\/h1>\n<p>\t\t\t\t\t<strong><em>&#8230;&#8230;&#8230;&#8230;&#8230;&#8230;&#8230;&#8230;.<\/em><\/strong>, j\u00e1 qualificado, nos autos da a\u00e7\u00e3o penal que lhe move a Justi\u00e7a P\u00fablica desta comarca, via de seu advogado <em>in fine<\/em> assinado (m.j.), <em> permissa m\u00e1xima v\u00eania<\/em> vem perante a consp\u00edcua e preclara presen\u00e7a de Vossa Excel\u00eancia, requer o reconhecimento da <strong><em>EXTIN\u00c7\u00c3O DA PUNIBILIDADE<\/em><\/strong>, pela incid\u00eancia da <strong><em>PRESCRI\u00c7\u00c3O DA PRETENS\u00c3O PUNITIVA DO ESTADO<\/em><\/strong>, com fulcro no art. 61 do C\u00f3digo de Processo Penal, combinado com arts.109, I, 115 e 117 de nosso Estatuto Substantivo Penal, face aos fatos, raz\u00f5es e fundamentos<strong><em> <\/em><\/strong> a seguir perfilados:<\/p>\n<h2>S\u00daMULA DOS FATOS<\/h2>\n<p>1 &#8211;\t\t\t\t\tO Acusado, ora requerente, responde a presente a\u00e7\u00e3o penal desde 1.983, sob a suposta acusa\u00e7\u00e3o de ter infringido a norma incriminadora inserta no art. 121 <em>caput <\/em>do C\u00f3digo Penal<em>, <\/em>foi pronunciado em 1.988 e a decis\u00e3o confirmat\u00f3ria da pron\u00fancia ocorreu em &#8230;&#8230;&#8230;.., (fls&#8230;&#8230;..), que representa a \u00faltima causa interruptiva do prazo da prescri\u00e7\u00e3o da pretens\u00e3o punitiva do Estado (art.117, III).<\/p>\n<p>2\t\t\t\t\tAo tempo do fato objeto do presente processo, &#8230;&#8230;&#8230;&#8230;&#8230;., o Acusado era menor de &#8230;. (&#8230;) anos de idade, conforme consta dos autos e da documenta\u00e7\u00e3o acostada ao presente pedido, (doc&#8230;), pelo que o prazo prescricional deve ser contado pela metade, Art. 115 CPB. <\/p>\n<p>3\t\t\t\t\tAssim sendo, a presente a\u00e7\u00e3o penal foi alcan\u00e7ada pela prescri\u00e7\u00e3o da pretens\u00e3o punitiva em &#8230;.., devendo ser reconhecida com o consequente arquivamento do processo.<\/p>\n<h2>DO DIREITO<\/h2>\n<p>\t\t\t\t\tEdita o C\u00f3digo Penal:<\/p>\n<p>\u201cArt. 109 &#8211; A prescri\u00e7\u00e3o, antes de transitar em julgado a senten\u00e7a final, salvo o disposto nos par\u00e1grafos primeiro e segundo do artigo 110 deste C\u00f3digo, regula-se pelo m\u00e1ximo da pena privativa de liberdade cominada ao crime, verificando-se:<\/p>\n<p><strong><em>I &#8211; em 20 (vinte) anos, se o m\u00e1ximo da pena \u00e9 superior a 12 (doze);\u201d<\/em><\/strong><\/p>\n<p><strong><em>(&#8230;)<\/em><\/strong><\/p>\n<p><strong><em>\u201cArt. 115 &#8211; S\u00e3o reduzidos de metade os prazos de prescri\u00e7\u00e3o quando o criminoso era, ao tempo do crime, menor de 21 (vinte e um) anos, ou, na data da senten\u00e7a, maior de 70 (setenta) anos.\u201d<\/em><\/strong><\/p>\n<p>\u201cArt. 117 &#8211; O curso da prescri\u00e7\u00e3o interrompe-se:<\/p>\n<p><strong><em>(omissis)<\/em><\/strong><\/p>\n<p><strong><em>III &#8211; pela decis\u00e3o confirmat\u00f3ria da pron\u00fancia;\u201d<\/em><\/strong><\/p>\n<p>\t\t\t\t\tPor seu turno o C\u00f3digo de Processo Penal determina de forma imperativa:<\/p>\n<p>\u201cArt. 61 &#8211; Em qualquer fase do processo, o juiz, se reconhecer extinta a punibilidade, dever\u00e1 declar\u00e1-la de of\u00edcio.\u201d<\/p>\n<p><strong><em>Par\u00e1grafo \u00fanico. No caso de requerimento do Minist\u00e9rio P\u00fablico, do querelante ou do r\u00e9u, o juiz mandar\u00e1 autu\u00e1-lo em apartado, ouvir\u00e1 a parte contr\u00e1ria e, se julgar conveniente, conceder\u00e1 o prazo de 5 (cinco) dias para a prova, proferindo a decis\u00e3o dentro de 5 (cinco) dias ou reservando-se para apreciar a mat\u00e9ria na senten\u00e7a final.<\/em><\/strong><\/p>\n<p>\t\t\t\t\tConforme nossa melhor doutrina leciona, com o advento da conduta t\u00edpica, nasce para o Estado a pretens\u00e3o de punir o autor do fato criminoso, por\u00e9m deve exercer este <em>m\u00fanus <\/em>dentro de um lapso temporal previamente delimitado pela Lei segundo o crit\u00e9rio da pena m\u00e1xima cominada <em>in abstrato<\/em> (art. 109 CPB). Escoado este prazo, que \u00e9 submetido a interrup\u00e7\u00f5es ou suspens\u00f5es, tamb\u00e9m previstas em lei, (art. 117 CPB), ocorre a prescri\u00e7\u00e3o da pretens\u00e3o punitiva, decaindo, assim do direito de punir o suposto infrator.<\/p>\n<p>\t\t\t\t\tProclama a Jurisprud\u00eancia hodierna, que o reconhecimento da prescri\u00e7\u00e3o, uma vez ocorrida, \u00e9 imperativo legal n\u00e3o ficando ao talante do julgador, vez que constitui direito p\u00fablico subjetivo do acusado, conforme o seguinte aresto:<\/p>\n<p>\u201ca prescri\u00e7\u00e3o constitui mat\u00e9ria de ordem p\u00fablica, cumprindo ao julgador declar\u00e1-la, at\u00e9 mesmo de of\u00edcio, em qualquer fase do processo\u201d (TACRIMSP \u2013 RJDTDACRIM 26\/364).<\/p>\n<p>\t\t\t\t\tNo caso em apre\u00e7o, a prescri\u00e7\u00e3o ocorreu dentro do lapso temporal de &#8230; (&#8230;) anos em raz\u00e3o do Acusado ao tempo do fato ser menor de &#8230;. (&#8230;) anos de idade, (art. 115 CPB), cujo in\u00edcio se deu no dia &#8230;&#8230;, quando foi proferido, pelo Egr\u00e9gio Tribunal de Justi\u00e7a do Estado &#8230;&#8230;&#8230;&#8230;&#8230;, o ac\u00f3rd\u00e3o que confirmou a decis\u00e3o de pron\u00fancia, (Fls. &#8230;&#8230;.), de l\u00e1 para c\u00e1, nenhuma outra causa de suspens\u00e3o surgiu, pelo se conclui que o Estado decaiu do direito de dar continuidade ao <em>persecutio criminis in judicio<\/em> em &#8230;&#8230;&#8230; Desta forma indeclin\u00e1vel se torna o reconhecimento da incid\u00eancia da prescri\u00e7\u00e3o da pretens\u00e3o punitiva, arquivando-se o feito.<\/p>\n<p>\t\t\t\t\t<strong><em>EX POSITIS<\/em><\/strong>,<\/p>\n<p>Espera, o Requerente, seja o presente o presente pedido recebido e deferido para reconhecer a <strong><em>extin\u00e7\u00e3o da punibilidade<\/em><\/strong> em raz\u00e3o da ocorr\u00eancia da <strong><em>prescri\u00e7\u00e3o da pretens\u00e3o punitiva<\/em><\/strong> do Estado, nos termos dos dispositivos legais invocados, determinando o arquivamento do processo com rela\u00e7\u00e3o ao Acusado &#8230;&#8230;&#8230;&#8230;&#8230;&#8230;&#8230;&#8230;., e o recolhimento dos respectivos mandados de pris\u00e3o expedidos em seu desfavor, pois desta forma Vossa Excel\u00eancia estar\u00e1 restabelecendo o imp\u00e9rio da Lei, do Direito e da excelsa Justi\u00e7a.<\/p>\n<p>\t\t\t\t\tNestes termos<\/p>\n<p>\t\t\t\t\tPede deferimento.<\/p>\n<p>\t\t\tLocal, data<\/p>\n<p>\t\t\t\t\t<strong>____________________<\/strong><\/p>\n<p><strong>\t\t\t\t\t     OAB<\/strong> <\/p><\/p>\n","protected":false},"featured_media":0,"parent":0,"menu_order":0,"template":"","meta":{"content-type":""},"categoria-modelo":[153],"class_list":["post-45701","modelos-de-peticao","type-modelos-de-peticao","status-publish","hentry","categoria-modelo-penal"],"_links":{"self":[{"href":"https:\/\/easyjur.com\/blog\/wp-json\/wp\/v2\/modelos-de-peticao\/45701","targetHints":{"allow":["GET"]}}],"collection":[{"href":"https:\/\/easyjur.com\/blog\/wp-json\/wp\/v2\/modelos-de-peticao"}],"about":[{"href":"https:\/\/easyjur.com\/blog\/wp-json\/wp\/v2\/types\/modelos-de-peticao"}],"wp:attachment":[{"href":"https:\/\/easyjur.com\/blog\/wp-json\/wp\/v2\/media?parent=45701"}],"wp:term":[{"taxonomy":"categoria-modelo","embeddable":true,"href":"https:\/\/easyjur.com\/blog\/wp-json\/wp\/v2\/categoria-modelo?post=45701"}],"curies":[{"name":"wp","href":"https:\/\/api.w.org\/{rel}","templated":true}]}}

[MODELO] Pedido de reconhecimento da extinção da punibilidade por prescrição da pretensão punitiva do Estado

<p>EXMO. SR. DR. JUIZ DE DIREITO DA VARA CRIMINAL DA COMARCA DE &#8230;&#8230;&#8230;&#8230;&#8230;&#8230;..</p>
<h1>Ação Penal nº &#8230;&#8230;&#8230;&#8230;&#8230;&#8230;</h1>
<p>					<strong><em>&#8230;&#8230;&#8230;&#8230;&#8230;&#8230;&#8230;&#8230;.</em></strong>, já qualificado, nos autos da ação penal que lhe move a Justiça Pública desta comarca, via de seu advogado <em>in fine</em> assinado (m.j.), <em> permissa máxima vênia</em> vem perante a conspícua e preclara presença de Vossa Excelência, requer o reconhecimento da <strong><em>EXTINÇÃO DA PUNIBILIDADE</em></strong>, pela incidência da <strong><em>PRESCRIÇÃO DA PRETENSÃO PUNITIVA DO ESTADO</em></strong>, com fulcro no art. 61 do Código de Processo Penal, combinado com arts.109, I, 115 e 117 de nosso Estatuto Substantivo Penal, face aos fatos, razões e fundamentos<strong><em> </em></strong> a seguir perfilados:</p>
<h2>SÚMULA DOS FATOS</h2>
<p>1 &#8211;					O Acusado, ora requerente, responde a presente ação penal desde 1.983, sob a suposta acusação de ter infringido a norma incriminadora inserta no art. 121 <em>caput </em>do Código Penal<em>, </em>foi pronunciado em 1.988 e a decisão confirmatória da pronúncia ocorreu em &#8230;&#8230;&#8230;.., (fls&#8230;&#8230;..), que representa a última causa interruptiva do prazo da prescrição da pretensão punitiva do Estado (art.117, III).</p>
<p>2					Ao tempo do fato objeto do presente processo, &#8230;&#8230;&#8230;&#8230;&#8230;., o Acusado era menor de &#8230;. (&#8230;) anos de idade, conforme consta dos autos e da documentação acostada ao presente pedido, (doc&#8230;), pelo que o prazo prescricional deve ser contado pela metade, Art. 115 CPB. </p>
<p>3					Assim sendo, a presente ação penal foi alcançada pela prescrição da pretensão punitiva em &#8230;.., devendo ser reconhecida com o consequente arquivamento do processo.</p>
<h2>DO DIREITO</h2>
<p>					Edita o Código Penal:</p>
<p>“Art. 109 &#8211; A prescrição, antes de transitar em julgado a sentença final, salvo o disposto nos parágrafos primeiro e segundo do artigo 110 deste Código, regula-se pelo máximo da pena privativa de liberdade cominada ao crime, verificando-se:</p>
<p><strong><em>I &#8211; em 20 (vinte) anos, se o máximo da pena é superior a 12 (doze);”</em></strong></p>
<p><strong><em>(&#8230;)</em></strong></p>
<p><strong><em>“Art. 115 &#8211; São reduzidos de metade os prazos de prescrição quando o criminoso era, ao tempo do crime, menor de 21 (vinte e um) anos, ou, na data da sentença, maior de 70 (setenta) anos.”</em></strong></p>
<p>“Art. 117 &#8211; O curso da prescrição interrompe-se:</p>
<p><strong><em>(omissis)</em></strong></p>
<p><strong><em>III &#8211; pela decisão confirmatória da pronúncia;”</em></strong></p>
<p>					Por seu turno o Código de Processo Penal determina de forma imperativa:</p>
<p>“Art. 61 &#8211; Em qualquer fase do processo, o juiz, se reconhecer extinta a punibilidade, deverá declará-la de ofício.”</p>
<p><strong><em>Parágrafo único. No caso de requerimento do Ministério Público, do querelante ou do réu, o juiz mandará autuá-lo em apartado, ouvirá a parte contrária e, se julgar conveniente, concederá o prazo de 5 (cinco) dias para a prova, proferindo a decisão dentro de 5 (cinco) dias ou reservando-se para apreciar a matéria na sentença final.</em></strong></p>
<p>					Conforme nossa melhor doutrina leciona, com o advento da conduta típica, nasce para o Estado a pretensão de punir o autor do fato criminoso, porém deve exercer este <em>múnus </em>dentro de um lapso temporal previamente delimitado pela Lei segundo o critério da pena máxima cominada <em>in abstrato</em> (art. 109 CPB). Escoado este prazo, que é submetido a interrupções ou suspensões, também previstas em lei, (art. 117 CPB), ocorre a prescrição da pretensão punitiva, decaindo, assim do direito de punir o suposto infrator.</p>
<p>					Proclama a Jurisprudência hodierna, que o reconhecimento da prescrição, uma vez ocorrida, é imperativo legal não ficando ao talante do julgador, vez que constitui direito público subjetivo do acusado, conforme o seguinte aresto:</p>
<p>“a prescrição constitui matéria de ordem pública, cumprindo ao julgador declará-la, até mesmo de ofício, em qualquer fase do processo” (TACRIMSP – RJDTDACRIM 26/364).</p>
<p>					No caso em apreço, a prescrição ocorreu dentro do lapso temporal de &#8230; (&#8230;) anos em razão do Acusado ao tempo do fato ser menor de &#8230;. (&#8230;) anos de idade, (art. 115 CPB), cujo início se deu no dia &#8230;&#8230;, quando foi proferido, pelo Egrégio Tribunal de Justiça do Estado &#8230;&#8230;&#8230;&#8230;&#8230;, o acórdão que confirmou a decisão de pronúncia, (Fls. &#8230;&#8230;.), de lá para cá, nenhuma outra causa de suspensão surgiu, pelo se conclui que o Estado decaiu do direito de dar continuidade ao <em>persecutio criminis in judicio</em> em &#8230;&#8230;&#8230; Desta forma indeclinável se torna o reconhecimento da incidência da prescrição da pretensão punitiva, arquivando-se o feito.</p>
<p>					<strong><em>EX POSITIS</em></strong>,</p>
<p>Espera, o Requerente, seja o presente o presente pedido recebido e deferido para reconhecer a <strong><em>extinção da punibilidade</em></strong> em razão da ocorrência da <strong><em>prescrição da pretensão punitiva</em></strong> do Estado, nos termos dos dispositivos legais invocados, determinando o arquivamento do processo com relação ao Acusado &#8230;&#8230;&#8230;&#8230;&#8230;&#8230;&#8230;&#8230;., e o recolhimento dos respectivos mandados de prisão expedidos em seu desfavor, pois desta forma Vossa Excelência estará restabelecendo o império da Lei, do Direito e da excelsa Justiça.</p>
<p>					Nestes termos</p>
<p>					Pede deferimento.</p>
<p>			Local, data</p>
<p>					<strong>____________________</strong></p>
<p><strong>					     OAB</strong> </p></p>
