{"id":42980,"date":"2023-08-09T14:37:48","date_gmt":"2023-08-09T14:37:48","guid":{"rendered":"https:\/\/easyjur.com\/blog\/?post_type=modelos-de-peticao&#038;p=3650"},"modified":"2023-08-09T14:37:48","modified_gmt":"2023-08-09T14:37:48","slug":"pedido-de-manutencao-da-r-decisao-de-designacao-de-audiencia-preliminar","status":"publish","type":"modelos-de-peticao","link":"https:\/\/easyjur.com\/blog\/modelos-de-peticao\/pedido-de-manutencao-da-r-decisao-de-designacao-de-audiencia-preliminar\/","title":{"rendered":"[MODELO] Pedido de manuten\u00e7\u00e3o da r. decis\u00e3o de designa\u00e7\u00e3o de audi\u00eancia preliminar"},"content":{"rendered":"<p>EXCELENT\u00cdSSIMO SENHOR DOUTOR JUIZ DE DIREITO DA 29\u00b0 VARA C\u00cdVEL DA COMARCA DA CAPITAL DO ESTADO DO RIO DE JANEIRO,<\/p>\n<p>PROCESSO N.\u00ba: 0\/135112-2<\/p>\n<p>, j\u00e1 qualificada nos autos do processo em ep\u00edgrafe, atrav\u00e9s do Advogado, em aten\u00e7\u00e3o ao r. despacho de fls. 331 e a peti\u00e7\u00e3o de fls. 332 e 333, vem oferecer <strong>CONTRA-RAZ\u00d5ES AO AGRAVO RETIDO<\/strong> pelos fatos e fundamentos que passa a expor:<\/p>\n<p>A agravante pretende inusitada invers\u00e3o processual requerendo a este douto ju\u00edzo a produ\u00e7\u00e3o de prova pericial antes da realiza\u00e7\u00e3o da audi\u00eancia preliminar. <\/p>\n<p>Conforme disp\u00f5e o <strong>art. 331 do CPC<\/strong>, havendo possibilidade de transa\u00e7\u00e3o \u2013 como ocorre no presente caso \u2013 dever\u00e1 o juiz designar audi\u00eancia preliminar para este fim. N\u00e3o sendo poss\u00edvel o acordo, <strong>o par\u00e1grafo 2\u00ba do referido artigo determina que <\/strong>:<\/p>\n<p><strong> \u201cSe, por qualquer motivo, n\u00e3o for obtida a concilia\u00e7\u00e3o, o juiz fixar\u00e1 os pontos controvertidos, decidir\u00e1 as quest\u00f5es processuais pendentes e determinar\u00e1 as provas a serem produzidas, designando audi\u00eancia de instru\u00e7\u00e3o em julgamento, se necess\u00e1rio.\u201d<\/strong><\/p>\n<p>Portanto, <strong>\u00e9 escorreita a r. decis\u00e3o judicial<\/strong> designando a audi\u00eancia de concilia\u00e7\u00e3o sendo certo que, nesta audi\u00eancia,  ter\u00e1 o ju\u00edzo a oportunidade de inaugurar a fase de instru\u00e7\u00e3o probat\u00f3ria, determinando as provas pertinentes a serem produzidas, consoante a Lei Processual.<\/p>\n<p><strong>Isto posto, requer seja mantida a r. decis\u00e3o.<\/strong><\/p>\n<p>Pede Deferimento.<\/p>\n<p>Rio de Janeiro, 05 de maio de 2012.<\/p><\/p>\n","protected":false},"featured_media":0,"parent":0,"menu_order":0,"template":"","meta":{"content-type":""},"categoria-modelo":[509],"class_list":["post-42980","modelos-de-peticao","type-modelos-de-peticao","status-publish","hentry","categoria-modelo-recursos-e-incidentes"],"_links":{"self":[{"href":"https:\/\/easyjur.com\/blog\/wp-json\/wp\/v2\/modelos-de-peticao\/42980","targetHints":{"allow":["GET"]}}],"collection":[{"href":"https:\/\/easyjur.com\/blog\/wp-json\/wp\/v2\/modelos-de-peticao"}],"about":[{"href":"https:\/\/easyjur.com\/blog\/wp-json\/wp\/v2\/types\/modelos-de-peticao"}],"wp:attachment":[{"href":"https:\/\/easyjur.com\/blog\/wp-json\/wp\/v2\/media?parent=42980"}],"wp:term":[{"taxonomy":"categoria-modelo","embeddable":true,"href":"https:\/\/easyjur.com\/blog\/wp-json\/wp\/v2\/categoria-modelo?post=42980"}],"curies":[{"name":"wp","href":"https:\/\/api.w.org\/{rel}","templated":true}]}}

[MODELO] Pedido de manutenção da r. decisão de designação de audiência preliminar

<p>EXCELENTÍSSIMO SENHOR DOUTOR JUIZ DE DIREITO DA 29° VARA CÍVEL DA COMARCA DA CAPITAL DO ESTADO DO RIO DE JANEIRO,</p>
<p>PROCESSO N.º: 0/135112-2</p>
<p>, já qualificada nos autos do processo em epígrafe, através do Advogado, em atenção ao r. despacho de fls. 331 e a petição de fls. 332 e 333, vem oferecer <strong>CONTRA-RAZÕES AO AGRAVO RETIDO</strong> pelos fatos e fundamentos que passa a expor:</p>
<p>A agravante pretende inusitada inversão processual requerendo a este douto juízo a produção de prova pericial antes da realização da audiência preliminar. </p>
<p>Conforme dispõe o <strong>art. 331 do CPC</strong>, havendo possibilidade de transação – como ocorre no presente caso – deverá o juiz designar audiência preliminar para este fim. Não sendo possível o acordo, <strong>o parágrafo 2º do referido artigo determina que </strong>:</p>
<p><strong> “Se, por qualquer motivo, não for obtida a conciliação, o juiz fixará os pontos controvertidos, decidirá as questões processuais pendentes e determinará as provas a serem produzidas, designando audiência de instrução em julgamento, se necessário.”</strong></p>
<p>Portanto, <strong>é escorreita a r. decisão judicial</strong> designando a audiência de conciliação sendo certo que, nesta audiência,  terá o juízo a oportunidade de inaugurar a fase de instrução probatória, determinando as provas pertinentes a serem produzidas, consoante a Lei Processual.</p>
<p><strong>Isto posto, requer seja mantida a r. decisão.</strong></p>
<p>Pede Deferimento.</p>
<p>Rio de Janeiro, 05 de maio de 2012.</p></p>
