{"id":41691,"date":"2023-08-09T12:13:57","date_gmt":"2023-08-09T12:13:57","guid":{"rendered":"https:\/\/easyjur.com\/blog\/?post_type=modelos-de-peticao&#038;p=3650"},"modified":"2023-08-09T12:13:57","modified_gmt":"2023-08-09T12:13:57","slug":"detracao-de-pena-beneficio-requerido-com-base-no-artigo-42-do-codigo-penal","status":"publish","type":"modelos-de-peticao","link":"https:\/\/easyjur.com\/blog\/modelos-de-peticao\/detracao-de-pena-beneficio-requerido-com-base-no-artigo-42-do-codigo-penal\/","title":{"rendered":"[MODELO] Detra\u00e7\u00e3o de Pena  &#8211;  Benef\u00edcio requerido com base no artigo 42 do C\u00f3digo Penal"},"content":{"rendered":"<p><a id=\"prtp0473.rtf\"><\/a>DETRA\u00c7\u00c3O DA PENA &#8211; SURSIS<\/p>\n<p>EXCELENT\u00cdSSIMA SENHORA DOUTORA JU\u00cdZA DE DIREITO DA VARA DE EXECU\u00c7\u00d5ES PENAIS DA COMARCA DE ______.<\/p>\n<p>pec n.\u00b0 ______<\/p>\n<p>objeto: detra\u00e7\u00e3o de pena<\/p>\n<p>______, brasileiro, qualificado nos autos do processo de execu\u00e7\u00e3o penal, em cumprimento da pena restritiva de direitos, vem, respeitosamente \u00e0 presen\u00e7a de Vossa Excel\u00eancia, pelo seu advogado infra-assinado, com fulcro no que disp\u00f5e o artigo 42 do C\u00f3digo Penal, requerer DETRA\u00c7\u00c3O DE PENA sob os seguintes fundamentos:<\/p>\n<p>O peticion\u00e1rio foi condenado a expiar pena privativa de liberdade de de (1) um ano, (9) nove meses e (10) dez dias de reclus\u00e3o no regime aberto, tendo sido concedido o <em>sursis<\/em> pelo per\u00edodo de (3) tr\u00eas anos, mediante cumprimento das condi\u00e7\u00f5es impostas pela senten\u00e7a e ratificadas na audi\u00eancia do dia __\/__\/__.<\/p>\n<p>Tendo em linha de conta, que nos per\u00edodos de __\/__\/__ \u00e0 __\/__\/__, e __\/__\/__ \u00e0 __\/__\/__, o reeducando esteve recolhido por for\u00e7a de decreto preventivo, no total de (61) sessenta e um dias (<em>vide<\/em> relat\u00f3rio da Divis\u00e3o de Controle Legal de folhas ___ <em>usque<\/em> ___ do pec), postula o benef\u00edcio da detra\u00e7\u00e3o de pena na forma preconizada pelo artigo 42 do C\u00f3digo Penal.<\/p>\n<p>A benesse dever\u00e1 incidir sobre o per\u00edodo de prova, do qual deduzindo-se (2) dois meses e (1) um dia, resulta em (2) dois anos, (9) nove meses e (29) vinte e nove dias.<\/p>\n<p>POSTO ISTO, REQUER:<\/p>\n<p>I &#8211; Seja dada vista da presente ao ilustre Doutor Promotor de Justi\u00e7a que oficia junto a VEC.<\/p>\n<p>II &#8211; Seja deferido ao reeducando, detra\u00e7\u00e3o de (61) sessenta e um dias, referente aos per\u00edodos de __\/__\/__ \u00e0 __\/__\/__, e __\/__\/__ \u00e0 __\/__\/__, cuja incid\u00eancia se dar\u00e1 sobre o per\u00edodo de prova, que de (3) tr\u00eas anos passar\u00e1 a (2) dois anos, (9) nove meses e (29) vinte e nove dias.<\/p>\n<p>Nesses Termos<\/p>\n<p>Pede Deferimento.<\/p>\n<p>________, __ de _____ de 2.00_<\/p>\n<p>____________<\/p>\n<p>OAB\/__ ______<\/p>\n","protected":false},"featured_media":0,"parent":0,"menu_order":0,"template":"","meta":{"content-type":""},"categoria-modelo":[508],"class_list":["post-41691","modelos-de-peticao","type-modelos-de-peticao","status-publish","hentry","categoria-modelo-criminal-e-anticrime"],"_links":{"self":[{"href":"https:\/\/easyjur.com\/blog\/wp-json\/wp\/v2\/modelos-de-peticao\/41691","targetHints":{"allow":["GET"]}}],"collection":[{"href":"https:\/\/easyjur.com\/blog\/wp-json\/wp\/v2\/modelos-de-peticao"}],"about":[{"href":"https:\/\/easyjur.com\/blog\/wp-json\/wp\/v2\/types\/modelos-de-peticao"}],"wp:attachment":[{"href":"https:\/\/easyjur.com\/blog\/wp-json\/wp\/v2\/media?parent=41691"}],"wp:term":[{"taxonomy":"categoria-modelo","embeddable":true,"href":"https:\/\/easyjur.com\/blog\/wp-json\/wp\/v2\/categoria-modelo?post=41691"}],"curies":[{"name":"wp","href":"https:\/\/api.w.org\/{rel}","templated":true}]}}

[MODELO] Detração de Pena  &#8211;  Benefício requerido com base no artigo 42 do Código Penal

<p><a id="prtp0473.rtf"></a>DETRAÇÃO DA PENA &#8211; SURSIS</p>
<p>EXCELENTÍSSIMA SENHORA DOUTORA JUÍZA DE DIREITO DA VARA DE EXECUÇÕES PENAIS DA COMARCA DE ______.</p>
<p>pec n.° ______</p>
<p>objeto: detração de pena</p>
<p>______, brasileiro, qualificado nos autos do processo de execução penal, em cumprimento da pena restritiva de direitos, vem, respeitosamente à presença de Vossa Excelência, pelo seu advogado infra-assinado, com fulcro no que dispõe o artigo 42 do Código Penal, requerer DETRAÇÃO DE PENA sob os seguintes fundamentos:</p>
<p>O peticionário foi condenado a expiar pena privativa de liberdade de de (1) um ano, (9) nove meses e (10) dez dias de reclusão no regime aberto, tendo sido concedido o <em>sursis</em> pelo período de (3) três anos, mediante cumprimento das condições impostas pela sentença e ratificadas na audiência do dia __/__/__.</p>
<p>Tendo em linha de conta, que nos períodos de __/__/__ à __/__/__, e __/__/__ à __/__/__, o reeducando esteve recolhido por força de decreto preventivo, no total de (61) sessenta e um dias (<em>vide</em> relatório da Divisão de Controle Legal de folhas ___ <em>usque</em> ___ do pec), postula o benefício da detração de pena na forma preconizada pelo artigo 42 do Código Penal.</p>
<p>A benesse deverá incidir sobre o período de prova, do qual deduzindo-se (2) dois meses e (1) um dia, resulta em (2) dois anos, (9) nove meses e (29) vinte e nove dias.</p>
<p>POSTO ISTO, REQUER:</p>
<p>I &#8211; Seja dada vista da presente ao ilustre Doutor Promotor de Justiça que oficia junto a VEC.</p>
<p>II &#8211; Seja deferido ao reeducando, detração de (61) sessenta e um dias, referente aos períodos de __/__/__ à __/__/__, e __/__/__ à __/__/__, cuja incidência se dará sobre o período de prova, que de (3) três anos passará a (2) dois anos, (9) nove meses e (29) vinte e nove dias.</p>
<p>Nesses Termos</p>
<p>Pede Deferimento.</p>
<p>________, __ de _____ de 2.00_</p>
<p>____________</p>
<p>OAB/__ ______</p>
