{"id":41636,"date":"2023-08-09T12:12:46","date_gmt":"2023-08-09T12:12:46","guid":{"rendered":"https:\/\/easyjur.com\/blog\/?post_type=modelos-de-peticao&#038;p=3650"},"modified":"2023-08-09T12:12:46","modified_gmt":"2023-08-09T12:12:46","slug":"formulacao-de-quesitos-para-pericia-medica-em-caso-de-doenca-mental-peticao","status":"publish","type":"modelos-de-peticao","link":"https:\/\/easyjur.com\/blog\/modelos-de-peticao\/formulacao-de-quesitos-para-pericia-medica-em-caso-de-doenca-mental-peticao\/","title":{"rendered":"[MODELO] Formula\u00e7\u00e3o de quesitos para per\u00edcia m\u00e9dica em caso de doen\u00e7a mental  &#8211;  Peti\u00e7\u00e3o"},"content":{"rendered":"<p><a id=\"prtp0986.rtf\"><\/a>QUESITOS &#8211; FORMULA\u00c7\u00c3O &#8211; PERITO &#8211; DOEN\u00c7A MENTAL &#8211; DEM\u00caNCIA<\/p>\n<p>EXCELENT\u00cdSSIMA SENHORA DOUTORA JU\u00cdZA DE DIREITO DA VARA DE EXECU\u00c7\u00d5ES PENAIS DA COMARCA DE _____.<\/p>\n<p>pec n\u00b0 _____<\/p>\n<p>objeto: formula\u00e7\u00e3o de quesitos<\/p>\n<p>O Advogado infra-assinado, vem, respeitosamente \u00e0 presen\u00e7a de Vossa Excel\u00eancia, nos autos do processo de execu\u00e7\u00e3o penal do reeducando _____, sucintamente expor, requerendo: <\/p>\n<p>QUESITOS: <\/p>\n<p>1\u00ba &#8211; Esclare\u00e7am os Senhores peritos se o reeducando apresenta quadro de enfermidade latente, precisando as patologias de que portador, bem como se o quadro \u00e9 revers\u00edvel e ou irrevers\u00edvel, aferidos os vetores necess\u00e1rios, em especial da medica\u00e7\u00e3o que faz uso.<\/p>\n<p>2\u00ba &#8211; A casa prisional a que vinculado o paciente, constitui-se em ambiente recomend\u00e1vel e ou aceit\u00e1vel, para o paciente convalescer das patologias de que ref\u00e9m?<\/p>\n<p>3\u00ba &#8211; As patologias do paciente s\u00e3o contagiosas? \u00c9 recomend\u00e1vel\u2006 \u2006 &#8211; uma vez aferido o estado de sa\u00fade do paciente \u2013 a conviv\u00eancia deste em ambiente coletivo: pres\u00eddio?<\/p>\n<p>4\u00ba &#8211; Precisem, em sendo poss\u00edvel, se o paciente, conta, ainda, com capacidade laborativa: seja f\u00edsica e ou intelectual.<\/p>\n<p>5\u00ba &#8211; O paciente encontra-se deprimido, alquebrado, em virtude das mol\u00e9stias de que portador?<\/p>\n<p>6\u00ba &#8211; Precisem os Senhores louvados, a medica\u00e7\u00e3o de que faz uso o paciente, bem como os efeitos colaterais que a mesma acarreta? <\/p>\n<p>7\u00ba &#8211; O paciente faz uso de medica\u00e7\u00e3o cont\u00ednua? Da mesma depende para a sobrevida?<\/p>\n<p>8\u00ba &#8211; Por debrum, elucidem os Senhores louvados, tudo o mais para a perfeita aferi\u00e7\u00e3o das condi\u00e7\u00f5es f\u00edsica, mentais e ps\u00edquicas do paciente.<\/p>\n<p>_________, ____ de _________ de _____.<\/p>\n<p>OAB\/UF<\/p>\n","protected":false},"featured_media":0,"parent":0,"menu_order":0,"template":"","meta":{"content-type":""},"categoria-modelo":[508],"class_list":["post-41636","modelos-de-peticao","type-modelos-de-peticao","status-publish","hentry","categoria-modelo-criminal-e-anticrime"],"_links":{"self":[{"href":"https:\/\/easyjur.com\/blog\/wp-json\/wp\/v2\/modelos-de-peticao\/41636","targetHints":{"allow":["GET"]}}],"collection":[{"href":"https:\/\/easyjur.com\/blog\/wp-json\/wp\/v2\/modelos-de-peticao"}],"about":[{"href":"https:\/\/easyjur.com\/blog\/wp-json\/wp\/v2\/types\/modelos-de-peticao"}],"wp:attachment":[{"href":"https:\/\/easyjur.com\/blog\/wp-json\/wp\/v2\/media?parent=41636"}],"wp:term":[{"taxonomy":"categoria-modelo","embeddable":true,"href":"https:\/\/easyjur.com\/blog\/wp-json\/wp\/v2\/categoria-modelo?post=41636"}],"curies":[{"name":"wp","href":"https:\/\/api.w.org\/{rel}","templated":true}]}}

[MODELO] Formulação de quesitos para perícia médica em caso de doença mental  &#8211;  Petição

<p><a id="prtp0986.rtf"></a>QUESITOS &#8211; FORMULAÇÃO &#8211; PERITO &#8211; DOENÇA MENTAL &#8211; DEMÊNCIA</p>
<p>EXCELENTÍSSIMA SENHORA DOUTORA JUÍZA DE DIREITO DA VARA DE EXECUÇÕES PENAIS DA COMARCA DE _____.</p>
<p>pec n° _____</p>
<p>objeto: formulação de quesitos</p>
<p>O Advogado infra-assinado, vem, respeitosamente à presença de Vossa Excelência, nos autos do processo de execução penal do reeducando _____, sucintamente expor, requerendo: </p>
<p>QUESITOS: </p>
<p>1º &#8211; Esclareçam os Senhores peritos se o reeducando apresenta quadro de enfermidade latente, precisando as patologias de que portador, bem como se o quadro é reversível e ou irreversível, aferidos os vetores necessários, em especial da medicação que faz uso.</p>
<p>2º &#8211; A casa prisional a que vinculado o paciente, constitui-se em ambiente recomendável e ou aceitável, para o paciente convalescer das patologias de que refém?</p>
<p>3º &#8211; As patologias do paciente são contagiosas? É recomendável    &#8211; uma vez aferido o estado de saúde do paciente – a convivência deste em ambiente coletivo: presídio?</p>
<p>4º &#8211; Precisem, em sendo possível, se o paciente, conta, ainda, com capacidade laborativa: seja física e ou intelectual.</p>
<p>5º &#8211; O paciente encontra-se deprimido, alquebrado, em virtude das moléstias de que portador?</p>
<p>6º &#8211; Precisem os Senhores louvados, a medicação de que faz uso o paciente, bem como os efeitos colaterais que a mesma acarreta? </p>
<p>7º &#8211; O paciente faz uso de medicação contínua? Da mesma depende para a sobrevida?</p>
<p>8º &#8211; Por debrum, elucidem os Senhores louvados, tudo o mais para a perfeita aferição das condições física, mentais e psíquicas do paciente.</p>
<p>_________, ____ de _________ de _____.</p>
<p>OAB/UF</p>
