{"id":38216,"date":"2023-08-04T19:37:56","date_gmt":"2023-08-04T19:37:56","guid":{"rendered":"https:\/\/easyjur.com\/blog\/?post_type=modelos-de-peticao&#038;p=3650"},"modified":"2023-08-04T19:37:56","modified_gmt":"2023-08-04T19:37:56","slug":"acao-para-alienacao-de-bens-de-menor","status":"publish","type":"modelos-de-peticao","link":"https:\/\/easyjur.com\/blog\/modelos-de-peticao\/acao-para-alienacao-de-bens-de-menor\/","title":{"rendered":"[MODELO] A\u00e7\u00e3o para Aliena\u00e7\u00e3o de Bens de Menor"},"content":{"rendered":"<p><strong>EXCELENT\u00cdSSIMO SENHOR DOUTOR JUIZ DE DIREITO DA &#8230;. VARA DA FAM\u00cdLIA E SUCESS\u00d5ES DO FORO &#8230;&#8230;..<\/strong><\/p>\n<p>&#8230;&#8230;&#8230;&#8230;&#8230;&#8230;&#8230;&#8230;&#8230; (nome completo), &#8230;&#8230;&#8230;&#8230; (nacionalidade), &#8230;&#8230;&#8230;&#8230;.. (estado civil), &#8230;&#8230;&#8230;&#8230;&#8230;. (profiss\u00e3o), portador da c\u00e9dula de identidade RG n<sup>o<\/sup> &#8230;&#8230;&#8230;&#8230;&#8230;., inscrito no CPF\/MF sob n<sup>o<\/sup> &#8230;&#8230;&#8230;&#8230;., residente na &#8230;&#8230;&#8230;&#8230;&#8230;&#8230;&#8230; (endere\u00e7o completo: rua [av.] &#8230;&#8230;&#8230;., n<sup>o<\/sup> &#8230;.., complemento &#8230;&#8230;&#8230;, bairro &#8230;&#8230;&#8230;.., cidade &#8230;&#8230;&#8230;, CEP&#8230;&#8230;&#8230;, UF&#8230;&#8230;..), por seu Advogado constitu\u00eddo nos termos do incluso instrumento de mandato (doc&#8230;.) e ao final assinado, com escrit\u00f3rio profissional na &#8230;&#8230;&#8230;&#8230;&#8230;. (endere\u00e7o completo: rua [av.] &#8230;&#8230;&#8230;, n<sup>o<\/sup> &#8230;&#8230;.., complemento &#8230;&#8230;.., bairro &#8230;&#8230;., cidade &#8230;&#8230;.., CEP&#8230;&#8230;, UF &#8230;&#8230;.), vem respeitosamente \u00e0 honrosa presen\u00e7a de Vossa Excel\u00eancia, com fundamento no art. 1.112, inciso III, do C\u00f3digo de Processo Civil e arts. 1.748 e 1.750 do C\u00f3digo Civil, propor a  presente <\/p>\n<p><strong>A\u00c7\u00c3O PARA ALIENA\u00c7\u00c3O DE BENS DE MENOR<\/strong><\/p>\n<p>Pelos motivos de fato e de direito que abaixo passa a expor:<\/p>\n<h1>I \u2013 DOS FATOS<\/h1>\n<p>O Requerente \u00e9 tutor do menor &#8230;&#8230;&#8230;&#8230;&#8230;&#8230;.(nome completo), nascido aos &#8230;&#8230;.. dias do m\u00eas de &#8230;&#8230;&#8230;&#8230;.. do ano de &#8230;&#8230;&#8230;., cuja tutela data de &#8230;&#8230;.\/&#8230;&#8230;\/&#8230;&#8230; (dia, m\u00eas e ano).<\/p>\n<p>O tutelado \u00e9 propriet\u00e1rio de um bem im\u00f3vel, constitu\u00eddo de &#8230;&#8230;&#8230;&#8230;&#8230; (descrever o bem, im\u00f3vel com medidas e confronta\u00e7\u00f5es), conforme escritura p\u00fablica em anexo (doc. &#8230;.).<\/p>\n<p>Toda a \u00e1rea vizinha j\u00e1 foi vendida para a municipalidade que j\u00e1 est\u00e1 fazendo  todos os trabalhos de terraplenagem do local para a constru\u00e7\u00e3o da creche local.<\/p>\n<p>O im\u00f3vel do menor sofrer\u00e1 desvaloriza\u00e7\u00e3o consider\u00e1vel e h\u00e1 interesse na municipalidade na sua aquisi\u00e7\u00e3o.<\/p>\n<h1>II \u2013 DO DIREITO<\/h1>\n<p>O direito do Requerente tem amparo na legisla\u00e7\u00e3o vigente e tamb\u00e9m na doutrina e jurisprud\u00eancia de nossos Tribunais, como adiante se ver\u00e1;<\/p>\n<p>\u201c&#8230;&#8230;&#8230;&#8230;&#8230;..\u201d  (fazer transcri\u00e7\u00e3o de artigos de lei)<\/p>\n<p>No mesmo sentido \u00e9 a jurisprud\u00eancia:<\/p>\n<p>\u201c&#8230;&#8230;&#8230;&#8230;&#8230;.\u201d (transcrever ementas)<\/p>\n<h1>III \u2013 DO PEDIDO<\/h1>\n<p>Diante do acima exposto, com objetivo de manter a vantagem dos bens do menor, na qualidade de tutor deste, requer a Vossa Excel\u00eancia, ap\u00f3s a manifesta\u00e7\u00e3o do Ilustre Representante do Minist\u00e9rio P\u00fablico conforme prev\u00ea o art. 1.105 do C\u00f3digo de Processo Civil, seja expedido o competente ALVAR\u00c1 para a venda do im\u00f3vel acima descrito, cujo valor em dinheiro da venda ser\u00e1  depositado em caderneta de poupan\u00e7a ou ent\u00e3o na aquisi\u00e7\u00e3o de outro bem im\u00f3vel, conforme o entendimento de Vossa Excel\u00eancia.<\/p>\n<p>\u00c0 presente d\u00e1-se o valor de R$ &#8230;&#8230;&#8230;&#8230; (valor por extenso), para todos os efeitos legais.<\/p>\n<p>Nestes termos,<\/p>\n<p>Pede Deferimento.<\/p>\n<p>&#8230;&#8230;&#8230;&#8230;&#8230;&#8230;., &#8230; de &#8230;&#8230;&#8230;&#8230;&#8230;.de &#8230;&#8230;&#8230;..<\/p>\n<p> (local e data)<\/p>\n<p><strong>&#8230;&#8230;&#8230;&#8230;&#8230;&#8230;&#8230;&#8230;&#8230;&#8230;&#8230;&#8230;<\/strong><\/p>\n<p>Advogado (nome)<\/p>\n<p>OAB\/ &#8230;&#8230;&#8230;&#8230;&#8230;&#8230;&#8230;&#8230;.<\/p>\n","protected":false},"featured_media":0,"parent":0,"menu_order":0,"template":"","meta":{"content-type":""},"categoria-modelo":[528],"class_list":["post-38216","modelos-de-peticao","type-modelos-de-peticao","status-publish","hentry","categoria-modelo-kit-peticoes-diversas"],"_links":{"self":[{"href":"https:\/\/easyjur.com\/blog\/wp-json\/wp\/v2\/modelos-de-peticao\/38216","targetHints":{"allow":["GET"]}}],"collection":[{"href":"https:\/\/easyjur.com\/blog\/wp-json\/wp\/v2\/modelos-de-peticao"}],"about":[{"href":"https:\/\/easyjur.com\/blog\/wp-json\/wp\/v2\/types\/modelos-de-peticao"}],"wp:attachment":[{"href":"https:\/\/easyjur.com\/blog\/wp-json\/wp\/v2\/media?parent=38216"}],"wp:term":[{"taxonomy":"categoria-modelo","embeddable":true,"href":"https:\/\/easyjur.com\/blog\/wp-json\/wp\/v2\/categoria-modelo?post=38216"}],"curies":[{"name":"wp","href":"https:\/\/api.w.org\/{rel}","templated":true}]}}

[MODELO] Ação para Alienação de Bens de Menor

<p><strong>EXCELENTÍSSIMO SENHOR DOUTOR JUIZ DE DIREITO DA &#8230;. VARA DA FAMÍLIA E SUCESSÕES DO FORO &#8230;&#8230;..</strong></p>
<p>&#8230;&#8230;&#8230;&#8230;&#8230;&#8230;&#8230;&#8230;&#8230; (nome completo), &#8230;&#8230;&#8230;&#8230; (nacionalidade), &#8230;&#8230;&#8230;&#8230;.. (estado civil), &#8230;&#8230;&#8230;&#8230;&#8230;. (profissão), portador da cédula de identidade RG n<sup>o</sup> &#8230;&#8230;&#8230;&#8230;&#8230;., inscrito no CPF/MF sob n<sup>o</sup> &#8230;&#8230;&#8230;&#8230;., residente na &#8230;&#8230;&#8230;&#8230;&#8230;&#8230;&#8230; (endereço completo: rua [av.] &#8230;&#8230;&#8230;., n<sup>o</sup> &#8230;.., complemento &#8230;&#8230;&#8230;, bairro &#8230;&#8230;&#8230;.., cidade &#8230;&#8230;&#8230;, CEP&#8230;&#8230;&#8230;, UF&#8230;&#8230;..), por seu Advogado constituído nos termos do incluso instrumento de mandato (doc&#8230;.) e ao final assinado, com escritório profissional na &#8230;&#8230;&#8230;&#8230;&#8230;. (endereço completo: rua [av.] &#8230;&#8230;&#8230;, n<sup>o</sup> &#8230;&#8230;.., complemento &#8230;&#8230;.., bairro &#8230;&#8230;., cidade &#8230;&#8230;.., CEP&#8230;&#8230;, UF &#8230;&#8230;.), vem respeitosamente à honrosa presença de Vossa Excelência, com fundamento no art. 1.112, inciso III, do Código de Processo Civil e arts. 1.748 e 1.750 do Código Civil, propor a  presente </p>
<p><strong>AÇÃO PARA ALIENAÇÃO DE BENS DE MENOR</strong></p>
<p>Pelos motivos de fato e de direito que abaixo passa a expor:</p>
<h1>I – DOS FATOS</h1>
<p>O Requerente é tutor do menor &#8230;&#8230;&#8230;&#8230;&#8230;&#8230;.(nome completo), nascido aos &#8230;&#8230;.. dias do mês de &#8230;&#8230;&#8230;&#8230;.. do ano de &#8230;&#8230;&#8230;., cuja tutela data de &#8230;&#8230;./&#8230;&#8230;/&#8230;&#8230; (dia, mês e ano).</p>
<p>O tutelado é proprietário de um bem imóvel, constituído de &#8230;&#8230;&#8230;&#8230;&#8230; (descrever o bem, imóvel com medidas e confrontações), conforme escritura pública em anexo (doc. &#8230;.).</p>
<p>Toda a área vizinha já foi vendida para a municipalidade que já está fazendo  todos os trabalhos de terraplenagem do local para a construção da creche local.</p>
<p>O imóvel do menor sofrerá desvalorização considerável e há interesse na municipalidade na sua aquisição.</p>
<h1>II – DO DIREITO</h1>
<p>O direito do Requerente tem amparo na legislação vigente e também na doutrina e jurisprudência de nossos Tribunais, como adiante se verá;</p>
<p>“&#8230;&#8230;&#8230;&#8230;&#8230;..”  (fazer transcrição de artigos de lei)</p>
<p>No mesmo sentido é a jurisprudência:</p>
<p>“&#8230;&#8230;&#8230;&#8230;&#8230;.” (transcrever ementas)</p>
<h1>III – DO PEDIDO</h1>
<p>Diante do acima exposto, com objetivo de manter a vantagem dos bens do menor, na qualidade de tutor deste, requer a Vossa Excelência, após a manifestação do Ilustre Representante do Ministério Público conforme prevê o art. 1.105 do Código de Processo Civil, seja expedido o competente ALVARÁ para a venda do imóvel acima descrito, cujo valor em dinheiro da venda será  depositado em caderneta de poupança ou então na aquisição de outro bem imóvel, conforme o entendimento de Vossa Excelência.</p>
<p>À presente dá-se o valor de R$ &#8230;&#8230;&#8230;&#8230; (valor por extenso), para todos os efeitos legais.</p>
<p>Nestes termos,</p>
<p>Pede Deferimento.</p>
<p>&#8230;&#8230;&#8230;&#8230;&#8230;&#8230;., &#8230; de &#8230;&#8230;&#8230;&#8230;&#8230;.de &#8230;&#8230;&#8230;..</p>
<p> (local e data)</p>
<p><strong>&#8230;&#8230;&#8230;&#8230;&#8230;&#8230;&#8230;&#8230;&#8230;&#8230;&#8230;&#8230;</strong></p>
<p>Advogado (nome)</p>
<p>OAB/ &#8230;&#8230;&#8230;&#8230;&#8230;&#8230;&#8230;&#8230;.</p>
