{"id":38087,"date":"2023-08-04T19:35:16","date_gmt":"2023-08-04T19:35:16","guid":{"rendered":"https:\/\/easyjur.com\/blog\/?post_type=modelos-de-peticao&#038;p=3650"},"modified":"2023-08-04T19:35:16","modified_gmt":"2023-08-04T19:35:16","slug":"acao-de-indenizacao-por-acidente-com-atropelamento-por-trem","status":"publish","type":"modelos-de-peticao","link":"https:\/\/easyjur.com\/blog\/modelos-de-peticao\/acao-de-indenizacao-por-acidente-com-atropelamento-por-trem\/","title":{"rendered":"[MODELO] A\u00e7\u00e3o de Indeniza\u00e7\u00e3o por Acidente com Atropelamento por Trem"},"content":{"rendered":"<p>A\u00e7\u00e3o de Indeniza\u00e7\u00e3o &#8211; O Autor foi Atropelado por um Trem <\/p>\n<\/p>\n<p> Peti\u00e7\u00f5es &#8211; A\u00e7\u00f5es Indenizat\u00f3rias <\/p>\n<p>O requerente foi atropelado por um trem, por culpa do maquinista, que agiu de forma imprudente, havendo danos materiais e est\u00e9ticos com perda de membros e fun\u00e7\u00f5es do corpo. <\/p>\n<\/p>\n<p>EXCELENT\u00cdSSIMO SENHOR DOUTOR JUIZ FEDERAL DA &#8230;. \u00aa VARA DA SE\u00c7\u00c3O JUDICI\u00c1RIA DO ESTADO DO &#8230;.<\/p>\n<p>&#8230;&#8230;&#8230;&#8230;&#8230;&#8230;&#8230;&#8230;&#8230;&#8230;&#8230;.. (qualifica\u00e7\u00e3o), portador da Carteira de Identidade\/RG n\u00ba &#8230;. e o CPF\/MF sob o n\u00ba &#8230;., residente e domiciliado na Rua &#8230;. n\u00ba &#8230;., por seus advogados ao final assinados, constitu\u00eddos nos termos da procura\u00e7\u00e3o em anexo, inscritos na OAB\/&#8230;. sob os n\u00bas &#8230;. e &#8230;., com escrit\u00f3rio na &#8230;., onde recebem intima\u00e7\u00f5es e notifica\u00e7\u00f5es, vem respeitosamente \u00e0 presen\u00e7a de Vossa Excel\u00eancia, propor<\/p>\n<p>A\u00c7\u00c3O DE INDENIZA\u00c7\u00c3O<\/p>\n<p>em face de &#8230;., pessoa jur\u00eddica de direito p\u00fablico, com sede na Rua &#8230;. n\u00ba &#8230;., pelos motivos de fato e de direito que a seguir passa a expor:<\/p>\n<p>I &#8211; DOS FATOS<\/p>\n<p>O Autor, no dia &#8230;., por volta das &#8230;. horas, transitava com sua bicicleta pela &#8230;., quando estava pr\u00f3ximo ao &#8230;. ao tentar transpor a linha f\u00e9rrea, foi atropelado pelo trem prefixo &#8230;., com destino a &#8230;., conduzido pelo maquinista &#8230;., preposto da requerida.<\/p>\n<p>Em conseq\u00fc\u00eancia do acidente, o Autor teve o seu antebra\u00e7o direito amputado, bem como o ante-p\u00e9 esquerdo, fratura do f\u00eamur direito, luxa\u00e7\u00e3o coxa-femural direita e les\u00f5es na cabe\u00e7a, que resultou em seq\u00fcelas na fala e coordena\u00e7\u00e3o motora, conforme comprovantes em anexo.<\/p>\n<p>II &#8211; DOS DANOS MATERIAIS SOFRIDOS<\/p>\n<p>Na ocasi\u00e3o do acidente, o Autor exercia a fun\u00e7\u00e3o de &#8230;., mediante a remunera\u00e7\u00e3o de &#8230;. (&#8230;.) sal\u00e1rios m\u00ednimos, mais vantagens.<\/p>\n<p>Por ter perdido o antebra\u00e7o direito, ante-p\u00e9 esquerdo, bem como seq\u00fcelas na coordena\u00e7\u00e3o motora, ficou imprest\u00e1vel para o trabalho, porque a sua fun\u00e7\u00e3o requer o manuseio de materiais e equipamentos, e apenas com um s\u00f3 bra\u00e7o tornou-se imposs\u00edvel o exerc\u00edcio de sua profiss\u00e3o.<\/p>\n<p>Em conseq\u00fc\u00eancia, o Autor foi aposentado por invalidez acidental e recebe do INSS pouco mais que &#8230;. (&#8230;.) sal\u00e1rio m\u00ednimo, n\u00e3o possuindo qualquer outra fonte de renda e ainda tendo que sustentar esposa e &#8230;. (&#8230;.) filhos.<\/p>\n<p>III &#8211; DOS DANOS EST\u00c9TICOS E MORAIS<\/p>\n<p>O documento em anexo deixa caracterizado o dano est\u00e9tico sofrido pelo autor, dano este decorrente da amputa\u00e7\u00e3o do bra\u00e7o direito e ante-p\u00e9 esquerdo, resultando num aleij\u00e3o, sendo irrevers\u00edvel, irrepar\u00e1vel e permanente.<\/p>\n<p>Toda a pessoa humana \u00e9 titular de uma imagem. O enfeiamento da imagem, a tristeza que contamina a fam\u00edlia, a avers\u00e3o ambiente, constituem sem sombra de d\u00favida, o conjunto de danos morais sofridos pelo Autor. A Constitui\u00e7\u00e3o Federal, no art. 5\u00ba X, assegura o direito de indeniza\u00e7\u00e3o por viola\u00e7\u00e3o da imagem das pessoas e pelo dano material e moral.<\/p>\n<p>IV &#8211; DA CULPA<\/p>\n<p>Diz o C\u00f3digo Civil Brasileiro, no artigo 159:<\/p>\n<p>&quot;Aquele que, por a\u00e7\u00e3o ou omiss\u00e3o volunt\u00e1ria, neglig\u00eancia ou imprud\u00eancia violar direito ou causar preju\u00edzo a outrem, fica obrigado a reparar o dano.&quot;<\/p>\n<p>Artigo 1521, inciso III diz:<\/p>\n<p>&quot;S\u00e3o tamb\u00e9m respons\u00e1veis pela repara\u00e7\u00e3o civil, o patr\u00e3o, o amo ou comitente, por seus empregados, servi\u00e7ais e prepostos, no exerc\u00edcio do trabalho que lhes compete ou por ocasi\u00e3o dele.&quot;<\/p>\n<p>O acidente ocorreu por culpa exclusiva do preposto da requerida, que conduzia a locomotiva com distra\u00e7\u00e3o, com imprud\u00eancia, uma vez que n\u00e3o sinalizou e n\u00e3o apitou ao aproximar-se do cruzamento para alertar os transeuntes.<\/p>\n<p>\u00c9 incontest\u00e1vel que cabe \u00e0 requerida a responsabilidade de indenizar o Autor pelos danos sofridos.<\/p>\n<p>V &#8211; DO REQUERIMENTO<\/p>\n<p>a) DANOS MATERIAIS<\/p>\n<p>Isto posto, vem respeitosamente \u00e0 presen\u00e7a de V. Exa., pedir o que segue:<\/p>\n<p>&#8211; Pagamento de uma pens\u00e3o vital\u00edcia mensal, de &#8230;. (&#8230;.) sal\u00e1rios m\u00ednimos, eis que o Autor gozava de perfeita sa\u00fade, nos termos do art. 1539 do CCB;<\/p>\n<p>&#8211; Pagamento de uma s\u00f3 vez, em dinheiro, das presta\u00e7\u00f5es retro vencidas, contadas a partir do dia &#8230;., quando o acidente ocorreu, acrescidas de juros e corre\u00e7\u00e3o monet\u00e1ria.<\/p>\n<p>b) DANOS EST\u00c9TICOS E MORAIS<\/p>\n<p>&#8211; Pagamento de indeniza\u00e7\u00e3o decorrente de dano est\u00e9tico, eis que do acidente resultou aleij\u00e3o e deformidade aparente, irrevers\u00edvel, irrepar\u00e1vel e permanente, que, desde logo, requer seja fixada em &#8230;. (&#8230;.) sal\u00e1rios m\u00ednimos.<\/p>\n<p>DIANTE DO EXPOSTO, requer:<\/p>\n<p>a) Seja a requerida citada no endere\u00e7o acima, pelo correio, via AR, na pessoa do seu representante legal, para comparecer a audi\u00eancia que for designada e nela oferecer a defesa que tiver, sob pena de n\u00e3o o fazendo, serem presumidos verdadeiros os fatos constitutivos do Autor, mais revelia.<\/p>\n<p>b) A produ\u00e7\u00e3o de todas as provas em direito admitidas, em especial o depoimento pessoal do representante legal da requerida, sob pena de confesso, inquiri\u00e7\u00e3o de testemunhas, cujo rol oportunamente ser\u00e1 apresentado, per\u00edcias, juntada de documentos e demais provas necess\u00e1rias no curso do processo.<\/p>\n<p>c) Finalmente, seja a pretens\u00e3o do Autor julgada procedente, condenando a requerida ao pagamento das indeniza\u00e7\u00f5es solicitadas, arbitradas por V. Exa., bem como ao pagamento das custas processuais, honor\u00e1rios advocat\u00edcios no percentual de 20% sobre o valor apurado em execu\u00e7\u00e3o e demais comina\u00e7\u00f5es legais.<\/p>\n<p>VI &#8211; GRATUIDADE DE JUSTI\u00c7A<\/p>\n<p>Requer a concess\u00e3o do benef\u00edcio da Justi\u00e7a Gratuita ao Autor, vez que n\u00e3o possui meios para arcar com as custas deste processo, sem preju\u00edzo de seu sustento e de sua fam\u00edlia. Fundamenta seu pedido nos arts. 4\u00ba e seguintes da Lei n\u00ba 1.060\/50, com reda\u00e7\u00e3o dada pela Lei n\u00ba 7.510\/86, e art. 5\u00ba, LXXIV da CF.<\/p>\n<p>D\u00e1 \u00e0 presente o valor provis\u00f3rio de R$ &#8230;. (&#8230;.).<\/p>\n<p>Nestes termos,<\/p>\n<p>Pede deferimento.<\/p>\n<p>&#8230;., &#8230;. de &#8230;.. de &#8230;.<\/p>\n<p>&#8230;&#8230;&#8230;&#8230;&#8230;&#8230;&#8230;&#8230;&#8230;<\/p>\n<p>ADVOGADO OAB\/&#8230;. <\/p><\/p>\n","protected":false},"featured_media":0,"parent":0,"menu_order":0,"template":"","meta":{"content-type":""},"categoria-modelo":[528],"class_list":["post-38087","modelos-de-peticao","type-modelos-de-peticao","status-publish","hentry","categoria-modelo-kit-peticoes-diversas"],"_links":{"self":[{"href":"https:\/\/easyjur.com\/blog\/wp-json\/wp\/v2\/modelos-de-peticao\/38087","targetHints":{"allow":["GET"]}}],"collection":[{"href":"https:\/\/easyjur.com\/blog\/wp-json\/wp\/v2\/modelos-de-peticao"}],"about":[{"href":"https:\/\/easyjur.com\/blog\/wp-json\/wp\/v2\/types\/modelos-de-peticao"}],"wp:attachment":[{"href":"https:\/\/easyjur.com\/blog\/wp-json\/wp\/v2\/media?parent=38087"}],"wp:term":[{"taxonomy":"categoria-modelo","embeddable":true,"href":"https:\/\/easyjur.com\/blog\/wp-json\/wp\/v2\/categoria-modelo?post=38087"}],"curies":[{"name":"wp","href":"https:\/\/api.w.org\/{rel}","templated":true}]}}

[MODELO] Ação de Indenização por Acidente com Atropelamento por Trem

<p>Ação de Indenização &#8211; O Autor foi Atropelado por um Trem </p>
</p>
<p> Petições &#8211; Ações Indenizatórias </p>
<p>O requerente foi atropelado por um trem, por culpa do maquinista, que agiu de forma imprudente, havendo danos materiais e estéticos com perda de membros e funções do corpo. </p>
</p>
<p>EXCELENTÍSSIMO SENHOR DOUTOR JUIZ FEDERAL DA &#8230;. ª VARA DA SEÇÃO JUDICIÁRIA DO ESTADO DO &#8230;.</p>
<p>&#8230;&#8230;&#8230;&#8230;&#8230;&#8230;&#8230;&#8230;&#8230;&#8230;&#8230;.. (qualificação), portador da Carteira de Identidade/RG nº &#8230;. e o CPF/MF sob o nº &#8230;., residente e domiciliado na Rua &#8230;. nº &#8230;., por seus advogados ao final assinados, constituídos nos termos da procuração em anexo, inscritos na OAB/&#8230;. sob os nºs &#8230;. e &#8230;., com escritório na &#8230;., onde recebem intimações e notificações, vem respeitosamente à presença de Vossa Excelência, propor</p>
<p>AÇÃO DE INDENIZAÇÃO</p>
<p>em face de &#8230;., pessoa jurídica de direito público, com sede na Rua &#8230;. nº &#8230;., pelos motivos de fato e de direito que a seguir passa a expor:</p>
<p>I &#8211; DOS FATOS</p>
<p>O Autor, no dia &#8230;., por volta das &#8230;. horas, transitava com sua bicicleta pela &#8230;., quando estava próximo ao &#8230;. ao tentar transpor a linha férrea, foi atropelado pelo trem prefixo &#8230;., com destino a &#8230;., conduzido pelo maquinista &#8230;., preposto da requerida.</p>
<p>Em conseqüência do acidente, o Autor teve o seu antebraço direito amputado, bem como o ante-pé esquerdo, fratura do fêmur direito, luxação coxa-femural direita e lesões na cabeça, que resultou em seqüelas na fala e coordenação motora, conforme comprovantes em anexo.</p>
<p>II &#8211; DOS DANOS MATERIAIS SOFRIDOS</p>
<p>Na ocasião do acidente, o Autor exercia a função de &#8230;., mediante a remuneração de &#8230;. (&#8230;.) salários mínimos, mais vantagens.</p>
<p>Por ter perdido o antebraço direito, ante-pé esquerdo, bem como seqüelas na coordenação motora, ficou imprestável para o trabalho, porque a sua função requer o manuseio de materiais e equipamentos, e apenas com um só braço tornou-se impossível o exercício de sua profissão.</p>
<p>Em conseqüência, o Autor foi aposentado por invalidez acidental e recebe do INSS pouco mais que &#8230;. (&#8230;.) salário mínimo, não possuindo qualquer outra fonte de renda e ainda tendo que sustentar esposa e &#8230;. (&#8230;.) filhos.</p>
<p>III &#8211; DOS DANOS ESTÉTICOS E MORAIS</p>
<p>O documento em anexo deixa caracterizado o dano estético sofrido pelo autor, dano este decorrente da amputação do braço direito e ante-pé esquerdo, resultando num aleijão, sendo irreversível, irreparável e permanente.</p>
<p>Toda a pessoa humana é titular de uma imagem. O enfeiamento da imagem, a tristeza que contamina a família, a aversão ambiente, constituem sem sombra de dúvida, o conjunto de danos morais sofridos pelo Autor. A Constituição Federal, no art. 5º X, assegura o direito de indenização por violação da imagem das pessoas e pelo dano material e moral.</p>
<p>IV &#8211; DA CULPA</p>
<p>Diz o Código Civil Brasileiro, no artigo 159:</p>
<p>&quot;Aquele que, por ação ou omissão voluntária, negligência ou imprudência violar direito ou causar prejuízo a outrem, fica obrigado a reparar o dano.&quot;</p>
<p>Artigo 1521, inciso III diz:</p>
<p>&quot;São também responsáveis pela reparação civil, o patrão, o amo ou comitente, por seus empregados, serviçais e prepostos, no exercício do trabalho que lhes compete ou por ocasião dele.&quot;</p>
<p>O acidente ocorreu por culpa exclusiva do preposto da requerida, que conduzia a locomotiva com distração, com imprudência, uma vez que não sinalizou e não apitou ao aproximar-se do cruzamento para alertar os transeuntes.</p>
<p>É incontestável que cabe à requerida a responsabilidade de indenizar o Autor pelos danos sofridos.</p>
<p>V &#8211; DO REQUERIMENTO</p>
<p>a) DANOS MATERIAIS</p>
<p>Isto posto, vem respeitosamente à presença de V. Exa., pedir o que segue:</p>
<p>&#8211; Pagamento de uma pensão vitalícia mensal, de &#8230;. (&#8230;.) salários mínimos, eis que o Autor gozava de perfeita saúde, nos termos do art. 1539 do CCB;</p>
<p>&#8211; Pagamento de uma só vez, em dinheiro, das prestações retro vencidas, contadas a partir do dia &#8230;., quando o acidente ocorreu, acrescidas de juros e correção monetária.</p>
<p>b) DANOS ESTÉTICOS E MORAIS</p>
<p>&#8211; Pagamento de indenização decorrente de dano estético, eis que do acidente resultou aleijão e deformidade aparente, irreversível, irreparável e permanente, que, desde logo, requer seja fixada em &#8230;. (&#8230;.) salários mínimos.</p>
<p>DIANTE DO EXPOSTO, requer:</p>
<p>a) Seja a requerida citada no endereço acima, pelo correio, via AR, na pessoa do seu representante legal, para comparecer a audiência que for designada e nela oferecer a defesa que tiver, sob pena de não o fazendo, serem presumidos verdadeiros os fatos constitutivos do Autor, mais revelia.</p>
<p>b) A produção de todas as provas em direito admitidas, em especial o depoimento pessoal do representante legal da requerida, sob pena de confesso, inquirição de testemunhas, cujo rol oportunamente será apresentado, perícias, juntada de documentos e demais provas necessárias no curso do processo.</p>
<p>c) Finalmente, seja a pretensão do Autor julgada procedente, condenando a requerida ao pagamento das indenizações solicitadas, arbitradas por V. Exa., bem como ao pagamento das custas processuais, honorários advocatícios no percentual de 20% sobre o valor apurado em execução e demais cominações legais.</p>
<p>VI &#8211; GRATUIDADE DE JUSTIÇA</p>
<p>Requer a concessão do benefício da Justiça Gratuita ao Autor, vez que não possui meios para arcar com as custas deste processo, sem prejuízo de seu sustento e de sua família. Fundamenta seu pedido nos arts. 4º e seguintes da Lei nº 1.060/50, com redação dada pela Lei nº 7.510/86, e art. 5º, LXXIV da CF.</p>
<p>Dá à presente o valor provisório de R$ &#8230;. (&#8230;.).</p>
<p>Nestes termos,</p>
<p>Pede deferimento.</p>
<p>&#8230;., &#8230;. de &#8230;.. de &#8230;.</p>
<p>&#8230;&#8230;&#8230;&#8230;&#8230;&#8230;&#8230;&#8230;&#8230;</p>
<p>ADVOGADO OAB/&#8230;. </p></p>
