{"id":37858,"date":"2023-08-04T19:30:33","date_gmt":"2023-08-04T19:30:33","guid":{"rendered":"https:\/\/easyjur.com\/blog\/?post_type=modelos-de-peticao&#038;p=3650"},"modified":"2023-08-04T19:30:33","modified_gmt":"2023-08-04T19:30:33","slug":"acao-de-fixacao-de-preco-de-mensalidades-escolares-declaracao-de-pagamentos-a-maior-e-compensacao","status":"publish","type":"modelos-de-peticao","link":"https:\/\/easyjur.com\/blog\/modelos-de-peticao\/acao-de-fixacao-de-preco-de-mensalidades-escolares-declaracao-de-pagamentos-a-maior-e-compensacao\/","title":{"rendered":"[MODELO] A\u00c7\u00c3O DE FIXA\u00c7\u00c3O DE PRE\u00c7O DE MENSALIDADES ESCOLARES, DECLARA\u00c7\u00c3O DE PAGAMENTOS A MAIOR E COMPENSA\u00c7\u00c3O"},"content":{"rendered":"<p><strong>A\u00c7\u00c3O DE FIXA\u00c7\u00c3O DE PRE\u00c7O DE MENSALIDADES ESCOLARES, DECLARA\u00c7\u00c3O DE PAGAMENTOS FEITOS A MAIOR E COMPENSA\u00c7\u00c3O<\/strong><\/p>\n<p>EXMO. SR. DR. JUIZ DE DIREITO DA &#8230;. \u00aa VARA C\u00cdVEL DA COMARCA DE &#8230;. <\/p>\n<p>&#8230;., (qualifica\u00e7\u00e3o), residente e domiciliado na Rua &#8230;. n\u00ba &#8230;., portador da c\u00e9dula de Identidade Civil\/RG n\u00ba &#8230;. e inscrito no CPF\/MF sob n\u00ba &#8230;., estabelecido profissionalmente na Rua &#8230;. n\u00ba &#8230;., onde exerce a advocacia como membro inscrito da OAB\/&#8230;. sob n\u00ba &#8230;., fone &#8230;., advogado em causa pr\u00f3pria, e sua assistida filha &#8230;., (qualifica\u00e7\u00e3o), residente e domiciliada na Comarca de &#8230;., representada judicialmente pelo primeiro, conforme instrumento procurat\u00f3rio anexo, v\u00eam \u00e0 presen\u00e7a de Vossa Excel\u00eancia, respeitosamente, propor a presente A\u00c7\u00c3O DE FIXA\u00c7\u00c3O DE PRE\u00c7O DE MENSALIDADES ESCOLARES, DECLARA\u00c7\u00c3O DE PAGAMENTOS FEITOS A MAIOR E COMPENSA\u00c7\u00c3O, pelo rito sum\u00e1rio, contra &#8230;., pessoa jur\u00eddica de direito privado sediada na Comarca de &#8230;., na Rua &#8230;. n\u00ba &#8230;., no bairro &#8230;., onde dever\u00e1 ser citada na pessoa de seu representante legal. <\/p>\n<p>A presente a\u00e7\u00e3o fundamenta-se no artigo 1\u00ba, par\u00e1grafo 6\u00ba, da Lei n\u00ba 8.170\/91, combinado com os artigos 275 e seguintes do C\u00f3digo de Processo Civil no que se refere ao rito processual, e fundamenta-se nas demais disposi\u00e7\u00f5es da requerida Lei n. 8.170\/91 no que se refere ao direito material, ainda, em outras disposi\u00e7\u00f5es e julgados anteriores a seguir invocados. <\/p>\n<p>Passam a expor e requerer o seguinte: <\/p>\n<p>O primeiro requerente \u00e9 pai de &#8230;., a segunda requerente, acima qualificada, que se encontra matriculada e freq\u00fcentando o curso de &#8230;. na institui\u00e7\u00e3o educacional privada ora requerida desde o ano letivo de &#8230;. Por isso \u00e9 respons\u00e1vel pelo pagamento das mensalidades devidas junto \u00e0quela institui\u00e7\u00e3o e vem pelas mesmas respondendo, o que lhe confere legitimidade concorrente para postular na presente a\u00e7\u00e3o. <\/p>\n<p>A partir de &#8230;. do corrente ano o primeiro requerente suspendeu o pagamento das mensalidades e passou a questionar junto \u00e0 requerida no sentido de obter uma composi\u00e7\u00e3o amig\u00e1vel que mantivesse as mensalidades dentro de valores justos e aceit\u00e1veis, de conformidade com a legisla\u00e7\u00e3o vigente. At\u00e9 a presente data, todavia, n\u00e3o obteve \u00eaxito para pagar somente os valores devidos, visto que a requerida insiste em lhe cobrar valores acima do permissivo legal, conforme j\u00e1 houvera feito durante todo o ano letivo de &#8230;., quando lhe imp\u00f4s reajustamentos indevidos e superiores aos legais. <\/p>\n<p>O primeiro requerente n\u00e3o quer permanecer nesse impasse, mas quer ver solucionada de forma justa e legal a pend\u00eancia, de maneira que possa quitar seus d\u00e9bitos e dar prosseguimento aos estudos de sua filha. Por esse motivo vem propor a presente a\u00e7\u00e3o judicial, visando com ela estabelecer os valores justos e legais de todas as presta\u00e7\u00f5es referentes aos anos letivos de &#8230;. e pr\u00f3ximas presta\u00e7\u00f5es que forem vencendo durante a lide. Pretende que, estabelecidos judicialmente os valores devidos, o ind\u00e9bito pago que se apurar seja devidamente compensado nas mensalidades n\u00e3o pagas, atendendo-se, por\u00e9m, o estabelecido no par\u00e1grafo \u00fanico do artigo 42 do C\u00f3digo de Defesa do Consumidor (Lei n\u00ba 8.078\/90) e artigo 1.531 do C\u00f3digo Civil Brasileiro. Para tanto a senten\u00e7a a ser prolatada deve retroagir nos termos do artigo 1\u00ba, par\u00e1grafo 7\u00ba, da Lei n\u00ba 8.170\/91. <\/p>\n<p>Em anexo \u00e0 presente inicial os requerentes juntam uma planilha das presta\u00e7\u00f5es j\u00e1 pagas, desde a primeira, e das presta\u00e7\u00f5es em atraso, at\u00e9 a \u00faltima, para que, atrav\u00e9s das mesmas se possa efetuar o c\u00e1lculo de todas as presta\u00e7\u00f5es devidas, tudo de conformidade com o quanto preceituam as leis 8.170\/91 e 8.178\/91. Pedem que essa planilha seja recebida como parte integrante deste petit\u00f3rio. <\/p>\n<p>Diante do exposto v\u00eam requerer o seguinte: <\/p>\n<p>(PEDIDO DE LIMINAR) <\/p>\n<p>1 &#8211; que Vossa Excel\u00eancia haja por bem em, com fulcro no artigo 4\u00ba da Lei n\u00ba 8.170\/91, considerando o &quot;periculum in mora&quot; e o &quot;fumus boni juris&quot;, conceder, &quot;initio litis et inaudita altera pars&quot;, medida acautelat\u00f3ria liminar garantidora do quanto preceitua esse artigo, deixando, para tanto, expresso que a estudante &#8230;. n\u00e3o poder\u00e1 sofrer qualquer san\u00e7\u00e3o por parte da requerida em fun\u00e7\u00e3o do d\u00e9bito tratado e enquanto perdurar a presente lide, tais como suspens\u00e3o de provas, reten\u00e7\u00e3o de informa\u00e7\u00f5es a respeito das mesmas e das notas, impedimento de freq\u00fc\u00eancia \u00e0s aulas, atribui\u00e7\u00e3o de faltas estando a aluna presente \u00e0s aulas, reten\u00e7\u00e3o de documentos e de transfer\u00eancia, indeferimento de matr\u00edcula e outras dessa natureza, que possa a requerida pretender a t\u00edtulo de repres\u00e1lia ou de meio coercitivo para compelir os requerentes ao pagamento indevido. Aguem os requerentes a urg\u00eancia dessa medida liminar em face do t\u00e9rmino pr\u00f3ximo do presente ano letivo e da necessidade de ser garantida nova matr\u00edcula para o pr\u00f3ximo ano, o que \u00e9 iminente. <\/p>\n<p>2 &#8211; que Vossa Excel\u00eancia determine a cita\u00e7\u00e3o da requerida de todo o teor da presente a\u00e7\u00e3o, o que dever\u00e1 ser feita na pessoa de seu representante legal, no endere\u00e7o j\u00e1 declinado inicialmente, para que a mesma, querendo, a conteste, sob pena de revelia e confiss\u00e3o, e a acompanhe em todos os seus atos at\u00e9 o final, exercitando tudo quanto a lei lhe garante em defesa de seus direitos e interesses; <\/p>\n<p>3 &#8211; que Vossa Excel\u00eancia determine a intima\u00e7\u00e3o do representante do Minist\u00e9rio P\u00fablico para que o mesmo possa atuar na lide como lhe compete, em face de envolver a lide o interesse consumidor; <\/p>\n<p>4 &#8211; que Vossa Excel\u00eancia defira em favor dos requerentes a produ\u00e7\u00e3o de todas as provas permitidas em direito. Desde j\u00e1 especificam e requerem as seguintes provas: <\/p>\n<p>a) requisi\u00e7\u00e3o junto \u00e0 requerida de planilha de todas as presta\u00e7\u00f5es pagas e devidas pelos requerentes referentes aos anos letivos de &#8230;., de forma que se possa confirmar a planilha que os requerentes ora apresentam com esta inicial; <\/p>\n<p>b) depoimento pessoal do representante legal da requerida; <\/p>\n<p>5 &#8211; que Vossa Excel\u00eancia, ao final, julgue a presente a\u00e7\u00e3o procedente para: <\/p>\n<p>a) fixar, de conformidade com a legisla\u00e7\u00e3o atinente \u00e0 esp\u00e9cie, o valor de cada uma das mensalidades devidas durante os anos letivos de &#8230;. e das pr\u00f3ximas que se vencerem no curso da presente lide; <\/p>\n<p>b) declarar que os valores pagos a maior durante o ano letivo de &#8230;., dever\u00e3o ser restitu\u00eddos em dobro, acrescidos de corre\u00e7\u00e3o monet\u00e1ria e juros legais, conforme preceitua o par\u00e1grafo \u00fanico do artigo 42 da Lei n\u00ba 8.078\/90 (C\u00f3digo de Defesa do Consumidor), e artigo 1.531 do C\u00f3digo Brasileiro, facultando-se \u00e0 requerida, se quiser, compensar esses valores a serem restitu\u00eddos com as mensalidades impagas; <\/p>\n<p>c) condenar a requerida a receber do requerente o valor justo e legal das mensalidades vencidas e n\u00e3o pagas, autorizando-as, todavia, a compensar o ind\u00e9bito a ser restitu\u00eddo na forma requerida acima, tudo de conformidade com c\u00e1lculo a ser procedido com base na senten\u00e7a a ser prolatada por esse ju\u00edzo e segundo os par\u00e2metros que forem fixados em senten\u00e7a. <\/p>\n<p>A mora obrigacional deve ser atribu\u00edda \u00e0 requerida, isentando-se o requerente da mesma. <\/p>\n<p>6 &#8211; condenar a requerida a responder, por sucumb\u00eancia, pelas custas processuais e por honor\u00e1rios advocat\u00edcios de &#8230;.% (&#8230;.) sobre o valor da presente a\u00e7\u00e3o. <\/p>\n<p>D\u00e1-se ao presente feito, para os efeitos legais, o valor de R$ &#8230;. (&#8230;.) <\/p>\n<p>Pede Deferimento <\/p>\n<p>&#8230;., &#8230;. de &#8230;. de &#8230;. <\/p>\n<p>&#8230;&#8230;&#8230;&#8230;&#8230;&#8230; <br \/>Advogado <\/p>\n","protected":false},"featured_media":0,"parent":0,"menu_order":0,"template":"","meta":{"content-type":""},"categoria-modelo":[528],"class_list":["post-37858","modelos-de-peticao","type-modelos-de-peticao","status-publish","hentry","categoria-modelo-kit-peticoes-diversas"],"_links":{"self":[{"href":"https:\/\/easyjur.com\/blog\/wp-json\/wp\/v2\/modelos-de-peticao\/37858","targetHints":{"allow":["GET"]}}],"collection":[{"href":"https:\/\/easyjur.com\/blog\/wp-json\/wp\/v2\/modelos-de-peticao"}],"about":[{"href":"https:\/\/easyjur.com\/blog\/wp-json\/wp\/v2\/types\/modelos-de-peticao"}],"wp:attachment":[{"href":"https:\/\/easyjur.com\/blog\/wp-json\/wp\/v2\/media?parent=37858"}],"wp:term":[{"taxonomy":"categoria-modelo","embeddable":true,"href":"https:\/\/easyjur.com\/blog\/wp-json\/wp\/v2\/categoria-modelo?post=37858"}],"curies":[{"name":"wp","href":"https:\/\/api.w.org\/{rel}","templated":true}]}}

[MODELO] AÇÃO DE FIXAÇÃO DE PREÇO DE MENSALIDADES ESCOLARES, DECLARAÇÃO DE PAGAMENTOS A MAIOR E COMPENSAÇÃO

<p><strong>AÇÃO DE FIXAÇÃO DE PREÇO DE MENSALIDADES ESCOLARES, DECLARAÇÃO DE PAGAMENTOS FEITOS A MAIOR E COMPENSAÇÃO</strong></p>
<p>EXMO. SR. DR. JUIZ DE DIREITO DA &#8230;. ª VARA CÍVEL DA COMARCA DE &#8230;. </p>
<p>&#8230;., (qualificação), residente e domiciliado na Rua &#8230;. nº &#8230;., portador da cédula de Identidade Civil/RG nº &#8230;. e inscrito no CPF/MF sob nº &#8230;., estabelecido profissionalmente na Rua &#8230;. nº &#8230;., onde exerce a advocacia como membro inscrito da OAB/&#8230;. sob nº &#8230;., fone &#8230;., advogado em causa própria, e sua assistida filha &#8230;., (qualificação), residente e domiciliada na Comarca de &#8230;., representada judicialmente pelo primeiro, conforme instrumento procuratório anexo, vêm à presença de Vossa Excelência, respeitosamente, propor a presente AÇÃO DE FIXAÇÃO DE PREÇO DE MENSALIDADES ESCOLARES, DECLARAÇÃO DE PAGAMENTOS FEITOS A MAIOR E COMPENSAÇÃO, pelo rito sumário, contra &#8230;., pessoa jurídica de direito privado sediada na Comarca de &#8230;., na Rua &#8230;. nº &#8230;., no bairro &#8230;., onde deverá ser citada na pessoa de seu representante legal. </p>
<p>A presente ação fundamenta-se no artigo 1º, parágrafo 6º, da Lei nº 8.170/91, combinado com os artigos 275 e seguintes do Código de Processo Civil no que se refere ao rito processual, e fundamenta-se nas demais disposições da requerida Lei n. 8.170/91 no que se refere ao direito material, ainda, em outras disposições e julgados anteriores a seguir invocados. </p>
<p>Passam a expor e requerer o seguinte: </p>
<p>O primeiro requerente é pai de &#8230;., a segunda requerente, acima qualificada, que se encontra matriculada e freqüentando o curso de &#8230;. na instituição educacional privada ora requerida desde o ano letivo de &#8230;. Por isso é responsável pelo pagamento das mensalidades devidas junto àquela instituição e vem pelas mesmas respondendo, o que lhe confere legitimidade concorrente para postular na presente ação. </p>
<p>A partir de &#8230;. do corrente ano o primeiro requerente suspendeu o pagamento das mensalidades e passou a questionar junto à requerida no sentido de obter uma composição amigável que mantivesse as mensalidades dentro de valores justos e aceitáveis, de conformidade com a legislação vigente. Até a presente data, todavia, não obteve êxito para pagar somente os valores devidos, visto que a requerida insiste em lhe cobrar valores acima do permissivo legal, conforme já houvera feito durante todo o ano letivo de &#8230;., quando lhe impôs reajustamentos indevidos e superiores aos legais. </p>
<p>O primeiro requerente não quer permanecer nesse impasse, mas quer ver solucionada de forma justa e legal a pendência, de maneira que possa quitar seus débitos e dar prosseguimento aos estudos de sua filha. Por esse motivo vem propor a presente ação judicial, visando com ela estabelecer os valores justos e legais de todas as prestações referentes aos anos letivos de &#8230;. e próximas prestações que forem vencendo durante a lide. Pretende que, estabelecidos judicialmente os valores devidos, o indébito pago que se apurar seja devidamente compensado nas mensalidades não pagas, atendendo-se, porém, o estabelecido no parágrafo único do artigo 42 do Código de Defesa do Consumidor (Lei nº 8.078/90) e artigo 1.531 do Código Civil Brasileiro. Para tanto a sentença a ser prolatada deve retroagir nos termos do artigo 1º, parágrafo 7º, da Lei nº 8.170/91. </p>
<p>Em anexo à presente inicial os requerentes juntam uma planilha das prestações já pagas, desde a primeira, e das prestações em atraso, até a última, para que, através das mesmas se possa efetuar o cálculo de todas as prestações devidas, tudo de conformidade com o quanto preceituam as leis 8.170/91 e 8.178/91. Pedem que essa planilha seja recebida como parte integrante deste petitório. </p>
<p>Diante do exposto vêm requerer o seguinte: </p>
<p>(PEDIDO DE LIMINAR) </p>
<p>1 &#8211; que Vossa Excelência haja por bem em, com fulcro no artigo 4º da Lei nº 8.170/91, considerando o &quot;periculum in mora&quot; e o &quot;fumus boni juris&quot;, conceder, &quot;initio litis et inaudita altera pars&quot;, medida acautelatória liminar garantidora do quanto preceitua esse artigo, deixando, para tanto, expresso que a estudante &#8230;. não poderá sofrer qualquer sanção por parte da requerida em função do débito tratado e enquanto perdurar a presente lide, tais como suspensão de provas, retenção de informações a respeito das mesmas e das notas, impedimento de freqüência às aulas, atribuição de faltas estando a aluna presente às aulas, retenção de documentos e de transferência, indeferimento de matrícula e outras dessa natureza, que possa a requerida pretender a título de represália ou de meio coercitivo para compelir os requerentes ao pagamento indevido. Aguem os requerentes a urgência dessa medida liminar em face do término próximo do presente ano letivo e da necessidade de ser garantida nova matrícula para o próximo ano, o que é iminente. </p>
<p>2 &#8211; que Vossa Excelência determine a citação da requerida de todo o teor da presente ação, o que deverá ser feita na pessoa de seu representante legal, no endereço já declinado inicialmente, para que a mesma, querendo, a conteste, sob pena de revelia e confissão, e a acompanhe em todos os seus atos até o final, exercitando tudo quanto a lei lhe garante em defesa de seus direitos e interesses; </p>
<p>3 &#8211; que Vossa Excelência determine a intimação do representante do Ministério Público para que o mesmo possa atuar na lide como lhe compete, em face de envolver a lide o interesse consumidor; </p>
<p>4 &#8211; que Vossa Excelência defira em favor dos requerentes a produção de todas as provas permitidas em direito. Desde já especificam e requerem as seguintes provas: </p>
<p>a) requisição junto à requerida de planilha de todas as prestações pagas e devidas pelos requerentes referentes aos anos letivos de &#8230;., de forma que se possa confirmar a planilha que os requerentes ora apresentam com esta inicial; </p>
<p>b) depoimento pessoal do representante legal da requerida; </p>
<p>5 &#8211; que Vossa Excelência, ao final, julgue a presente ação procedente para: </p>
<p>a) fixar, de conformidade com a legislação atinente à espécie, o valor de cada uma das mensalidades devidas durante os anos letivos de &#8230;. e das próximas que se vencerem no curso da presente lide; </p>
<p>b) declarar que os valores pagos a maior durante o ano letivo de &#8230;., deverão ser restituídos em dobro, acrescidos de correção monetária e juros legais, conforme preceitua o parágrafo único do artigo 42 da Lei nº 8.078/90 (Código de Defesa do Consumidor), e artigo 1.531 do Código Brasileiro, facultando-se à requerida, se quiser, compensar esses valores a serem restituídos com as mensalidades impagas; </p>
<p>c) condenar a requerida a receber do requerente o valor justo e legal das mensalidades vencidas e não pagas, autorizando-as, todavia, a compensar o indébito a ser restituído na forma requerida acima, tudo de conformidade com cálculo a ser procedido com base na sentença a ser prolatada por esse juízo e segundo os parâmetros que forem fixados em sentença. </p>
<p>A mora obrigacional deve ser atribuída à requerida, isentando-se o requerente da mesma. </p>
<p>6 &#8211; condenar a requerida a responder, por sucumbência, pelas custas processuais e por honorários advocatícios de &#8230;.% (&#8230;.) sobre o valor da presente ação. </p>
<p>Dá-se ao presente feito, para os efeitos legais, o valor de R$ &#8230;. (&#8230;.) </p>
<p>Pede Deferimento </p>
<p>&#8230;., &#8230;. de &#8230;. de &#8230;. </p>
<p>&#8230;&#8230;&#8230;&#8230;&#8230;&#8230; <br />Advogado </p>
