{"id":37821,"date":"2023-08-04T19:29:45","date_gmt":"2023-08-04T19:29:45","guid":{"rendered":"https:\/\/easyjur.com\/blog\/?post_type=modelos-de-peticao&#038;p=3650"},"modified":"2023-08-04T19:29:45","modified_gmt":"2023-08-04T19:29:45","slug":"acao-popular-restituicao-de-gastos-com-publicidade-pelo-prefeito-municipal","status":"publish","type":"modelos-de-peticao","link":"https:\/\/easyjur.com\/blog\/modelos-de-peticao\/acao-popular-restituicao-de-gastos-com-publicidade-pelo-prefeito-municipal\/","title":{"rendered":"[MODELO] A\u00e7\u00e3o Popular  &#8211;  Restitui\u00e7\u00e3o de Gastos com Publicidade pelo Prefeito Municipal"},"content":{"rendered":"<p>A\u00e7\u00e3o Popular &#8211; Restitui\u00e7\u00e3o aos Cofres P\u00fablicos de Gastos com Publicidade <\/p>\n<\/p>\n<p> Peti\u00e7\u00f5es &#8211; Direito das Obriga\u00e7\u00f5es <\/p>\n<p>A\u00e7\u00e3o Popular em face de publicidade em favor do Prefeito Muncipal, fato que o motiva a requerer a restitui\u00e7\u00e3o aos cofres p\u00fablicos do dinheiro gasto com tais com publicidade. <\/p>\n<\/p>\n<p>EXCELENT\u00cdSSIMO SENHOR DOUTOR JUIZ DE DIREITO DA &#8230;.\u00aa VARA C\u00cdVEL DA COMARCA DE &#8230;.<\/p>\n<p>&#8230;&#8230;&#8230;&#8230;&#8230;&#8230;&#8230;&#8230;&#8230;&#8230;&#8230;. (qualifica\u00e7\u00e3o), advogado inscrito na OAB\/&#8230;, sob n\u00ba &#8230;., portador do t\u00edtulo de eleitor n\u00ba &#8230;., da &#8230;.\u00aa Z.E. na Comarca de &#8230;. &#8211; c\u00f3pia anexa -, estabelecido na Comarca de &#8230;., na Rua &#8230;&#8230;.. n\u00ba &#8230;., vem mui respeitosamente, no uso de suas prerrogativas profissionais, propor esta <\/p>\n<p>A\u00c7\u00c3O POPULAR<\/p>\n<p>contra &#8230;&#8230;&#8230;&#8230;&#8230;&#8230;&#8230;&#8230;&#8230;&#8230;&#8230;&#8230;.. (qualifica\u00e7\u00e3o), exercendo mandato de Prefeito Muncipal &#8230;&#8230;, encontr\u00e1vel no Prefeitura Muncipal, em &#8230;., protestando pela indica\u00e7\u00e3o e cita\u00e7\u00e3o de outros r\u00e9us, na forma do art. 7\u00ba, III, da Lei n\u00ba 4.717\/65, para o que aduz e demonstra:<\/p>\n<p>A legitimidade ativa e a passiva para o feito est\u00e3o previsto pela Constitui\u00e7\u00e3o Federal, artigo 5\u00ba, inciso LXXIII, inclusive com previs\u00e3o de isen\u00e7\u00e3o de custas &#8211; o que ora se requer &#8211; e a Lei supra, de 29.06.65, arts. 1\u00ba e 6\u00ba.<\/p>\n<p>PRELIMINAR<\/p>\n<p>Al\u00e9m da cita\u00e7\u00e3o do r\u00e9u, requer, no mesmo ato &#8211; mandado ou precat\u00f3ria &#8211; seja ele tamb\u00e9m notificado, para que nomeie todas as pessoas respons\u00e1veis &#8211; inclusive a ag\u00eancia de publicidade &#8211; pelas publica\u00e7\u00f5es abaixo referidas, a fim de que integrem a lide no polo passivo, consoante a Lei n\u00ba 4.717\/65, art. 7\u00ba, III, sob pena de responder o r\u00e9u, sozinho, pela condena\u00e7\u00e3o abaixo requerida.<\/p>\n<p>O autor &#8211; que n\u00e3o \u00e9 e nunca foi filiado a partido pol\u00edtico nenhum &#8211; ficou indignado quando viu, nos dias &#8230;. de &#8230;. \u00faltimo e &#8230;. de &#8230;. corrente, nos jornais &#8230;., p\u00e1gs. &#8230;\/&#8230;, &#8230;., p\u00e1gs. &#8230;\/&#8230;, &#8230;., p\u00e1gs. &#8230;\/&#8230; e &#8230;., p\u00e1gs. &#8230;\/&#8230;, o mesmo an\u00fancio do Prefeito da Cidade de &#8230;. &#8211; todos em p\u00e1gina central e dupla &#8211; com o seguinte texto-t\u00edtulo: <\/p>\n<p>&quot;Mais de 1.5 milh\u00f5es de reais em investimentos est\u00e3o transformando o perfil de todo o Muncipio&quot;. &#8211; &quot;S\u00f3 n\u00e3o v\u00ea quem n\u00e3o quer&quot;.<\/p>\n<p>E traz o an\u00fancio &#8211; que s\u00f3 n\u00e3o v\u00eam quem n\u00e3o tiver olhos, porque em p\u00e1gina dupla e letras garrafais &#8211; fotos de diversos produtos industrializados, a seq\u00fc\u00eancia do texto e os nomes de empresas.<\/p>\n<p>Anexos exemplares das p\u00e1ginas referidas, em original.<\/p>\n<p>Apesar de n\u00e3o figurar o nome do r\u00e9u expressamente no an\u00fancio, salta aos olhos a ilegalidade da publica\u00e7\u00e3o, seja pelo destaque exagerado do mesmo &#8211; em p\u00e1ginas duplas dos maiores jornais de circula\u00e7\u00e3o na sua regi\u00e3o &#8211; seja pela absoluta desnecessidade de tal publica\u00e7\u00e3o, demonstrando o mau uso do dinheiro p\u00fablico.<\/p>\n<p>A C.F. exige, no artigo 37, que os atos da administra\u00e7\u00e3o p\u00fablica devem obedecer aos princ\u00edpios da legalidade, da impessoalidade e da moralidade, obrigando o administrador p\u00fablico &#8211; em todas as esferas e fun\u00e7\u00f5es &#8211; a zelar pelo bom emprego das verbas p\u00fablicas, ainda que dentro de previs\u00f5es or\u00e7ament\u00e1rias.<\/p>\n<p>Tais an\u00fancios revelam improbidade no uso do dinheiro p\u00fablico, caracterizando-se em publicidade da pessoa do Prefeito, em plena campanha eleitoral, sendo fato p\u00fablico e not\u00f3rio o uso da &quot;m\u00e1quina do governo&quot; no segundo turno eleitoral em &#8230;., com envio de equipes de trabalho do governo estadual, uso de ve\u00edculos oficiais, como tem destacado a imprensa nos \u00faltimos dias.<\/p>\n<p>O conte\u00fado do an\u00fancio e o seu exagerado destaque na imprensa, levam \u00e0 inarred\u00e1vel conclus\u00e3o de abuso no uso do dinheiro p\u00fablico (igual &#8211; do povo), a par, ainda, de se estar em tempo de campanha pol\u00edtica em &#8230;.<\/p>\n<p>O preju\u00edzo ao patrim\u00f4nio p\u00fablico est\u00e1 evidente, eis que o ato impugnado provocou gasto de dinheiro p\u00fablico absolutamente desnecess\u00e1rio, fugindo da exig\u00eancia de moralidade que devem nortear os atos do gestor p\u00fablico, ainda que a verba tenha previs\u00e3o or\u00e7ament\u00e1ria.<\/p>\n<p>Ainda que verba or\u00e7ament\u00e1ria, nada justifica o desperd\u00edcio do uso, a improbidade do ato.<\/p>\n<p>Parece que o an\u00fancio tem o intuito de tentar resgatar a desgastada credibilidade do prefeito quanto \u00e0 injusta distribui\u00e7\u00e3o de verbas p\u00fablicas para o interior, o que tem sido objeto de veementes reclama\u00e7\u00f5es com a distribui\u00e7\u00e3o dessas verbas, al\u00e9m de den\u00fancias dessa discrimina\u00e7\u00e3o pela imprensa, conforme exemplares anexos.<\/p>\n<p>Claro exemplo dessa disparidade \u00e9 o discurso do vereador de &#8230;., conforme Jornal de &#8230;., de &#8230;\/&#8230;\/&#8230;, p\u00e1g. &#8230;., original anexo.<\/p>\n<p>\u00c9 bastante prov\u00e1vel que o mesmo an\u00fancio tenha sido publicado tamb\u00e9m em grandes jornais de circula\u00e7\u00e3o estadual, como &#8230;., &#8230;., &#8230;., e outros, pelo que protesta pela oportuna juntada de comprovantes dessas publica\u00e7\u00f5es, se for o caso, fazendo parte integrante do pedido de condena\u00e7\u00e3o abaixo tamb\u00e9m os valores decorrentes desses atos.<\/p>\n<p>Para a prova do alegado requer:<\/p>\n<p>1) Expedi\u00e7\u00e3o de of\u00edcios aos \u00f3rg\u00e3os de publica\u00e7\u00e3o, como abaixo, para que, no prazo que for fixado, informar ao Ju\u00edzo: a) o valor cobrado pela publica\u00e7\u00e3o e a forma de pagamento; b) o nome da ag\u00eancia publicit\u00e1ria que produziu e\/ou autorizou a publica\u00e7\u00e3o acima; c) remeta ao Ju\u00edzo c\u00f3pia da fatura, do contrato ou outro documento de d\u00e9bito do valor relativo \u00e0 publica\u00e7\u00e3o; as seguintes: <\/p>\n<p>1.a) &#8230;&#8230;&#8230;&#8230;&#8230;&#8230;&#8230;&#8230;&#8230;&#8230;, Rua &#8230;. n\u00ba &#8230;., CEP &#8230;., na Comarca de &#8230;.;<\/p>\n<p>1.d) &#8230;&#8230;&#8230;&#8230;&#8230;&#8230;&#8230;&#8230;&#8230;, Rua &#8230;. n\u00ba &#8230;., CEP &#8230;., na Comarca de &#8230;.; (Apenas as despesas com essas publica\u00e7\u00f5es, certamente somam mais de R$ &#8230;&#8230;&#8230;&#8230;&#8230;&#8230;&#8230;&#8230;, como se provar\u00e1 com os pedidos abaixo).<\/p>\n<p>Protesta tamb\u00e9m pelo pedido de envio de id\u00eanticos of\u00edcios, ou indagando-se quanto a se houve publica\u00e7\u00e3o ou n\u00e3o, para outros jornais, como &#8230;., &#8230;., &#8230;., o &#8230;., e outros.<\/p>\n<p>2) Seja notificada &#8211; art. 399 CPC &#8211; por via postal, a Secretaria de Estado da Comunica\u00e7\u00e3o Social, em &#8230;., para que informe no prazo que lhe for deferida, o seguinte: a) nome do Secret\u00e1rio da Comunica\u00e7\u00e3o; b) nome e endere\u00e7o dos funcion\u00e1rios que participaram das publica\u00e7\u00f5es &quot;sub judice&quot;; c) nome e endere\u00e7o da ag\u00eancia de publicidade que criou, autorizou e\/ou veiculou o an\u00fancio em quest\u00e3o; d) quais os jornais e seus endere\u00e7os, al\u00e9m dos j\u00e1 referidos, que efetuaram a publica\u00e7\u00e3o do mesmo an\u00fancio; e) o custo individual de cada uma dessas publica\u00e7\u00f5es, enviando o correspondente documento do d\u00e9bito (fatura, contrato ou outro). Pede conste, no of\u00edcio, advert\u00eancia para presta\u00e7\u00e3o fidedigna das informa\u00e7\u00f5es, sob pena de cometimento de crime de desobedi\u00eancia e falsidade.<\/p>\n<p>Os jornais de dias atr\u00e1s anunciaram a presen\u00e7a do r\u00e9u, nesta semana, em &#8230;., para a campanha eleitoral, pelo que abaixo se requer a expedi\u00e7\u00e3o de mandado de cita\u00e7\u00e3o, evitando-se maior demora para esse desiderado.<\/p>\n<p>Face ao exposto e demonstrado requer a cita\u00e7\u00e3o do r\u00e9u, por mandado (ou, se n\u00e3o, por via postal c\/ A.R.), para que, no prazo legal, conteste a presente a\u00e7\u00e3o, pena de revelia.<\/p>\n<p>Ao final requer o julgamento da proced\u00eancia, para condenar o r\u00e9u &#8211; inclusive os demais r\u00e9us que oportunamente forem apontados &#8211; a restitu\u00edrem aos cofres da prefeitura do municipio&#8230;., por dep\u00f3sito judicial para posterior repasse ao muncipio, a totalidade das despesas com as publica\u00e7\u00f5es acima, e demais publica\u00e7\u00f5es do mesmo an\u00fancio, bem como restitu\u00edrem tamb\u00e9m as despesas com a prepara\u00e7\u00e3o\/elabora\u00e7\u00e3o do an\u00fancio pela ag\u00eancia de propaganda, tudo consoante j\u00e1 provado e se provar oportunamente no processo, mais custas do processo e honor\u00e1rios advocat\u00edcios, que requer sejam fixados em 20% sobre o total que resultar da condena\u00e7\u00e3o.<\/p>\n<p>Se necess\u00e1rio, protesta pela produ\u00e7\u00e3o das demais provas do preju\u00edzo ao er\u00e1rio &#8211; com o an\u00fancio e publica\u00e7\u00f5es &#8211; em oportuna liquida\u00e7\u00e3o de senten\u00e7a.<\/p>\n<p>Prova o alegado pelos documentos anexos, com a expedi\u00e7\u00e3o dos of\u00edcios acima requeridos e, se necess\u00e1rio, por outras provas.<\/p>\n<p>Com os documentos anexos, dando \u00e0 causa o valor provis\u00f3rio de R$ &#8230;. (&#8230;.).<\/p>\n<p>Pede e espera deferimento.<\/p>\n<p>&#8230;., &#8230;. de &#8230;. de &#8230;.<\/p>\n<p>&#8230;&#8230;&#8230;&#8230;&#8230;&#8230;.<\/p>\n<p>Advogado OAB\/&#8230; <\/p><\/p>\n","protected":false},"featured_media":0,"parent":0,"menu_order":0,"template":"","meta":{"content-type":""},"categoria-modelo":[528],"class_list":["post-37821","modelos-de-peticao","type-modelos-de-peticao","status-publish","hentry","categoria-modelo-kit-peticoes-diversas"],"_links":{"self":[{"href":"https:\/\/easyjur.com\/blog\/wp-json\/wp\/v2\/modelos-de-peticao\/37821","targetHints":{"allow":["GET"]}}],"collection":[{"href":"https:\/\/easyjur.com\/blog\/wp-json\/wp\/v2\/modelos-de-peticao"}],"about":[{"href":"https:\/\/easyjur.com\/blog\/wp-json\/wp\/v2\/types\/modelos-de-peticao"}],"wp:attachment":[{"href":"https:\/\/easyjur.com\/blog\/wp-json\/wp\/v2\/media?parent=37821"}],"wp:term":[{"taxonomy":"categoria-modelo","embeddable":true,"href":"https:\/\/easyjur.com\/blog\/wp-json\/wp\/v2\/categoria-modelo?post=37821"}],"curies":[{"name":"wp","href":"https:\/\/api.w.org\/{rel}","templated":true}]}}

[MODELO] Ação Popular  &#8211;  Restituição de Gastos com Publicidade pelo Prefeito Municipal

<p>Ação Popular &#8211; Restituição aos Cofres Públicos de Gastos com Publicidade </p>
</p>
<p> Petições &#8211; Direito das Obrigações </p>
<p>Ação Popular em face de publicidade em favor do Prefeito Muncipal, fato que o motiva a requerer a restituição aos cofres públicos do dinheiro gasto com tais com publicidade. </p>
</p>
<p>EXCELENTÍSSIMO SENHOR DOUTOR JUIZ DE DIREITO DA &#8230;.ª VARA CÍVEL DA COMARCA DE &#8230;.</p>
<p>&#8230;&#8230;&#8230;&#8230;&#8230;&#8230;&#8230;&#8230;&#8230;&#8230;&#8230;. (qualificação), advogado inscrito na OAB/&#8230;, sob nº &#8230;., portador do título de eleitor nº &#8230;., da &#8230;.ª Z.E. na Comarca de &#8230;. &#8211; cópia anexa -, estabelecido na Comarca de &#8230;., na Rua &#8230;&#8230;.. nº &#8230;., vem mui respeitosamente, no uso de suas prerrogativas profissionais, propor esta </p>
<p>AÇÃO POPULAR</p>
<p>contra &#8230;&#8230;&#8230;&#8230;&#8230;&#8230;&#8230;&#8230;&#8230;&#8230;&#8230;&#8230;.. (qualificação), exercendo mandato de Prefeito Muncipal &#8230;&#8230;, encontrável no Prefeitura Muncipal, em &#8230;., protestando pela indicação e citação de outros réus, na forma do art. 7º, III, da Lei nº 4.717/65, para o que aduz e demonstra:</p>
<p>A legitimidade ativa e a passiva para o feito estão previsto pela Constituição Federal, artigo 5º, inciso LXXIII, inclusive com previsão de isenção de custas &#8211; o que ora se requer &#8211; e a Lei supra, de 29.06.65, arts. 1º e 6º.</p>
<p>PRELIMINAR</p>
<p>Além da citação do réu, requer, no mesmo ato &#8211; mandado ou precatória &#8211; seja ele também notificado, para que nomeie todas as pessoas responsáveis &#8211; inclusive a agência de publicidade &#8211; pelas publicações abaixo referidas, a fim de que integrem a lide no polo passivo, consoante a Lei nº 4.717/65, art. 7º, III, sob pena de responder o réu, sozinho, pela condenação abaixo requerida.</p>
<p>O autor &#8211; que não é e nunca foi filiado a partido político nenhum &#8211; ficou indignado quando viu, nos dias &#8230;. de &#8230;. último e &#8230;. de &#8230;. corrente, nos jornais &#8230;., págs. &#8230;/&#8230;, &#8230;., págs. &#8230;/&#8230;, &#8230;., págs. &#8230;/&#8230; e &#8230;., págs. &#8230;/&#8230;, o mesmo anúncio do Prefeito da Cidade de &#8230;. &#8211; todos em página central e dupla &#8211; com o seguinte texto-título: </p>
<p>&quot;Mais de 1.5 milhões de reais em investimentos estão transformando o perfil de todo o Muncipio&quot;. &#8211; &quot;Só não vê quem não quer&quot;.</p>
<p>E traz o anúncio &#8211; que só não vêm quem não tiver olhos, porque em página dupla e letras garrafais &#8211; fotos de diversos produtos industrializados, a seqüência do texto e os nomes de empresas.</p>
<p>Anexos exemplares das páginas referidas, em original.</p>
<p>Apesar de não figurar o nome do réu expressamente no anúncio, salta aos olhos a ilegalidade da publicação, seja pelo destaque exagerado do mesmo &#8211; em páginas duplas dos maiores jornais de circulação na sua região &#8211; seja pela absoluta desnecessidade de tal publicação, demonstrando o mau uso do dinheiro público.</p>
<p>A C.F. exige, no artigo 37, que os atos da administração pública devem obedecer aos princípios da legalidade, da impessoalidade e da moralidade, obrigando o administrador público &#8211; em todas as esferas e funções &#8211; a zelar pelo bom emprego das verbas públicas, ainda que dentro de previsões orçamentárias.</p>
<p>Tais anúncios revelam improbidade no uso do dinheiro público, caracterizando-se em publicidade da pessoa do Prefeito, em plena campanha eleitoral, sendo fato público e notório o uso da &quot;máquina do governo&quot; no segundo turno eleitoral em &#8230;., com envio de equipes de trabalho do governo estadual, uso de veículos oficiais, como tem destacado a imprensa nos últimos dias.</p>
<p>O conteúdo do anúncio e o seu exagerado destaque na imprensa, levam à inarredável conclusão de abuso no uso do dinheiro público (igual &#8211; do povo), a par, ainda, de se estar em tempo de campanha política em &#8230;.</p>
<p>O prejuízo ao patrimônio público está evidente, eis que o ato impugnado provocou gasto de dinheiro público absolutamente desnecessário, fugindo da exigência de moralidade que devem nortear os atos do gestor público, ainda que a verba tenha previsão orçamentária.</p>
<p>Ainda que verba orçamentária, nada justifica o desperdício do uso, a improbidade do ato.</p>
<p>Parece que o anúncio tem o intuito de tentar resgatar a desgastada credibilidade do prefeito quanto à injusta distribuição de verbas públicas para o interior, o que tem sido objeto de veementes reclamações com a distribuição dessas verbas, além de denúncias dessa discriminação pela imprensa, conforme exemplares anexos.</p>
<p>Claro exemplo dessa disparidade é o discurso do vereador de &#8230;., conforme Jornal de &#8230;., de &#8230;/&#8230;/&#8230;, pág. &#8230;., original anexo.</p>
<p>É bastante provável que o mesmo anúncio tenha sido publicado também em grandes jornais de circulação estadual, como &#8230;., &#8230;., &#8230;., e outros, pelo que protesta pela oportuna juntada de comprovantes dessas publicações, se for o caso, fazendo parte integrante do pedido de condenação abaixo também os valores decorrentes desses atos.</p>
<p>Para a prova do alegado requer:</p>
<p>1) Expedição de ofícios aos órgãos de publicação, como abaixo, para que, no prazo que for fixado, informar ao Juízo: a) o valor cobrado pela publicação e a forma de pagamento; b) o nome da agência publicitária que produziu e/ou autorizou a publicação acima; c) remeta ao Juízo cópia da fatura, do contrato ou outro documento de débito do valor relativo à publicação; as seguintes: </p>
<p>1.a) &#8230;&#8230;&#8230;&#8230;&#8230;&#8230;&#8230;&#8230;&#8230;&#8230;, Rua &#8230;. nº &#8230;., CEP &#8230;., na Comarca de &#8230;.;</p>
<p>1.d) &#8230;&#8230;&#8230;&#8230;&#8230;&#8230;&#8230;&#8230;&#8230;, Rua &#8230;. nº &#8230;., CEP &#8230;., na Comarca de &#8230;.; (Apenas as despesas com essas publicações, certamente somam mais de R$ &#8230;&#8230;&#8230;&#8230;&#8230;&#8230;&#8230;&#8230;, como se provará com os pedidos abaixo).</p>
<p>Protesta também pelo pedido de envio de idênticos ofícios, ou indagando-se quanto a se houve publicação ou não, para outros jornais, como &#8230;., &#8230;., &#8230;., o &#8230;., e outros.</p>
<p>2) Seja notificada &#8211; art. 399 CPC &#8211; por via postal, a Secretaria de Estado da Comunicação Social, em &#8230;., para que informe no prazo que lhe for deferida, o seguinte: a) nome do Secretário da Comunicação; b) nome e endereço dos funcionários que participaram das publicações &quot;sub judice&quot;; c) nome e endereço da agência de publicidade que criou, autorizou e/ou veiculou o anúncio em questão; d) quais os jornais e seus endereços, além dos já referidos, que efetuaram a publicação do mesmo anúncio; e) o custo individual de cada uma dessas publicações, enviando o correspondente documento do débito (fatura, contrato ou outro). Pede conste, no ofício, advertência para prestação fidedigna das informações, sob pena de cometimento de crime de desobediência e falsidade.</p>
<p>Os jornais de dias atrás anunciaram a presença do réu, nesta semana, em &#8230;., para a campanha eleitoral, pelo que abaixo se requer a expedição de mandado de citação, evitando-se maior demora para esse desiderado.</p>
<p>Face ao exposto e demonstrado requer a citação do réu, por mandado (ou, se não, por via postal c/ A.R.), para que, no prazo legal, conteste a presente ação, pena de revelia.</p>
<p>Ao final requer o julgamento da procedência, para condenar o réu &#8211; inclusive os demais réus que oportunamente forem apontados &#8211; a restituírem aos cofres da prefeitura do municipio&#8230;., por depósito judicial para posterior repasse ao muncipio, a totalidade das despesas com as publicações acima, e demais publicações do mesmo anúncio, bem como restituírem também as despesas com a preparação/elaboração do anúncio pela agência de propaganda, tudo consoante já provado e se provar oportunamente no processo, mais custas do processo e honorários advocatícios, que requer sejam fixados em 20% sobre o total que resultar da condenação.</p>
<p>Se necessário, protesta pela produção das demais provas do prejuízo ao erário &#8211; com o anúncio e publicações &#8211; em oportuna liquidação de sentença.</p>
<p>Prova o alegado pelos documentos anexos, com a expedição dos ofícios acima requeridos e, se necessário, por outras provas.</p>
<p>Com os documentos anexos, dando à causa o valor provisório de R$ &#8230;. (&#8230;.).</p>
<p>Pede e espera deferimento.</p>
<p>&#8230;., &#8230;. de &#8230;. de &#8230;.</p>
<p>&#8230;&#8230;&#8230;&#8230;&#8230;&#8230;.</p>
<p>Advogado OAB/&#8230; </p></p>
