{"id":35817,"date":"2023-08-03T18:32:35","date_gmt":"2023-08-03T18:32:35","guid":{"rendered":"https:\/\/easyjur.com\/blog\/?post_type=modelos-de-peticao&#038;p=3650"},"modified":"2023-08-03T18:32:35","modified_gmt":"2023-08-03T18:32:35","slug":"contra-razoes-agravo-em-execucao-penal-impedimento-da-progressao-de-regime","status":"publish","type":"modelos-de-peticao","link":"https:\/\/easyjur.com\/blog\/modelos-de-peticao\/contra-razoes-agravo-em-execucao-penal-impedimento-da-progressao-de-regime\/","title":{"rendered":"[MODELO] Contra Raz\u00f5es \u2013 Agravo em Execu\u00e7\u00e3o Penal \u2013 Impedimento da Progress\u00e3o de Regime"},"content":{"rendered":"<p>Agravo em Execu\u00e7\u00e3o \u2013 Contra Raz\u00f5es em Recurso do MP para impedir a Progress\u00e3o de Regime<\/p>\n<h2>CONTRA RAZ\u00d5ES &#8211; AGRAVO EM EXECU\u00c7\u00c3O<\/h2>\n<h4>Protocolo &#8230;&#8230;&#8230;&#8230;&#8230;&#8230;&#8230;&#8230;..<\/h4>\n<p><strong>Agravo em Execu\u00e7\u00e3o Penal <\/strong><\/p>\n<p><strong>Recorrente: &#8230;&#8230;&#8230;&#8230;&#8230;&#8230;&#8230;&#8230;&#8230;..<\/strong><\/p>\n<p><strong>Recorrido: <em>&#8230;&#8230;&#8230;&#8230;&#8230;&#8230;&#8230;&#8230;&#8230;&#8230;&#8230;.<\/em><\/strong><\/p>\n<p><strong>\t\t\t\t\t\tEgr\u00e9gio Tribunal<\/strong><\/p>\n<p><strong>\t\t\t\t\t\tColenda C\u00e2mara<\/strong><\/p>\n<p><strong>\t\t\t\t\t\tInsigne Relator,<\/strong><\/p>\n<p>\t\t\t\t\tVersa o presente recurso volunt\u00e1rio, sobre a irresigna\u00e7\u00e3o do \u00d3rg\u00e3o Ministerial diante da respeit\u00e1vel e iluminada decis\u00e3o de fls. &#8230;&#8230;., proferida pelo Ilustre Juiz da Primeira Vara Criminal de &#8230;&#8230;&#8230;&#8230;&#8230;.. ,  que rejeitou os c\u00e1lculos de liquida\u00e7\u00e3o de penas de fls. &#8230;&#8230;&#8230;&#8230;, determinando que fosse elaborado novo c\u00e1lculo com as devidas retifica\u00e7\u00f5es orientadas naquele decis\u00f3rio.<\/p>\n<p>\t\t\t\t\tO recurso \u00e9 pr\u00f3prio e foi manejado dentro do lapso temporal exigido por lei e  pela parte sucumbente, devendo, pois ser conhecido, por\u00e9m, \u00e9 carente de fundamenta\u00e7\u00e3o f\u00e1tica e jur\u00eddica pelo que este Egr\u00e9gio Sodal\u00edcio deve negar-lhe provimento, mantendo inc\u00f3lume o <em>decisium<\/em> vergastado, em raz\u00e3o de ter sido editado dentro dos princ\u00edpio basilares do Direito, da Lei e da Justi\u00e7a, e, face aos fatos, raz\u00f5es e fundamento a seguir perfilados:<\/p>\n<p>1\t\t\t\t\tO Recorrido foi condenado em duas a\u00e7\u00f5es penais (&#8230;&#8230;&#8230;&#8230;&#8230;&#8230;&#8230;.. na 1\u00aa Vara e &#8230;&#8230;&#8230;&#8230;&#8230;&#8230;&#8230;&#8230; na 2\u00aa Vara) ambas por infra\u00e7\u00e3o do art. 213 do C\u00f3digo Penal. Conforme, j\u00e1 apontado nas raz\u00f5es do Recorrente, na primeira a\u00e7\u00e3o a condena\u00e7\u00e3o  foi de uma pena de  &#8230;.. anos e &#8230;. meses  de Reclus\u00e3o \u2013 regime <strong>inicial fechado<\/strong> \u2013 enquanto na segunda a\u00e7\u00e3o a pena imposta foi de &#8230;.. anos e &#8230;. meses no regime <strong>integralmente fechado.<\/strong><\/p>\n<p>2\t\t\t\t\tO Recorrido foi preso em flagrante delito no dia &#8230;&#8230;&#8230;&#8230;&#8230;&#8230; , em fun\u00e7\u00e3o do fato originador da a\u00e7\u00e3o penal que tramitou pela 1\u00aa Vara Criminal, como tamb\u00e9m teve sua pris\u00e3o preventiva decretada na outra a\u00e7\u00e3o penal em andamento pela 2\u00aa Vara , muito embora n\u00e3o tenha sido cumprido formalmente o respectivo mandado de pris\u00e3o, por\u00e9m, \u00e9 \u00f3bvio, que em caso  relaxamento de pris\u00e3o no processo da 1\u00aa Vara, seja a t\u00edtulo de progress\u00e3o ou livramento condicional, o mesmo permaneceria no xadrez, vez que \u00e9 praxe na Ag\u00eancia Prisional, efetuar uma verifica\u00e7\u00e3o criteriosa se por outro motivo n\u00e3o havia pend\u00eancia de pris\u00e3o. Logo, soa at\u00e9 com certa infantilidade o argumento da parte Recorrente, que at\u00e9 o tr\u00e2nsito em julgado da segunda condena\u00e7\u00e3o, o Recorrido, estava preso somente pela Primeira Vara.<\/p>\n<p>3\t\t\t\t\tQuando ocorreu o tr\u00e2nsito em julgado da 1\u00aa condena\u00e7\u00e3o, em &#8230;&#8230;&#8230;&#8230;&#8230;. , o Recorrido j\u00e1 padecia no calabou\u00e7o h\u00e1 &#8230;. anos e &#8230;.. dias, e o da 2\u00aa condena\u00e7\u00e3o, em &#8230;&#8230;&#8230;&#8230;&#8230;&#8230; , totalizavam: &#8230;.. anos &#8230;.. meses e &#8230;.. dia. Neste momento haveria de ter sido efetuada a detra\u00e7\u00e3o penal sobre o total da pena referente a 1\u00aa condena\u00e7\u00e3o. Sendo que a partir desta data o cumprimento da pena seria detra\u00eddo da 2\u00aa condena\u00e7\u00e3o, por ser a mais grave, sobrestando-se o cumprimento da segunda. Logo, A orienta\u00e7\u00e3o determinada pela senten\u00e7a recorrida,  est\u00e1 correta e irrepreens\u00edvel.<\/p>\n<p>4\t\t\t\t\tA pretens\u00e3o da parte Recorrente, no sentido de que o per\u00edodo ap\u00f3s o tr\u00e2nsito em julgado da primeira condena\u00e7\u00e3o (&#8230;&#8230;&#8230;&#8230;&#8230;..) deveria ser detra\u00eddo na pena referente a segunda condena\u00e7\u00e3o padece de respaldo l\u00f3gico e jur\u00eddico, vez que esta, (mais gravosa),  ainda n\u00e3o era exeq\u00fc\u00edvel naquela \u00e9poca, pois seu tr\u00e2nsito em julgado ocorreu somente  em &#8230;&#8230;&#8230;&#8230;&#8230;&#8230;<\/p>\n<p>5\t\t\t\t\tO presente recurso representa \u00fanica e exclusivamente uma manobra ardilosa e tendenciosa, por parte do <em>Parquet, <\/em>para obstruir e impedir o exerc\u00edcio de um direito alcan\u00e7ado pelo Recorrido, pois, conforme indicam os c\u00e1lculos retificados, j\u00e1 cumpriu o lapso temporal da pena que lhe foi imposta pelo Poder Judici\u00e1rio, suficiente para fazer <em>jus<\/em> ao benef\u00edcio do livramento condicional.<\/p>\n<p>6       \t\t\t\t\tAssim sendo, Senhores Desembargadores, o Ilustre Juiz, prolator da senten\u00e7a recorrida, no sublime desiderato de aplicar a Lei, ao caso concreto, <em>in casu, <\/em>usou de forma irrepreens\u00edvel de seu poder discricion\u00e1rio no exerc\u00edcio do princ\u00edpio do livre convencimento para optar, de forma s\u00f3bria, imparcial e em perfeita observ\u00e2ncia de aos limites principol\u00f3gicos a ele impostos, pela rejei\u00e7\u00e3o dos c\u00e1lculos de liquida\u00e7\u00e3o de penas, deixando de homolog\u00e1-los, cuja decis\u00e3o guarda estreita harmonias com os mais elevados ditames do direito, da Lei e da Justi\u00e7a, pelo que deve ser mantida em todos seus termos negando provimento ao presente recurso.<\/p>\n<h1>EX POSITIS<\/h1>\n<p>Espera o Recorrido, sejam as presentes Contra Raz\u00f5es, recebidas, vez que pr\u00f3prias e tempestivas, final conhecendo do recurso e negando-lhe provimento, para manter a senten\u00e7a recorrida em todos seus termos, pois deste modo esse Egr\u00e9gio Sodal\u00edcio, estar\u00e1 assegurando o imp\u00e9rio da Lei, do Direito e da Excelsa <strong>JUSTI\u00c7A. <\/strong><\/p>\n<p>\t\t\t\t\tLOCAL E DATA<\/p>\n<p>________________________<\/p>\n<p>OAB<\/p>\n","protected":false},"featured_media":0,"parent":0,"menu_order":0,"template":"","meta":{"content-type":""},"categoria-modelo":[153],"class_list":["post-35817","modelos-de-peticao","type-modelos-de-peticao","status-publish","hentry","categoria-modelo-penal"],"_links":{"self":[{"href":"https:\/\/easyjur.com\/blog\/wp-json\/wp\/v2\/modelos-de-peticao\/35817","targetHints":{"allow":["GET"]}}],"collection":[{"href":"https:\/\/easyjur.com\/blog\/wp-json\/wp\/v2\/modelos-de-peticao"}],"about":[{"href":"https:\/\/easyjur.com\/blog\/wp-json\/wp\/v2\/types\/modelos-de-peticao"}],"wp:attachment":[{"href":"https:\/\/easyjur.com\/blog\/wp-json\/wp\/v2\/media?parent=35817"}],"wp:term":[{"taxonomy":"categoria-modelo","embeddable":true,"href":"https:\/\/easyjur.com\/blog\/wp-json\/wp\/v2\/categoria-modelo?post=35817"}],"curies":[{"name":"wp","href":"https:\/\/api.w.org\/{rel}","templated":true}]}}

[MODELO] Contra Razões – Agravo em Execução Penal – Impedimento da Progressão de Regime

<p>Agravo em Execução – Contra Razões em Recurso do MP para impedir a Progressão de Regime</p>
<h2>CONTRA RAZÕES &#8211; AGRAVO EM EXECUÇÃO</h2>
<h4>Protocolo &#8230;&#8230;&#8230;&#8230;&#8230;&#8230;&#8230;&#8230;..</h4>
<p><strong>Agravo em Execução Penal </strong></p>
<p><strong>Recorrente: &#8230;&#8230;&#8230;&#8230;&#8230;&#8230;&#8230;&#8230;&#8230;..</strong></p>
<p><strong>Recorrido: <em>&#8230;&#8230;&#8230;&#8230;&#8230;&#8230;&#8230;&#8230;&#8230;&#8230;&#8230;.</em></strong></p>
<p><strong>						Egrégio Tribunal</strong></p>
<p><strong>						Colenda Câmara</strong></p>
<p><strong>						Insigne Relator,</strong></p>
<p>					Versa o presente recurso voluntário, sobre a irresignação do Órgão Ministerial diante da respeitável e iluminada decisão de fls. &#8230;&#8230;., proferida pelo Ilustre Juiz da Primeira Vara Criminal de &#8230;&#8230;&#8230;&#8230;&#8230;.. ,  que rejeitou os cálculos de liquidação de penas de fls. &#8230;&#8230;&#8230;&#8230;, determinando que fosse elaborado novo cálculo com as devidas retificações orientadas naquele decisório.</p>
<p>					O recurso é próprio e foi manejado dentro do lapso temporal exigido por lei e  pela parte sucumbente, devendo, pois ser conhecido, porém, é carente de fundamentação fática e jurídica pelo que este Egrégio Sodalício deve negar-lhe provimento, mantendo incólume o <em>decisium</em> vergastado, em razão de ter sido editado dentro dos princípio basilares do Direito, da Lei e da Justiça, e, face aos fatos, razões e fundamento a seguir perfilados:</p>
<p>1					O Recorrido foi condenado em duas ações penais (&#8230;&#8230;&#8230;&#8230;&#8230;&#8230;&#8230;.. na 1ª Vara e &#8230;&#8230;&#8230;&#8230;&#8230;&#8230;&#8230;&#8230; na 2ª Vara) ambas por infração do art. 213 do Código Penal. Conforme, já apontado nas razões do Recorrente, na primeira ação a condenação  foi de uma pena de  &#8230;.. anos e &#8230;. meses  de Reclusão – regime <strong>inicial fechado</strong> – enquanto na segunda ação a pena imposta foi de &#8230;.. anos e &#8230;. meses no regime <strong>integralmente fechado.</strong></p>
<p>2					O Recorrido foi preso em flagrante delito no dia &#8230;&#8230;&#8230;&#8230;&#8230;&#8230; , em função do fato originador da ação penal que tramitou pela 1ª Vara Criminal, como também teve sua prisão preventiva decretada na outra ação penal em andamento pela 2ª Vara , muito embora não tenha sido cumprido formalmente o respectivo mandado de prisão, porém, é óbvio, que em caso  relaxamento de prisão no processo da 1ª Vara, seja a título de progressão ou livramento condicional, o mesmo permaneceria no xadrez, vez que é praxe na Agência Prisional, efetuar uma verificação criteriosa se por outro motivo não havia pendência de prisão. Logo, soa até com certa infantilidade o argumento da parte Recorrente, que até o trânsito em julgado da segunda condenação, o Recorrido, estava preso somente pela Primeira Vara.</p>
<p>3					Quando ocorreu o trânsito em julgado da 1ª condenação, em &#8230;&#8230;&#8230;&#8230;&#8230;. , o Recorrido já padecia no calabouço há &#8230;. anos e &#8230;.. dias, e o da 2ª condenação, em &#8230;&#8230;&#8230;&#8230;&#8230;&#8230; , totalizavam: &#8230;.. anos &#8230;.. meses e &#8230;.. dia. Neste momento haveria de ter sido efetuada a detração penal sobre o total da pena referente a 1ª condenação. Sendo que a partir desta data o cumprimento da pena seria detraído da 2ª condenação, por ser a mais grave, sobrestando-se o cumprimento da segunda. Logo, A orientação determinada pela sentença recorrida,  está correta e irrepreensível.</p>
<p>4					A pretensão da parte Recorrente, no sentido de que o período após o trânsito em julgado da primeira condenação (&#8230;&#8230;&#8230;&#8230;&#8230;..) deveria ser detraído na pena referente a segunda condenação padece de respaldo lógico e jurídico, vez que esta, (mais gravosa),  ainda não era exeqüível naquela época, pois seu trânsito em julgado ocorreu somente  em &#8230;&#8230;&#8230;&#8230;&#8230;&#8230;</p>
<p>5					O presente recurso representa única e exclusivamente uma manobra ardilosa e tendenciosa, por parte do <em>Parquet, </em>para obstruir e impedir o exercício de um direito alcançado pelo Recorrido, pois, conforme indicam os cálculos retificados, já cumpriu o lapso temporal da pena que lhe foi imposta pelo Poder Judiciário, suficiente para fazer <em>jus</em> ao benefício do livramento condicional.</p>
<p>6       					Assim sendo, Senhores Desembargadores, o Ilustre Juiz, prolator da sentença recorrida, no sublime desiderato de aplicar a Lei, ao caso concreto, <em>in casu, </em>usou de forma irrepreensível de seu poder discricionário no exercício do princípio do livre convencimento para optar, de forma sóbria, imparcial e em perfeita observância de aos limites principológicos a ele impostos, pela rejeição dos cálculos de liquidação de penas, deixando de homologá-los, cuja decisão guarda estreita harmonias com os mais elevados ditames do direito, da Lei e da Justiça, pelo que deve ser mantida em todos seus termos negando provimento ao presente recurso.</p>
<h1>EX POSITIS</h1>
<p>Espera o Recorrido, sejam as presentes Contra Razões, recebidas, vez que próprias e tempestivas, final conhecendo do recurso e negando-lhe provimento, para manter a sentença recorrida em todos seus termos, pois deste modo esse Egrégio Sodalício, estará assegurando o império da Lei, do Direito e da Excelsa <strong>JUSTIÇA. </strong></p>
<p>					LOCAL E DATA</p>
<p>________________________</p>
<p>OAB</p>
