{"id":35177,"date":"2023-08-03T18:08:56","date_gmt":"2023-08-03T18:08:56","guid":{"rendered":"https:\/\/easyjur.com\/blog\/?post_type=modelos-de-peticao&#038;p=3650"},"modified":"2023-08-03T18:08:56","modified_gmt":"2023-08-03T18:08:56","slug":"reintegracao-de-posse-defesa-c-fundamento-na-funcao-social-da-posse-e-direito-de-moradia","status":"publish","type":"modelos-de-peticao","link":"https:\/\/easyjur.com\/blog\/modelos-de-peticao\/reintegracao-de-posse-defesa-c-fundamento-na-funcao-social-da-posse-e-direito-de-moradia\/","title":{"rendered":"[MODELO] Reintegra\u00e7\u00e3o de Posse  &#8211;  Defesa c\/ Fundamento na Fun\u00e7\u00e3o Social da Posse e Direito de Moradia"},"content":{"rendered":"<p>EXMO.SR.DR. XXXXXXXXXXXX DE DIREITO DA  5\u00aa VARA C\u00cdVEL DA COMARCA DA CAPITAL DO ESTADO DO RIO DE JANEIRO.<\/p>\n<p>Proc. n\u00ba. <\/p>\n<p><strong>E OUTROS<\/strong>, j\u00e1 qualificados nos autos da <strong>A\u00e7\u00e3o de Reintegra\u00e7\u00e3o de Posse<\/strong> que lhe move <strong>SANTA CASA DA MISERIC\u00d3RDIA DO RIO DE JANEIRO,<\/strong> v\u00eam, atrav\u00e9s do Defensor, expor e, por fim, requer o que segue:<\/p>\n<p>Trata-se de a\u00e7\u00e3o de reintegra\u00e7\u00e3o de posse que, na verdade, tem sua causa de pedir no direito de propriedade da Autora, que, conforme esclarecido na pe\u00e7a inicial, adquiriu a titularidade do im\u00f3vel em quest\u00e3o atrav\u00e9s de usucapi\u00e3o, no ano de 1981.<\/p>\n<p>J\u00e1 a R\u00e9s, por sua vez, ocupam o im\u00f3vel desde agosto de 2016, tendo sucedido \u2013 a t\u00edtulo oneroso \u2013 o antigo possuidor. No pr\u00e9dio, que se encontrava em condi\u00e7\u00f5es prec\u00e1rias, as R\u00e9s passaram a residir com suas fam\u00edlias,. Estabelecendo ali suas moradias, onde criam e abrigam seus filhos, havendo muitas crian\u00e7as em tenra idade. <\/p>\n<p>Por serem pessoas mito humildes, n\u00e3o t\u00eam outro lugar para ir em caso de desalijo, sendo certo que nunca atuaram com viol\u00eancia, praticando esbulho ou turba\u00e7\u00e3o. Remarque-se que, de modo pac\u00edfico e, inclusive, oneroso, as R\u00e9s \u201ccompraram\u201d a posse sobre o im\u00f3vel do antigo possuidor e, \u00e0 luz do dia e sem qualquer oposi\u00e7\u00e3o inicial da Autora-propriet\u00e1ria, param e exercer naquele local seu direito fundamental de moradia, expressamente elevado ao status de direito social, inserido no caput do art. 6\u00ba da Constitui\u00e7\u00e3o da Rep\u00fablica.<\/p>\n<p>Conjugado com o direito fundamental de moradia, a defesa das R\u00e9s encontra amparo na sua leg\u00edtima posse e, mais do que isso, na verdadeira fun\u00e7\u00e3o social que emprestam a essa  posse.<\/p>\n<p>Com efeito, nosso ordenamento jur\u00eddico n\u00e3o protege o propriet\u00e1rio que n\u00e3o d\u00ea ao seu bem, especialmente em se tratando de bens im\u00f3veis, a fun\u00e7\u00e3o social, principio norteador da ordem econ\u00f4mica (art. 170, III da CF).<\/p>\n<p>O abandono que se encontrava o pr\u00e9dio ocupado contrasta com a necessidade das R\u00e9s de ter um teto para se abrigar e uma moradia para acolher sua fam\u00edlia.<\/p>\n<p>Por certo, a oposi\u00e7\u00e3o manifestada pela Autora antes do lapso temporal de cinco anos, n\u00e3o permite que as R\u00e9s possam requerer a declara\u00e7\u00e3o de usucapi\u00e3o, tal como fez a autora h\u00e1 anos atr\u00e1s. <\/p>\n<p>Por\u00e9m o direito protege a posse mansa e pac\u00edfica, notadamente quando os possuidores lhe d\u00e3o a almejada fun\u00e7\u00e3o social \u2013 que \u00e9, em \u00faltima an\u00e1lise, o  pr\u00f3prio fundamento do direito sobre as coisas \u2013 e, mais ainda, quando essa fun\u00e7\u00e3o se identifica com o direito fundamental de moradia, express\u00e3o direta dos valores existenciais da pessoa humana.<\/p>\n<p>Ante o exposto, requer-se a improced\u00eancia do pedido.<\/p>\n<p>Pede Deferimento.<\/p>\n<p>Rio de Janeiro,.<\/p>\n","protected":false},"featured_media":0,"parent":0,"menu_order":0,"template":"","meta":{"content-type":""},"categoria-modelo":[511],"class_list":["post-35177","modelos-de-peticao","type-modelos-de-peticao","status-publish","hentry","categoria-modelo-andamento-processual"],"_links":{"self":[{"href":"https:\/\/easyjur.com\/blog\/wp-json\/wp\/v2\/modelos-de-peticao\/35177","targetHints":{"allow":["GET"]}}],"collection":[{"href":"https:\/\/easyjur.com\/blog\/wp-json\/wp\/v2\/modelos-de-peticao"}],"about":[{"href":"https:\/\/easyjur.com\/blog\/wp-json\/wp\/v2\/types\/modelos-de-peticao"}],"wp:attachment":[{"href":"https:\/\/easyjur.com\/blog\/wp-json\/wp\/v2\/media?parent=35177"}],"wp:term":[{"taxonomy":"categoria-modelo","embeddable":true,"href":"https:\/\/easyjur.com\/blog\/wp-json\/wp\/v2\/categoria-modelo?post=35177"}],"curies":[{"name":"wp","href":"https:\/\/api.w.org\/{rel}","templated":true}]}}

[MODELO] Reintegração de Posse  &#8211;  Defesa c/ Fundamento na Função Social da Posse e Direito de Moradia

<p>EXMO.SR.DR. XXXXXXXXXXXX DE DIREITO DA  5ª VARA CÍVEL DA COMARCA DA CAPITAL DO ESTADO DO RIO DE JANEIRO.</p>
<p>Proc. nº. </p>
<p><strong>E OUTROS</strong>, já qualificados nos autos da <strong>Ação de Reintegração de Posse</strong> que lhe move <strong>SANTA CASA DA MISERICÓRDIA DO RIO DE JANEIRO,</strong> vêm, através do Defensor, expor e, por fim, requer o que segue:</p>
<p>Trata-se de ação de reintegração de posse que, na verdade, tem sua causa de pedir no direito de propriedade da Autora, que, conforme esclarecido na peça inicial, adquiriu a titularidade do imóvel em questão através de usucapião, no ano de 1981.</p>
<p>Já a Rés, por sua vez, ocupam o imóvel desde agosto de 2016, tendo sucedido – a título oneroso – o antigo possuidor. No prédio, que se encontrava em condições precárias, as Rés passaram a residir com suas famílias,. Estabelecendo ali suas moradias, onde criam e abrigam seus filhos, havendo muitas crianças em tenra idade. </p>
<p>Por serem pessoas mito humildes, não têm outro lugar para ir em caso de desalijo, sendo certo que nunca atuaram com violência, praticando esbulho ou turbação. Remarque-se que, de modo pacífico e, inclusive, oneroso, as Rés “compraram” a posse sobre o imóvel do antigo possuidor e, à luz do dia e sem qualquer oposição inicial da Autora-proprietária, param e exercer naquele local seu direito fundamental de moradia, expressamente elevado ao status de direito social, inserido no caput do art. 6º da Constituição da República.</p>
<p>Conjugado com o direito fundamental de moradia, a defesa das Rés encontra amparo na sua legítima posse e, mais do que isso, na verdadeira função social que emprestam a essa  posse.</p>
<p>Com efeito, nosso ordenamento jurídico não protege o proprietário que não dê ao seu bem, especialmente em se tratando de bens imóveis, a função social, principio norteador da ordem econômica (art. 170, III da CF).</p>
<p>O abandono que se encontrava o prédio ocupado contrasta com a necessidade das Rés de ter um teto para se abrigar e uma moradia para acolher sua família.</p>
<p>Por certo, a oposição manifestada pela Autora antes do lapso temporal de cinco anos, não permite que as Rés possam requerer a declaração de usucapião, tal como fez a autora há anos atrás. </p>
<p>Porém o direito protege a posse mansa e pacífica, notadamente quando os possuidores lhe dão a almejada função social – que é, em última análise, o  próprio fundamento do direito sobre as coisas – e, mais ainda, quando essa função se identifica com o direito fundamental de moradia, expressão direta dos valores existenciais da pessoa humana.</p>
<p>Ante o exposto, requer-se a improcedência do pedido.</p>
<p>Pede Deferimento.</p>
<p>Rio de Janeiro,.</p>
