{"id":35020,"date":"2023-08-03T18:05:44","date_gmt":"2023-08-03T18:05:44","guid":{"rendered":"https:\/\/easyjur.com\/blog\/?post_type=modelos-de-peticao&#038;p=3650"},"modified":"2023-08-03T18:05:44","modified_gmt":"2023-08-03T18:05:44","slug":"emenda-a-inicial-e-exclusao-de-parte-autora-do-processo","status":"publish","type":"modelos-de-peticao","link":"https:\/\/easyjur.com\/blog\/modelos-de-peticao\/emenda-a-inicial-e-exclusao-de-parte-autora-do-processo\/","title":{"rendered":"[MODELO] Emenda \u00e0 inicial e exclus\u00e3o de parte autora do processo"},"content":{"rendered":"<p>EXMO. SR. DR. XXXXXXXXXXXX DE DIREITO DA 11 \u00aa VARA C\u00cdVEL DA COMARCA DA CAPITAL \u2013 RJ <\/p>\n<p>N\u00ba PROCESSO: 2016.XX1.189357-0<\/p>\n<p>MARIA TEREZA CALVACANTI DE CARVALHO E OUTROS, j\u00e1 qualificados nos autos da A\u00c7\u00c3O DE PRESTA\u00c7\u00c3O DE CONTAS que move me face de JORGE MALTEZ IM\u00d3VEIS E OUTROS, vem por interm\u00e9dio da advogado teresina-PI infrafirmada, dizer a V. Exa. o seguinte<\/p>\n<ol>\n<li>O segundo Autor \u00e9 falecido, tendo acordado com os primeiro e terceiro autores, a transfer\u00eancia de quaisquer direitos em rela\u00e7\u00e3o ao im\u00f3vel objeto da lide, isto \u00e9, o <\/li>\n<li>Por isso,<\/li>\n<li>A primeira Autora atualmente est\u00e1 desempregada, morando de favor na casa de um senhor de oitenta anos de idade.<\/li>\n<\/ol>\n<p>Sendo assim, requer a v. Exa. a emenda da inicial para que seja exclu\u00eddo o segundo Autor da lide pelos motivos acima expostos, bem como requer a juntada dos documentos em anexo,<\/p>\n","protected":false},"featured_media":0,"parent":0,"menu_order":0,"template":"","meta":{"content-type":""},"categoria-modelo":[511],"class_list":["post-35020","modelos-de-peticao","type-modelos-de-peticao","status-publish","hentry","categoria-modelo-andamento-processual"],"_links":{"self":[{"href":"https:\/\/easyjur.com\/blog\/wp-json\/wp\/v2\/modelos-de-peticao\/35020","targetHints":{"allow":["GET"]}}],"collection":[{"href":"https:\/\/easyjur.com\/blog\/wp-json\/wp\/v2\/modelos-de-peticao"}],"about":[{"href":"https:\/\/easyjur.com\/blog\/wp-json\/wp\/v2\/types\/modelos-de-peticao"}],"wp:attachment":[{"href":"https:\/\/easyjur.com\/blog\/wp-json\/wp\/v2\/media?parent=35020"}],"wp:term":[{"taxonomy":"categoria-modelo","embeddable":true,"href":"https:\/\/easyjur.com\/blog\/wp-json\/wp\/v2\/categoria-modelo?post=35020"}],"curies":[{"name":"wp","href":"https:\/\/api.w.org\/{rel}","templated":true}]}}

[MODELO] Emenda à inicial e exclusão de parte autora do processo

<p>EXMO. SR. DR. XXXXXXXXXXXX DE DIREITO DA 11 ª VARA CÍVEL DA COMARCA DA CAPITAL – RJ </p>
<p>Nº PROCESSO: 2016.XX1.189357-0</p>
<p>MARIA TEREZA CALVACANTI DE CARVALHO E OUTROS, já qualificados nos autos da AÇÃO DE PRESTAÇÃO DE CONTAS que move me face de JORGE MALTEZ IMÓVEIS E OUTROS, vem por intermédio da advogado teresina-PI infrafirmada, dizer a V. Exa. o seguinte</p>
<ol>
<li>O segundo Autor é falecido, tendo acordado com os primeiro e terceiro autores, a transferência de quaisquer direitos em relação ao imóvel objeto da lide, isto é, o </li>
<li>Por isso,</li>
<li>A primeira Autora atualmente está desempregada, morando de favor na casa de um senhor de oitenta anos de idade.</li>
</ol>
<p>Sendo assim, requer a v. Exa. a emenda da inicial para que seja excluído o segundo Autor da lide pelos motivos acima expostos, bem como requer a juntada dos documentos em anexo,</p>
