{"id":34399,"date":"2023-08-01T21:34:47","date_gmt":"2023-08-01T21:34:47","guid":{"rendered":"https:\/\/easyjur.com\/blog\/?post_type=modelos-de-peticao&#038;p=3650"},"modified":"2023-08-01T21:34:47","modified_gmt":"2023-08-01T21:34:47","slug":"conversao-de-auxilio-doenca-em-aposentadoria-por-invalidez","status":"publish","type":"modelos-de-peticao","link":"https:\/\/easyjur.com\/blog\/modelos-de-peticao\/conversao-de-auxilio-doenca-em-aposentadoria-por-invalidez\/","title":{"rendered":"[MODELO] CONVERS\u00c3O DE AUX\u00cdLIO &#8211; DOEN\u00c7A EM APOSENTADORIA POR INVALIDEZ"},"content":{"rendered":"<p>EXCELENT\u00cdSSIMO(A) SENHOR(A) DOUTOR(A) JUIZ(A) FEDERAL DA X\u00aa VARA FEDERAL DA SUBSE\u00c7\u00c3O JUDICI\u00c1RIA DE CIDADE \u2013 UF<\/p>\n<\/p>\n<p><strong>NOME DA PARTE,<\/strong> j\u00e1 cadastrada eletronicamente,<strong> <\/strong>vem com o devido respeito perante Vossa Excel\u00eancia, por meio de seu procurador, propor<\/p>\n<p>A\u00c7\u00c3O PREVIDENCI\u00c1RIA DE CONVERS\u00c3O DE AUX\u00cdLIO-DOEN\u00c7A EM APOSENTADORIA POR INVALIDEZ<\/p>\n<p>Em face do INSTITUTO NACIONAL DO SEGURO SOCIAL (INSS), pelos seguintes fundamentos f\u00e1ticos e jur\u00eddicos que passa a expor:<\/p>\n<ol>\n<li><strong>FATOS<\/strong><\/li>\n<\/ol>\n<p>A Demandante recebe benef\u00edcio de aux\u00edlio-doen\u00e7a (NB XXX.XXX.XXX-X) desde <strong>18\/04\/2012<\/strong>, conforme <em>carta de concess\u00e3o<\/em> anexa. <\/p>\n<p>Alega que vem acometida de mol\u00e9stias que a incapacitam <strong>definitivamente<\/strong> para exercer atividades laborativas, conforme demonstrado pelos atestados m\u00e9dicos em anexo. Por este motivo, em <strong>17\/06\/2015<\/strong>, a Autora requereu, junto \u00e0 Autarquia Previdenci\u00e1ria, a convers\u00e3o de aux\u00edlio-doen\u00e7a em aposentadoria por invalidez,<strong> <\/strong>que lhe foi negada, conforme carta de indeferimento em anexo, sob as justificativas de que inexiste a incapacidade permanente e o n\u00e3o cabimento administrativo do pedido de convers\u00e3o do benef\u00edcio.<\/p>\n<p>Dados sobre a enfermidade<\/p>\n<table>\n<tr>\n<td>\n<p>1. Doen\u00e7a\/enfermidade<\/p>\n<\/td>\n<td>\n<p><strong>Patologias Cardiol\u00f3gicas <\/strong>(CID 10 \u2013 I10, I11, I11.1, I20, I20.1 e I65)<strong>,<\/strong> <strong>End\u00f3crinas <\/strong>(CID 10 \u2013 E66, E89)<strong>, Reumatol\u00f3gicas <\/strong>(CID 10 \u2013 M15.9)<strong>, Pneumol\u00f3gicas<\/strong> (CID 10 \u2013 J45) <strong>e<\/strong> <strong>Neoplasia Maligna da Gl\u00e2ndula Tire\u00f3ide <\/strong>(CID 10 \u2013 C73)<strong>.<\/strong><\/p>\n<\/td>\n<\/tr>\n<tr>\n<td>\n<p>2. Limita\u00e7\u00f5es decorrentes da mol\u00e9stia<\/p>\n<\/td>\n<td>\n<p><strong>N\u00e3o possui condi\u00e7\u00f5es de desenvolver atividades laborativas permanentemente. <\/strong><\/p>\n<\/td>\n<\/tr>\n<\/table>\n<p><em>Dada a diversidade das patologias incapacitantes, e consagrando os princ\u00edpios da economia processual e da celeridade, <\/em><strong><em>requer seja realizada per\u00edcia a cargo de M\u00c9DICO DO TRABALHO,<\/em><\/strong><em> que analisar\u00e1 em um \u00fanico procedimento a somat\u00f3ria das patologias evidenciadas pela Requerente.<\/em><\/p>\n<p><strong>Dados sobre o requerimento administrativo<\/strong><\/p>\n<table>\n<tr>\n<td>\n<p>1. N\u00famero<\/p>\n<\/p>\n<\/td>\n<td>\n<p>XXX.XXX.XXX-X<\/p>\n<\/td>\n<\/tr>\n<tr>\n<td>\n<p>2. Data do requerimento da convers\u00e3o<\/p>\n<\/td>\n<td>\n<p>17\/06\/2015<\/p>\n<\/td>\n<\/tr>\n<tr>\n<td>\n<p>3. Raz\u00e3o do indeferimento<\/p>\n<\/td>\n<td>\n<p>Parecer contr\u00e1rio da per\u00edcia m\u00e9dica.<\/p>\n<\/td>\n<\/tr>\n<\/table>\n<p><strong>2. FUNDAMENTOS JUR\u00cdDICOS<\/strong><\/p>\n<p>Afirma que preenche todos os requisitos que autorizam a convers\u00e3o de aux\u00edlio-doen\u00e7a em aposentadoria por invalidez, porquanto n\u00e3o possui condi\u00e7\u00f5es de exercer seu labor e, ainda, n\u00e3o vislumbra cura para as suas mol\u00e9stias, <strong>pois possui total e permanente incapacidade<\/strong>. Fato \u00e9 que <strong>as doen\u00e7as que atingem a parte Autora s\u00e3o irrevers\u00edveis<\/strong> e, portanto, satisfaz os requisitos ensejadores da aposentadoria por invalidez. <\/p>\n<p>Relevante tamb\u00e9m \u00e9 a an\u00e1lise das situa\u00e7\u00f5es referentes \u00e0 majora\u00e7\u00e3o de 25% sobre o valor do benef\u00edcio, arroladas ou n\u00e3o no anexo I do Regulamento da Previd\u00eancia Social (decreto n\u00ba 3.048\/99), conforme art. 45 da Lei 8.213\/91.<\/p>\n<p>O interesse processual da presente demanda se sustenta em tr\u00eas pilares. O primeiro pelo fato de n\u00e3o existir raz\u00e3o para submeter a Autora \u00e0s per\u00edcias peri\u00f3dicas em curto espa\u00e7o temporal, sofrendo da incerteza de ver a sua \u00fanica fonte de renda amea\u00e7ada, haja vista a incapacidade permanente. O segundo pelo preju\u00edzo financeiro de 9% na mensalidade do benef\u00edcio, pois o c\u00e1lculo da RMI do benef\u00edcio de aux\u00edlio-doen\u00e7a utiliza como coeficiente 91% do sal\u00e1rio-de-benef\u00edcio, enquanto a aposentadoria por invalidez contempla 100%. O terceiro pilar reside exatamente na possibilidade latente de deferimento da majora\u00e7\u00e3o de 25% na aposentadoria por invalidez, conforme discorrido anteriormente. <\/p>\n<p>Por outro lado, cumpre salientar que car\u00eancia e qualidade de segurado s\u00e3o mat\u00e9rias incontroversas no caso em comento, uma vez que a Autora <strong>encontra-se em gozo de benef\u00edcio previdenci\u00e1rio<\/strong>. Logo, restam satisfeitos os requisitos para convers\u00e3o de aux\u00edlio-doen\u00e7a em <strong>aposentadoria por invalidez<\/strong>.<\/p>\n<p>A pretens\u00e3o exordial vem amparada nos arts. 42, 59 e 86 da Lei 8.213\/91 e a data de in\u00edcio do benef\u00edcio dever\u00e1 ser fixada nos termos dos arts. 43 e 60 do mesmo diploma legal.<\/p>\n<p><strong>3. TUTELA DE URG\u00caNCIA:<\/strong><\/p>\n<p><strong>ENTENDE A DEMANDANTE QUE A AN\u00c1LISE DA MEDIDA ANTECIPAT\u00d3RIA PODER\u00c1 SER MELHOR APRECIADA EM SENTEN\u00c7A.<\/strong><\/p>\n<p>A Requerente necessita da concess\u00e3o do benef\u00edcio em tela para custear a sua vida, tendo em vista que n\u00e3o re\u00fane condi\u00e7\u00f5es de executar atividades laborativas e, consequentemente, n\u00e3o pode patrocinar a pr\u00f3pria subsist\u00eancia.<\/p>\n<p>Assim, ap\u00f3s a realiza\u00e7\u00e3o da per\u00edcia pertinente ao caso, ficar\u00e1 claro que a parte autora preenche todos os requisitos necess\u00e1rios para o deferimento da Antecipa\u00e7\u00e3o de Tutela em senten\u00e7a, tendo em vista que o laudo m\u00e9dico far\u00e1 prova inequ\u00edvoca quanto \u00e0 incapacidade laborativa, tornando, assim, todas as alega\u00e7\u00f5es <em>veross\u00edmeis<\/em>. O <em>periculum in mora <\/em>se configura pelo fato de que se continuar privada do recebimento do benef\u00edcio, a Demandante ter\u00e1 seu sustento prejudicado.<\/p>\n<p>De qualquer modo, as mol\u00e9stias incapacitantes e o car\u00e1ter alimentar do benef\u00edcio traduzem um quadro de urg\u00eancia que exige pronta resposta do Judici\u00e1rio, tendo em vista que nos benef\u00edcios por incapacidade resta intuitivo o risco de inefic\u00e1cia do provimento jurisdicional final, exatamente em virtude do fato da parte estar afastada do mercado de trabalho e, consequentemente, desprovida financeiramente, motivo pelo qual se tornar\u00e1 imperioso o deferimento deste pedido antecipat\u00f3rio em senten\u00e7a.<\/p>\n<ol>\n<li><strong>4. PEDIDO<\/strong><\/li>\n<li><strong> \t\tFACE AO EXPOSTO<\/strong>, requer a Vossa Excel\u00eancia:<\/li>\n<li>A concess\u00e3o do benef\u00edcio da <strong><em>Assist\u00eancia Judici\u00e1ria Gratuita<\/em><\/strong>, pois a parte Autora n\u00e3o tem condi\u00e7\u00f5es de arcar com as custas processuais sem o preju\u00edzo de seu sustento e de sua fam\u00edlia;<\/li>\n<li>O recebimento e o deferimento da presente peti\u00e7\u00e3o inicial;<\/li>\n<li>A cita\u00e7\u00e3o do Instituto Nacional do Seguro Social \u2013 INSS, para, querendo, contestar;<\/li>\n<li> A produ\u00e7\u00e3o de todos os meios de prova, principalmente pericial, documental e testemunhal;<\/li>\n<li>O deferimento da Antecipa\u00e7\u00e3o de Tutela, com a aprecia\u00e7\u00e3o do pedido de implanta\u00e7\u00e3o do benef\u00edcio em senten\u00e7a;<\/li>\n<li><strong>O julgamento da demanda com TOTAL PROCED\u00caNCIA, condenando o INSS a:<\/strong><\/li>\n<\/ol>\n<p>6.1) Converter o benef\u00edcio de aux\u00edlio-doen\u00e7a em aposentadoria por invalidez e, uma vez comprovado que a Demandante necessita de assist\u00eancia permanente de terceiros, sua majora\u00e7\u00e3o de 25% em decorr\u00eancia da incapacidade da parte Autora, a partir da data da efetiva constata\u00e7\u00e3o da total e permanente incapacidade;<\/p>\n<p>6.2) Pagar as parcelas vencidas e vincendas, monetariamente corrigidas desde o respectivo vencimento e acrescidas de juros legais e morat\u00f3rios, incidentes at\u00e9 a data do efetivo pagamento.<\/p>\n<p>6.3) Em caso de recurso, ao pagamento de custas e honor\u00e1rios advocat\u00edcios, eis que cab\u00edveis em segundo grau de jurisdi\u00e7\u00e3o, com fulcro no art. 55 da lei 9.099\/95 c\/c art. 1\u00ba da Lei 10.259\/01.<\/p>\n<h1><em>Nestes Termos; <\/em><\/h1>\n<h1><em>Pede Deferimento.<\/em><\/h1>\n<p><em>D\u00e1 \u00e0 causa o valor<\/em><strong><em><sup><a href=\"#footnote-2\" id=\"footnote-ref-2\">[1]<\/a><\/sup><\/em><\/strong><em> de R$ X.XXX,XX.              <\/em><\/p>\n<p>CIDADE, DIA de M\u00caS de ANO.     <\/p>\n<p>NOME DO ADVOGADO<\/p>\n<p>OAB\/UF XX.XXX<\/p>\n<ol>\n<li id=\"footnote-2\">\n<p> Valor da causa = <strong>12 parcelas vincendas<\/strong> (R$ X.XXX,XX). <a href=\"#footnote-ref-2\">\u2191<\/a><\/p>\n<\/li>\n<\/ol>\n","protected":false},"featured_media":0,"parent":0,"menu_order":0,"template":"","meta":{"content-type":""},"categoria-modelo":[154],"class_list":["post-34399","modelos-de-peticao","type-modelos-de-peticao","status-publish","hentry","categoria-modelo-previdenciario"],"_links":{"self":[{"href":"https:\/\/easyjur.com\/blog\/wp-json\/wp\/v2\/modelos-de-peticao\/34399","targetHints":{"allow":["GET"]}}],"collection":[{"href":"https:\/\/easyjur.com\/blog\/wp-json\/wp\/v2\/modelos-de-peticao"}],"about":[{"href":"https:\/\/easyjur.com\/blog\/wp-json\/wp\/v2\/types\/modelos-de-peticao"}],"wp:attachment":[{"href":"https:\/\/easyjur.com\/blog\/wp-json\/wp\/v2\/media?parent=34399"}],"wp:term":[{"taxonomy":"categoria-modelo","embeddable":true,"href":"https:\/\/easyjur.com\/blog\/wp-json\/wp\/v2\/categoria-modelo?post=34399"}],"curies":[{"name":"wp","href":"https:\/\/api.w.org\/{rel}","templated":true}]}}

[MODELO] CONVERSÃO DE AUXÍLIO &#8211; DOENÇA EM APOSENTADORIA POR INVALIDEZ

<p>EXCELENTÍSSIMO(A) SENHOR(A) DOUTOR(A) JUIZ(A) FEDERAL DA Xª VARA FEDERAL DA SUBSEÇÃO JUDICIÁRIA DE CIDADE – UF</p>
</p>
<p><strong>NOME DA PARTE,</strong> já cadastrada eletronicamente,<strong> </strong>vem com o devido respeito perante Vossa Excelência, por meio de seu procurador, propor</p>
<p>AÇÃO PREVIDENCIÁRIA DE CONVERSÃO DE AUXÍLIO-DOENÇA EM APOSENTADORIA POR INVALIDEZ</p>
<p>Em face do INSTITUTO NACIONAL DO SEGURO SOCIAL (INSS), pelos seguintes fundamentos fáticos e jurídicos que passa a expor:</p>
<ol>
<li><strong>FATOS</strong></li>
</ol>
<p>A Demandante recebe benefício de auxílio-doença (NB XXX.XXX.XXX-X) desde <strong>18/04/2012</strong>, conforme <em>carta de concessão</em> anexa. </p>
<p>Alega que vem acometida de moléstias que a incapacitam <strong>definitivamente</strong> para exercer atividades laborativas, conforme demonstrado pelos atestados médicos em anexo. Por este motivo, em <strong>17/06/2015</strong>, a Autora requereu, junto à Autarquia Previdenciária, a conversão de auxílio-doença em aposentadoria por invalidez,<strong> </strong>que lhe foi negada, conforme carta de indeferimento em anexo, sob as justificativas de que inexiste a incapacidade permanente e o não cabimento administrativo do pedido de conversão do benefício.</p>
<p>Dados sobre a enfermidade</p>
<table>
<tr>
<td>
<p>1. Doença/enfermidade</p>
</td>
<td>
<p><strong>Patologias Cardiológicas </strong>(CID 10 – I10, I11, I11.1, I20, I20.1 e I65)<strong>,</strong> <strong>Endócrinas </strong>(CID 10 – E66, E89)<strong>, Reumatológicas </strong>(CID 10 – M15.9)<strong>, Pneumológicas</strong> (CID 10 – J45) <strong>e</strong> <strong>Neoplasia Maligna da Glândula Tireóide </strong>(CID 10 – C73)<strong>.</strong></p>
</td>
</tr>
<tr>
<td>
<p>2. Limitações decorrentes da moléstia</p>
</td>
<td>
<p><strong>Não possui condições de desenvolver atividades laborativas permanentemente. </strong></p>
</td>
</tr>
</table>
<p><em>Dada a diversidade das patologias incapacitantes, e consagrando os princípios da economia processual e da celeridade, </em><strong><em>requer seja realizada perícia a cargo de MÉDICO DO TRABALHO,</em></strong><em> que analisará em um único procedimento a somatória das patologias evidenciadas pela Requerente.</em></p>
<p><strong>Dados sobre o requerimento administrativo</strong></p>
<table>
<tr>
<td>
<p>1. Número</p>
</p>
</td>
<td>
<p>XXX.XXX.XXX-X</p>
</td>
</tr>
<tr>
<td>
<p>2. Data do requerimento da conversão</p>
</td>
<td>
<p>17/06/2015</p>
</td>
</tr>
<tr>
<td>
<p>3. Razão do indeferimento</p>
</td>
<td>
<p>Parecer contrário da perícia médica.</p>
</td>
</tr>
</table>
<p><strong>2. FUNDAMENTOS JURÍDICOS</strong></p>
<p>Afirma que preenche todos os requisitos que autorizam a conversão de auxílio-doença em aposentadoria por invalidez, porquanto não possui condições de exercer seu labor e, ainda, não vislumbra cura para as suas moléstias, <strong>pois possui total e permanente incapacidade</strong>. Fato é que <strong>as doenças que atingem a parte Autora são irreversíveis</strong> e, portanto, satisfaz os requisitos ensejadores da aposentadoria por invalidez. </p>
<p>Relevante também é a análise das situações referentes à majoração de 25% sobre o valor do benefício, arroladas ou não no anexo I do Regulamento da Previdência Social (decreto nº 3.048/99), conforme art. 45 da Lei 8.213/91.</p>
<p>O interesse processual da presente demanda se sustenta em três pilares. O primeiro pelo fato de não existir razão para submeter a Autora às perícias periódicas em curto espaço temporal, sofrendo da incerteza de ver a sua única fonte de renda ameaçada, haja vista a incapacidade permanente. O segundo pelo prejuízo financeiro de 9% na mensalidade do benefício, pois o cálculo da RMI do benefício de auxílio-doença utiliza como coeficiente 91% do salário-de-benefício, enquanto a aposentadoria por invalidez contempla 100%. O terceiro pilar reside exatamente na possibilidade latente de deferimento da majoração de 25% na aposentadoria por invalidez, conforme discorrido anteriormente. </p>
<p>Por outro lado, cumpre salientar que carência e qualidade de segurado são matérias incontroversas no caso em comento, uma vez que a Autora <strong>encontra-se em gozo de benefício previdenciário</strong>. Logo, restam satisfeitos os requisitos para conversão de auxílio-doença em <strong>aposentadoria por invalidez</strong>.</p>
<p>A pretensão exordial vem amparada nos arts. 42, 59 e 86 da Lei 8.213/91 e a data de início do benefício deverá ser fixada nos termos dos arts. 43 e 60 do mesmo diploma legal.</p>
<p><strong>3. TUTELA DE URGÊNCIA:</strong></p>
<p><strong>ENTENDE A DEMANDANTE QUE A ANÁLISE DA MEDIDA ANTECIPATÓRIA PODERÁ SER MELHOR APRECIADA EM SENTENÇA.</strong></p>
<p>A Requerente necessita da concessão do benefício em tela para custear a sua vida, tendo em vista que não reúne condições de executar atividades laborativas e, consequentemente, não pode patrocinar a própria subsistência.</p>
<p>Assim, após a realização da perícia pertinente ao caso, ficará claro que a parte autora preenche todos os requisitos necessários para o deferimento da Antecipação de Tutela em sentença, tendo em vista que o laudo médico fará prova inequívoca quanto à incapacidade laborativa, tornando, assim, todas as alegações <em>verossímeis</em>. O <em>periculum in mora </em>se configura pelo fato de que se continuar privada do recebimento do benefício, a Demandante terá seu sustento prejudicado.</p>
<p>De qualquer modo, as moléstias incapacitantes e o caráter alimentar do benefício traduzem um quadro de urgência que exige pronta resposta do Judiciário, tendo em vista que nos benefícios por incapacidade resta intuitivo o risco de ineficácia do provimento jurisdicional final, exatamente em virtude do fato da parte estar afastada do mercado de trabalho e, consequentemente, desprovida financeiramente, motivo pelo qual se tornará imperioso o deferimento deste pedido antecipatório em sentença.</p>
<ol>
<li><strong>4. PEDIDO</strong></li>
<li><strong> 		FACE AO EXPOSTO</strong>, requer a Vossa Excelência:</li>
<li>A concessão do benefício da <strong><em>Assistência Judiciária Gratuita</em></strong>, pois a parte Autora não tem condições de arcar com as custas processuais sem o prejuízo de seu sustento e de sua família;</li>
<li>O recebimento e o deferimento da presente petição inicial;</li>
<li>A citação do Instituto Nacional do Seguro Social – INSS, para, querendo, contestar;</li>
<li> A produção de todos os meios de prova, principalmente pericial, documental e testemunhal;</li>
<li>O deferimento da Antecipação de Tutela, com a apreciação do pedido de implantação do benefício em sentença;</li>
<li><strong>O julgamento da demanda com TOTAL PROCEDÊNCIA, condenando o INSS a:</strong></li>
</ol>
<p>6.1) Converter o benefício de auxílio-doença em aposentadoria por invalidez e, uma vez comprovado que a Demandante necessita de assistência permanente de terceiros, sua majoração de 25% em decorrência da incapacidade da parte Autora, a partir da data da efetiva constatação da total e permanente incapacidade;</p>
<p>6.2) Pagar as parcelas vencidas e vincendas, monetariamente corrigidas desde o respectivo vencimento e acrescidas de juros legais e moratórios, incidentes até a data do efetivo pagamento.</p>
<p>6.3) Em caso de recurso, ao pagamento de custas e honorários advocatícios, eis que cabíveis em segundo grau de jurisdição, com fulcro no art. 55 da lei 9.099/95 c/c art. 1º da Lei 10.259/01.</p>
<h1><em>Nestes Termos; </em></h1>
<h1><em>Pede Deferimento.</em></h1>
<p><em>Dá à causa o valor</em><strong><em><sup><a href="#footnote-2" id="footnote-ref-2">[1]</a></sup></em></strong><em> de R$ X.XXX,XX.              </em></p>
<p>CIDADE, DIA de MÊS de ANO.     </p>
<p>NOME DO ADVOGADO</p>
<p>OAB/UF XX.XXX</p>
<ol>
<li id="footnote-2">
<p> Valor da causa = <strong>12 parcelas vincendas</strong> (R$ X.XXX,XX). <a href="#footnote-ref-2">↑</a></p>
</li>
</ol>
