{"id":33247,"date":"2023-08-01T20:55:22","date_gmt":"2023-08-01T20:55:22","guid":{"rendered":"https:\/\/easyjur.com\/blog\/?post_type=modelos-de-peticao&#038;p=3650"},"modified":"2023-08-01T20:55:22","modified_gmt":"2023-08-01T20:55:22","slug":"acao-de-reintegracao-de-posse-requerimento-de-liminar-e-citacao-do-reu","status":"publish","type":"modelos-de-peticao","link":"https:\/\/easyjur.com\/blog\/modelos-de-peticao\/acao-de-reintegracao-de-posse-requerimento-de-liminar-e-citacao-do-reu\/","title":{"rendered":"[MODELO] A\u00e7\u00e3o de Reintegra\u00e7\u00e3o de Posse  &#8211;  Requerimento de liminar e cita\u00e7\u00e3o do r\u00e9u"},"content":{"rendered":"<p>Esfera Processual Civil<\/p>\n<p>A\u00e7\u00f5es Possess\u00f3rias &#8211; A\u00e7\u00e3o de Reintegra\u00e7\u00e3o de Posse &#8211; Peti\u00e7\u00e3o Inicial<\/p>\n<p>Excelent\u00edssimo Senhor Doutor Juiz de Direito da Comarca de &#8230;&#8230;&#8230;.<\/p>\n<p>Fulano de Tal (qualificar), portador do CIC n. &#8230;&#8230;.., residente na Rua &#8230;&#8230;, n. &#8230;&#8230;&#8230;, em &#8230;&#8230;.. (cidade) &#8230;&#8230;&#8230;, por seu advogado ao final assinado (Doc. I), com escrit\u00f3rio na Rua &#8230;&#8230;&#8230;, n. &#8230;.., onde receber\u00e1 intima\u00e7\u00e3o, desejando mover uma A\u00c7\u00c3O DE REINTEGRA\u00c7\u00c3O DE POSSE contra Sicrano de Tal (qualificar), residente na Rua &#8230;&#8230;, n. &#8230;&#8230;.., em &#8230;&#8230;.. (cidade) &#8230;&#8230;&#8230;, vem expor e requerer a V. Exa. o que segue:<\/p>\n<p><strong>I<\/strong><\/p>\n<p>Que \u00e9 senhor e leg\u00edtimo possuidor do im\u00f3vel residencial da anexa Escritura, devidamente transcrita no Cart\u00f3rio competente, conforme faz prova o incluso documento (Doc. II).<\/p>\n<p><strong>II<\/strong><\/p>\n<p>Que, em car\u00e1ter prec\u00e1rio, cedeu graciosamente o aludido pr\u00e9dio ao R\u00e9u para que este se alojasse com sua fam\u00edlia em \u00e9poca de extrema necessidade pelo prazo de 6 (seis) meses, tendo, portanto, dado o referido im\u00f3vel em <em>comodato<\/em> ao R\u00e9u, como prova o documento anexo (Doc. III).<\/p>\n<p><strong>III<\/strong><\/p>\n<p>Que, j\u00e1 vencido o prazo de 6 (seis) meses, o Autor solicitou reiteradas vezes que o R\u00e9u deixasse o im\u00f3vel, no que n\u00e3o foi atendido. Outrossim, o Autor, atrav\u00e9s do advogado que esta subscreve, j\u00e1 <em>notificou<\/em> o R\u00e9u por carta, sob registro postal, conforme prova a c\u00f3pia da citada notifica\u00e7\u00e3o (Doc. IV), para deixar incontinenti a casa, mas a isso se recusa o R\u00e9u, injustifica\u00adda\u00admente.<\/p>\n<p><strong>IV<\/strong><\/p>\n<p>Que, \u00e9 ineg\u00e1vel, o R\u00e9u vem de cometer esbulho contra a posse leg\u00edtima do Autor desde o dia &#8230;..\/&#8230;..\/&#8230;&#8230;, data em que se findou o comodato; e na forma do CC\/2002, art. 1.210, e do CPC, em seus arts. 924 a 929, vem propor contra ele a presente A\u00c7\u00c3O DE REINTEGRA\u00c7\u00c3O DE POSSE, que deve ser julgada procedente para ser o Autor reintegrado na posse daquela casa com a retirada do R\u00e9u, e sua condena\u00e7\u00e3o em perdas e danos a serem apurados em execu\u00e7\u00e3o, ao pagamento das custas do processo e honor\u00e1rios advocat\u00edcios de 20% do valor apurado em execu\u00e7\u00e3o de senten\u00e7a ou da condena\u00e7\u00e3o.<\/p>\n<p><strong>V<\/strong><\/p>\n<p>Que requer provar o alegado com o depoimento pessoal do R\u00e9u, sob pena de confesso, inquiri\u00e7\u00e3o de testemunhas a serem arroladas oportunamente, per\u00edcia, juntada de documentos e demais meios de provas permitidos em lei.<\/p>\n<p><strong>VI<\/strong><\/p>\n<p>Que, comprovados como est\u00e3o os requisitos do art. 927 do CPC, atrav\u00e9s dos inclusos documentos, requer a V. Exa. a reintegra\u00e7\u00e3o <em>initio litis<\/em>, encarecendo a V. Exa. se digne de mandar expedir o mandado liminar de reintegra\u00e7\u00e3o.<\/p>\n<p><strong>VII<\/strong><\/p>\n<p>Que requer a cita\u00e7\u00e3o do R\u00e9u para, querendo, contestar, sob pena de confesso e revelia, at\u00e9 final julgamento, em cuja oportunidade ser\u00e1 tornada definitiva a reintegra\u00e7\u00e3o liminar, requerendo os favores do art. 172, \u00a7 2<s>\u00ba<\/s>, e a cita\u00e7\u00e3o com hora certa, se necess\u00e1rio.<\/p>\n<p>Que, dando \u00e0 causa o valor de R$ &#8230;&#8230;.. (&#8230;&#8230;&#8230;.), D. R. A., com a procura\u00e7\u00e3o, t\u00edtulo de propriedade, contrato de comodato, c\u00f3pia de notifica\u00e7\u00e3o, inclusos,<\/p>\n<p>E. R. M.<\/p>\n<p>Localidade e data.<\/p>\n<p><em>a<\/em>)\tAssinatura do advogado<\/p>\n<p>\tNome do advogado<\/p>\n<p>\tOAB &#8211; Se\u00e7\u00e3o de S\u00e3o Paulo n. &#8230;&#8230;&#8230;<\/p>\n<p>\tCIC n. &#8230;&#8230;&#8230;.<\/p>\n","protected":false},"featured_media":0,"parent":0,"menu_order":0,"template":"","meta":{"content-type":""},"categoria-modelo":[154],"class_list":["post-33247","modelos-de-peticao","type-modelos-de-peticao","status-publish","hentry","categoria-modelo-previdenciario"],"_links":{"self":[{"href":"https:\/\/easyjur.com\/blog\/wp-json\/wp\/v2\/modelos-de-peticao\/33247","targetHints":{"allow":["GET"]}}],"collection":[{"href":"https:\/\/easyjur.com\/blog\/wp-json\/wp\/v2\/modelos-de-peticao"}],"about":[{"href":"https:\/\/easyjur.com\/blog\/wp-json\/wp\/v2\/types\/modelos-de-peticao"}],"wp:attachment":[{"href":"https:\/\/easyjur.com\/blog\/wp-json\/wp\/v2\/media?parent=33247"}],"wp:term":[{"taxonomy":"categoria-modelo","embeddable":true,"href":"https:\/\/easyjur.com\/blog\/wp-json\/wp\/v2\/categoria-modelo?post=33247"}],"curies":[{"name":"wp","href":"https:\/\/api.w.org\/{rel}","templated":true}]}}

[MODELO] Ação de Reintegração de Posse  &#8211;  Requerimento de liminar e citação do réu

<p>Esfera Processual Civil</p>
<p>Ações Possessórias &#8211; Ação de Reintegração de Posse &#8211; Petição Inicial</p>
<p>Excelentíssimo Senhor Doutor Juiz de Direito da Comarca de &#8230;&#8230;&#8230;.</p>
<p>Fulano de Tal (qualificar), portador do CIC n. &#8230;&#8230;.., residente na Rua &#8230;&#8230;, n. &#8230;&#8230;&#8230;, em &#8230;&#8230;.. (cidade) &#8230;&#8230;&#8230;, por seu advogado ao final assinado (Doc. I), com escritório na Rua &#8230;&#8230;&#8230;, n. &#8230;.., onde receberá intimação, desejando mover uma AÇÃO DE REINTEGRAÇÃO DE POSSE contra Sicrano de Tal (qualificar), residente na Rua &#8230;&#8230;, n. &#8230;&#8230;.., em &#8230;&#8230;.. (cidade) &#8230;&#8230;&#8230;, vem expor e requerer a V. Exa. o que segue:</p>
<p><strong>I</strong></p>
<p>Que é senhor e legítimo possuidor do imóvel residencial da anexa Escritura, devidamente transcrita no Cartório competente, conforme faz prova o incluso documento (Doc. II).</p>
<p><strong>II</strong></p>
<p>Que, em caráter precário, cedeu graciosamente o aludido prédio ao Réu para que este se alojasse com sua família em época de extrema necessidade pelo prazo de 6 (seis) meses, tendo, portanto, dado o referido imóvel em <em>comodato</em> ao Réu, como prova o documento anexo (Doc. III).</p>
<p><strong>III</strong></p>
<p>Que, já vencido o prazo de 6 (seis) meses, o Autor solicitou reiteradas vezes que o Réu deixasse o imóvel, no que não foi atendido. Outrossim, o Autor, através do advogado que esta subscreve, já <em>notificou</em> o Réu por carta, sob registro postal, conforme prova a cópia da citada notificação (Doc. IV), para deixar incontinenti a casa, mas a isso se recusa o Réu, injustifica­da­mente.</p>
<p><strong>IV</strong></p>
<p>Que, é inegável, o Réu vem de cometer esbulho contra a posse legítima do Autor desde o dia &#8230;../&#8230;../&#8230;&#8230;, data em que se findou o comodato; e na forma do CC/2002, art. 1.210, e do CPC, em seus arts. 924 a 929, vem propor contra ele a presente AÇÃO DE REINTEGRAÇÃO DE POSSE, que deve ser julgada procedente para ser o Autor reintegrado na posse daquela casa com a retirada do Réu, e sua condenação em perdas e danos a serem apurados em execução, ao pagamento das custas do processo e honorários advocatícios de 20% do valor apurado em execução de sentença ou da condenação.</p>
<p><strong>V</strong></p>
<p>Que requer provar o alegado com o depoimento pessoal do Réu, sob pena de confesso, inquirição de testemunhas a serem arroladas oportunamente, perícia, juntada de documentos e demais meios de provas permitidos em lei.</p>
<p><strong>VI</strong></p>
<p>Que, comprovados como estão os requisitos do art. 927 do CPC, através dos inclusos documentos, requer a V. Exa. a reintegração <em>initio litis</em>, encarecendo a V. Exa. se digne de mandar expedir o mandado liminar de reintegração.</p>
<p><strong>VII</strong></p>
<p>Que requer a citação do Réu para, querendo, contestar, sob pena de confesso e revelia, até final julgamento, em cuja oportunidade será tornada definitiva a reintegração liminar, requerendo os favores do art. 172, § 2<s>º</s>, e a citação com hora certa, se necessário.</p>
<p>Que, dando à causa o valor de R$ &#8230;&#8230;.. (&#8230;&#8230;&#8230;.), D. R. A., com a procuração, título de propriedade, contrato de comodato, cópia de notificação, inclusos,</p>
<p>E. R. M.</p>
<p>Localidade e data.</p>
<p><em>a</em>)	Assinatura do advogado</p>
<p>	Nome do advogado</p>
<p>	OAB &#8211; Seção de São Paulo n. &#8230;&#8230;&#8230;</p>
<p>	CIC n. &#8230;&#8230;&#8230;.</p>
