{"id":31885,"date":"2023-07-29T12:33:25","date_gmt":"2023-07-29T12:33:25","guid":{"rendered":"https:\/\/easyjur.com\/blog\/?post_type=modelos-de-peticao&#038;p=3650"},"modified":"2023-07-29T12:33:25","modified_gmt":"2023-07-29T12:33:25","slug":"razoes-de-apelacao-apltes-fernando-de-oliveira-santos-e-edson-de-holanda-apldo-ministerio-publico","status":"publish","type":"modelos-de-peticao","link":"https:\/\/easyjur.com\/blog\/modelos-de-peticao\/razoes-de-apelacao-apltes-fernando-de-oliveira-santos-e-edson-de-holanda-apldo-ministerio-publico\/","title":{"rendered":"[MODELO] RAZ\u00d5ES DE APELA\u00c7\u00c3O  &#8211;  APLTES: FERNANDO DE OLIVEIRA SANTOS E EDSON DE HOLANDA, APLDO: MINIST\u00c9RIO P\u00daBLICO"},"content":{"rendered":"<p>DEFENSORIA P\u00daBLICA GERAL DO ESTADO<\/p>\n<p>EXCELENT\u00cdSSIMO SENHOR JUIZ DE DIREITO DA 3000\u00aa VARA CRIMINAL DA COMARCA DA CAPITAL.<\/p>\n<p>PROC. 6.00002<\/p>\n<p>FERNANDO DE OLIVEIRA SANTOS  e  EDSON DE HOLANDA, nos autos da a\u00e7\u00e3o penal que respondem perante este Ju\u00edzo, processo em refer\u00eancia, como incursos nas penas do Art. 157, \u00a7 2\u00ba, inciso II, n\/f do Art. 70, ambos do C\u00f3digo Penal, v\u00eam, atrav\u00e9s da Defensoria P\u00fablica, requerer a Vossa Excel\u00eancia a juntada de suas anexas RAZ\u00d5ES DE APELA\u00c7\u00c3O, e a remessa dos autos \u00e0 Superior Inst\u00e2ncia, ap\u00f3s o cumprimento das formalidades de estilo<\/p>\n<p>    PEDE DEFERIMENTO,<\/p>\n<p>    RIO DE JANEIRO, 13 DE FEVEREIRO DE 10000007<\/p>\n<p>                                                      C\u00c9SAR TEIXEIRA DIAS<\/p>\n<p>                                                            Defensor P\u00fablico<\/p>\n<p>DEFENSORIA P\u00daBLICA GERAL DO ESTADO<\/p>\n<p>RECURSO DE APELA\u00c7\u00c3O<\/p>\n<h1>APLTES:  FERNANDO DE OLIVEIRA SANTOS<\/h1>\n<p>                 EDSON DE HOLANDA<\/p>\n<h1>APLDO:   MINIST\u00c9RIO P\u00daBLICO<\/h1>\n<p>EGR\u00c9GIO TRIBUNAL<\/p>\n<p>COLENDA C\u00c2MARA CRIMINAL<\/p>\n<p>As presentes raz\u00f5es de apela\u00e7\u00e3o se dividem em 03 (tr\u00eas) t\u00f3picos:<\/p>\n<p>&#8211; <strong>NO PRIMEIRO T\u00d3PICO<\/strong>, a exposi\u00e7\u00e3o \u00e9 comum a  ambos os apelantes<\/p>\n<p>&#8211; <strong>NO SEGUNDO T\u00d3PICO<\/strong>,  a  tese  exposta se refere       exclusivamente ao 2\u00ba apelante &#8211; <strong>EDSON DE HOLANDA<\/strong><\/p>\n<p>&#8211; <strong>NO TERCEIRO T\u00d3PICO<\/strong>, os pedidos.<\/p>\n<p><strong>&#8211; DO PRIMEIRO T\u00d3PICO<\/strong><\/p>\n<p>Merece ser reformada a Senten\u00e7a de 1\u00ba Grau, eis que ausente dos autos suporte probat\u00f3rio suficiente \u00e0 sua sustenta\u00e7\u00e3o.<\/p>\n<p>DEFENSORIA P\u00daBLICA GERAL DO ESTADO<\/p>\n<p><strong>&#8211; DO SEGUNDO T\u00d3PICO<\/strong><\/p>\n<p><strong>EQUIVOCOU-SE A INSIGNE PROLATORA DE 1\u00ba GRAU NO QUE SE REFERE AOS ACR\u00c9SCIMOS PELA \u201cQUALIFICADORA DO CONCURSO DE PESSOAS\u201d, E PELO \u201cCONCURSO FORMAL\u201d. <\/strong><\/p>\n<p><strong> <\/strong><\/p>\n<p>N\u00e3o podem aquelas causas (concurso de pessoas e concurso formal), exasperar <strong>MENOS<\/strong> para um co-r\u00e9u, e <strong>MAIS<\/strong> para outro co-r\u00e9u.<\/p>\n<p>Foi exatamente assim que procedeu a Magistrada de 1\u00ba Grau.<\/p>\n<p><strong>\u00c0S FLS. 103, ITENS 22\\24, A DOSIMETRIA EM RELA\u00c7\u00c3O AO R\u00c9U<\/strong> <strong>FERNANDO:<\/strong><\/p>\n<p>&#8211; ITEM 22:      BASE  DE  04 ANOS<\/p>\n<p>&#8211; ITEM 23:      <strong>+<\/strong> <strong>1\/3 (UM TER\u00c7O)<\/strong> PELO CONCURSO DE PESSOAS<\/p>\n<p>&#8211; ITEM 24:      <strong>+<\/strong> <strong>1\/6 (UM SEXTO)<\/strong> PELO CONCURSO FORMAL<\/p>\n<p><strong>\u00c0S MESMAS FLS. 103, ITENS 27\\2000, A DOSIMETRIA EM RELA\u00c7\u00c3O AO R\u00c9U EDSON:<\/strong><\/p>\n<p>&#8211; ITEM 27:      BASE  DE  06  ANOS<\/p>\n<p>&#8211; ITEM 28:      <strong>+<\/strong> <strong>1\/2 (METADE)<\/strong> PELO CONCURSO DE PESSOAS<\/p>\n<p>&#8211; ITEM 2000:      <strong>+<\/strong> <strong>1\/3 (UM TER\u00c7O)<\/strong> PELO CONCURSO FORMAL<\/p>\n<p>Mostram-se, pois, incoerentes as exaspera\u00e7\u00f5es em rela\u00e7\u00e3o a cada um dos apelantes, eis que aquelas majorantes t\u00eam car\u00e1ter objetivo.<\/p>\n<p>PARA FERNANDO <strong>1\/3<\/strong> PELO CONC.  DE PESSOAS.<\/p>\n<p>PARA EDSON <strong>1\/2<\/strong> PELO MESMO CONC. DE PESSOAS. <\/p>\n<p>PARA FERNANDO <strong>1\/6<\/strong> PELO CONCURSO FORMAL.<\/p>\n<p>PARA EDSON <strong>1\/3<\/strong> (O DOBRO) PELO MESMO CONCURSO FORMAL<\/p>\n<p>DEFENSORIA P\u00daBLICA GERAL DO ESTADO<\/p>\n<p>DESTA FORMA, aplicando-se a Edson as mesmas fra\u00e7\u00f5es de aumento impostas a Fernando, tem-se o seguinte:<\/p>\n<p>&#8211; BASE (ITEM 27) &#8230;&#8230;&#8230;&#8230;&#8230;&#8230;&#8230;&#8230;&#8230;&#8230;&#8230;&#8230;&#8230;&#8230;&#8230; 06  ANOS <\/p>\n<p>&#8211; CONC. DE PESSOAS + 1\/3 DE 06 ANOS = . 02  ANOS<\/p>\n<p>\t<strong>\t\tSUB-TOTAL<\/strong> &#8230;&#8230;&#8230;&#8230;&#8230;&#8230;&#8230;&#8230;. 08  ANOS<\/p>\n<p>&#8211; CONC. FORMAL + 1\/6 DE 08 ANOS <\/p>\n<p>  (1\/6 DE 0006 MESES) = 16 MESES =&#8230;&#8230;&#8230;&#8230;&#8230;. 01 ANO E 04 MESES<\/p>\n<p>\t\t\t<strong>TOTAL  <\/strong>&#8230;&#8230;&#8230;&#8230;&#8230;&#8230;&#8230;&#8230;&#8230;&#8230;&#8230;.0000 ANOS E 04 MESES <\/p>\n<p><strong>&#8211; DO TERCEIRO T\u00d3PICO<\/strong><\/p>\n<p><strong>ANTE O EXPOSTO<\/strong>, e mais o que Vossas Excel\u00eancias acrescentarem aos temas, merc\u00ea dos doutos suplementos dos Membros dessa Corte, confia a Defesa seja conhecido e provido o presente Recurso de Apela\u00e7\u00e3o para:<\/p>\n<p>&#8211; consoante a exposi\u00e7\u00e3o do \u201cprimeiro t\u00f3pico\u201d, absolver os apelantes por insufici\u00eancia de provas;<\/p>\n<p>&#8211; <strong>alternativamente<\/strong>, mantida que seja a condena\u00e7\u00e3o imposta em 1\u00ba Grau, corrigir a apena\u00e7\u00e3o imposta ao apelante Edson Holanda, fazendo incidir os mesmos n\u00edveis de exaspera\u00e7\u00e3o impostos ao co-apelante Fernando, reduzindo a reprimenda daquele a 0000 anos e 04 meses de reclus\u00e3o, consoante os c\u00e1lculos dosim\u00e9tricos acima. <\/p>\n<p>          RIO DE JANEIRO, 13 FEVEREIRO 10000007<\/p>\n<p>C\u00c9SAR TEIXEIRA DIAS<\/p>\n<p>     Defensor P\u00fablico<\/p>\n","protected":false},"featured_media":0,"parent":0,"menu_order":0,"template":"","meta":{"content-type":""},"categoria-modelo":[153],"class_list":["post-31885","modelos-de-peticao","type-modelos-de-peticao","status-publish","hentry","categoria-modelo-penal"],"_links":{"self":[{"href":"https:\/\/easyjur.com\/blog\/wp-json\/wp\/v2\/modelos-de-peticao\/31885","targetHints":{"allow":["GET"]}}],"collection":[{"href":"https:\/\/easyjur.com\/blog\/wp-json\/wp\/v2\/modelos-de-peticao"}],"about":[{"href":"https:\/\/easyjur.com\/blog\/wp-json\/wp\/v2\/types\/modelos-de-peticao"}],"wp:attachment":[{"href":"https:\/\/easyjur.com\/blog\/wp-json\/wp\/v2\/media?parent=31885"}],"wp:term":[{"taxonomy":"categoria-modelo","embeddable":true,"href":"https:\/\/easyjur.com\/blog\/wp-json\/wp\/v2\/categoria-modelo?post=31885"}],"curies":[{"name":"wp","href":"https:\/\/api.w.org\/{rel}","templated":true}]}}

[MODELO] RAZÕES DE APELAÇÃO  &#8211;  APLTES: FERNANDO DE OLIVEIRA SANTOS E EDSON DE HOLANDA, APLDO: MINISTÉRIO PÚBLICO

<p>DEFENSORIA PÚBLICA GERAL DO ESTADO</p>
<p>EXCELENTÍSSIMO SENHOR JUIZ DE DIREITO DA 3000ª VARA CRIMINAL DA COMARCA DA CAPITAL.</p>
<p>PROC. 6.00002</p>
<p>FERNANDO DE OLIVEIRA SANTOS  e  EDSON DE HOLANDA, nos autos da ação penal que respondem perante este Juízo, processo em referência, como incursos nas penas do Art. 157, § 2º, inciso II, n/f do Art. 70, ambos do Código Penal, vêm, através da Defensoria Pública, requerer a Vossa Excelência a juntada de suas anexas RAZÕES DE APELAÇÃO, e a remessa dos autos à Superior Instância, após o cumprimento das formalidades de estilo</p>
<p>    PEDE DEFERIMENTO,</p>
<p>    RIO DE JANEIRO, 13 DE FEVEREIRO DE 10000007</p>
<p>                                                      CÉSAR TEIXEIRA DIAS</p>
<p>                                                            Defensor Público</p>
<p>DEFENSORIA PÚBLICA GERAL DO ESTADO</p>
<p>RECURSO DE APELAÇÃO</p>
<h1>APLTES:  FERNANDO DE OLIVEIRA SANTOS</h1>
<p>                 EDSON DE HOLANDA</p>
<h1>APLDO:   MINISTÉRIO PÚBLICO</h1>
<p>EGRÉGIO TRIBUNAL</p>
<p>COLENDA CÂMARA CRIMINAL</p>
<p>As presentes razões de apelação se dividem em 03 (três) tópicos:</p>
<p>&#8211; <strong>NO PRIMEIRO TÓPICO</strong>, a exposição é comum a  ambos os apelantes</p>
<p>&#8211; <strong>NO SEGUNDO TÓPICO</strong>,  a  tese  exposta se refere       exclusivamente ao 2º apelante &#8211; <strong>EDSON DE HOLANDA</strong></p>
<p>&#8211; <strong>NO TERCEIRO TÓPICO</strong>, os pedidos.</p>
<p><strong>&#8211; DO PRIMEIRO TÓPICO</strong></p>
<p>Merece ser reformada a Sentença de 1º Grau, eis que ausente dos autos suporte probatório suficiente à sua sustentação.</p>
<p>DEFENSORIA PÚBLICA GERAL DO ESTADO</p>
<p><strong>&#8211; DO SEGUNDO TÓPICO</strong></p>
<p><strong>EQUIVOCOU-SE A INSIGNE PROLATORA DE 1º GRAU NO QUE SE REFERE AOS ACRÉSCIMOS PELA “QUALIFICADORA DO CONCURSO DE PESSOAS”, E PELO “CONCURSO FORMAL”. </strong></p>
<p><strong> </strong></p>
<p>Não podem aquelas causas (concurso de pessoas e concurso formal), exasperar <strong>MENOS</strong> para um co-réu, e <strong>MAIS</strong> para outro co-réu.</p>
<p>Foi exatamente assim que procedeu a Magistrada de 1º Grau.</p>
<p><strong>ÀS FLS. 103, ITENS 22\24, A DOSIMETRIA EM RELAÇÃO AO RÉU</strong> <strong>FERNANDO:</strong></p>
<p>&#8211; ITEM 22:      BASE  DE  04 ANOS</p>
<p>&#8211; ITEM 23:      <strong>+</strong> <strong>1/3 (UM TERÇO)</strong> PELO CONCURSO DE PESSOAS</p>
<p>&#8211; ITEM 24:      <strong>+</strong> <strong>1/6 (UM SEXTO)</strong> PELO CONCURSO FORMAL</p>
<p><strong>ÀS MESMAS FLS. 103, ITENS 27\2000, A DOSIMETRIA EM RELAÇÃO AO RÉU EDSON:</strong></p>
<p>&#8211; ITEM 27:      BASE  DE  06  ANOS</p>
<p>&#8211; ITEM 28:      <strong>+</strong> <strong>1/2 (METADE)</strong> PELO CONCURSO DE PESSOAS</p>
<p>&#8211; ITEM 2000:      <strong>+</strong> <strong>1/3 (UM TERÇO)</strong> PELO CONCURSO FORMAL</p>
<p>Mostram-se, pois, incoerentes as exasperações em relação a cada um dos apelantes, eis que aquelas majorantes têm caráter objetivo.</p>
<p>PARA FERNANDO <strong>1/3</strong> PELO CONC.  DE PESSOAS.</p>
<p>PARA EDSON <strong>1/2</strong> PELO MESMO CONC. DE PESSOAS. </p>
<p>PARA FERNANDO <strong>1/6</strong> PELO CONCURSO FORMAL.</p>
<p>PARA EDSON <strong>1/3</strong> (O DOBRO) PELO MESMO CONCURSO FORMAL</p>
<p>DEFENSORIA PÚBLICA GERAL DO ESTADO</p>
<p>DESTA FORMA, aplicando-se a Edson as mesmas frações de aumento impostas a Fernando, tem-se o seguinte:</p>
<p>&#8211; BASE (ITEM 27) &#8230;&#8230;&#8230;&#8230;&#8230;&#8230;&#8230;&#8230;&#8230;&#8230;&#8230;&#8230;&#8230;&#8230;&#8230; 06  ANOS </p>
<p>&#8211; CONC. DE PESSOAS + 1/3 DE 06 ANOS = . 02  ANOS</p>
<p>	<strong>		SUB-TOTAL</strong> &#8230;&#8230;&#8230;&#8230;&#8230;&#8230;&#8230;&#8230;. 08  ANOS</p>
<p>&#8211; CONC. FORMAL + 1/6 DE 08 ANOS </p>
<p>  (1/6 DE 0006 MESES) = 16 MESES =&#8230;&#8230;&#8230;&#8230;&#8230;. 01 ANO E 04 MESES</p>
<p>			<strong>TOTAL  </strong>&#8230;&#8230;&#8230;&#8230;&#8230;&#8230;&#8230;&#8230;&#8230;&#8230;&#8230;.0000 ANOS E 04 MESES </p>
<p><strong>&#8211; DO TERCEIRO TÓPICO</strong></p>
<p><strong>ANTE O EXPOSTO</strong>, e mais o que Vossas Excelências acrescentarem aos temas, mercê dos doutos suplementos dos Membros dessa Corte, confia a Defesa seja conhecido e provido o presente Recurso de Apelação para:</p>
<p>&#8211; consoante a exposição do “primeiro tópico”, absolver os apelantes por insuficiência de provas;</p>
<p>&#8211; <strong>alternativamente</strong>, mantida que seja a condenação imposta em 1º Grau, corrigir a apenação imposta ao apelante Edson Holanda, fazendo incidir os mesmos níveis de exasperação impostos ao co-apelante Fernando, reduzindo a reprimenda daquele a 0000 anos e 04 meses de reclusão, consoante os cálculos dosimétricos acima. </p>
<p>          RIO DE JANEIRO, 13 FEVEREIRO 10000007</p>
<p>CÉSAR TEIXEIRA DIAS</p>
<p>     Defensor Público</p>
