{"id":3080462,"date":"2024-06-08T10:11:56","date_gmt":"2024-06-08T10:11:56","guid":{"rendered":"https:\/\/easyjur.com\/blog\/?post_type=modelos-de-peticao&#038;p=3650"},"modified":"2024-06-08T10:11:56","modified_gmt":"2024-06-08T10:11:56","slug":"acao-acidente-do-trabalho-incapacidade-auditiva-ocasionada-pela-exposicao-a-ruidos","status":"publish","type":"modelos-de-peticao","link":"https:\/\/easyjur.com\/blog\/modelos-de-peticao\/acao-acidente-do-trabalho-incapacidade-auditiva-ocasionada-pela-exposicao-a-ruidos\/","title":{"rendered":"[MODELO] A\u00e7\u00e3o Acidente do Trabalho  &#8211;  Incapacidade Auditiva ocasionada pela exposi\u00e7\u00e3o a ru\u00eddos"},"content":{"rendered":"<p><strong>ACIDENTE DO TRABALHO<\/strong> Incapacidade laborativa do Autor, em face de <strong>exposi\u00e7\u00e3o<\/strong> cont\u00ednua superior a 6 horas di\u00e1rias <strong>a ru\u00eddos<\/strong> acima de 85DB<strong>, pede<\/strong> o pagamento do aux\u00edlio <strong>acidente ou suplementar<\/strong>, aposentadoria por invalidez acident\u00e1ria, <strong>fornecimento de pr\u00f3tese<\/strong>, caso seja constatada a necessidade de uso.<\/p>\n<p>EXMO. SR. DR. JUIZ DE DIREITO DA VARA DE REGISTROS P\u00daBLICOS E ACIDENTES DO TRABALHO DE&#8230;. <\/p>\n<p>&#8230;&#8230;&#8230;&#8230;&#8230;&#8230;&#8230;&#8230;&#8230;&#8230;&#8230;&#8230;&#8230;&#8230;&#8230;&#8230;. (qualifica\u00e7\u00e3o), C\u00e9dula de Identidade\/RG n\u00ba &#8230;.,  CPF n\u00ba &#8230;., inscrito no PIS sob o n\u00ba &#8230;., residente e domiciliado na Rua &#8230;. n\u00ba &#8230;., vem, respeitosamente \u00e0 presen\u00e7a de V. Exa., atrav\u00e9s de sua advogada que esta subscreve, conforme instrumento de mandato anexo (doc. &#8230;.), com fulcro na Lei n\u00ba 6.367\/76, Decreto n\u00ba 89.312\/84, Portaria n\u00ba 3.212\/78 do Minist\u00e9rio do Trabalho, artigos 275 a 281 do CPC e demais diplomas legais que regulam a mat\u00e9ria, propor a presente<\/p>\n<h1>A\u00c7\u00c3O SUM\u00c1RIA DE ACIDENTE DO TRABALHO <\/h1>\n<p>contra o INSTITUTO NACIONAL DE SEGURO SOCIAL (INSS), autarquia federal com sede na Rua &#8230;. n\u00ba &#8230;., pelas raz\u00f5es que passa a expor <\/p>\n<h1>DOS FATOS <\/h1>\n<p>1.1  O Autor trabalhou na empresa &#8230;., durante o per\u00edodo de &#8230;\/&#8230;\/&#8230; a &#8230;\/&#8230;\/&#8230;, onde exerceu as fun\u00e7\u00f5es de &quot;soldador&quot; (doc. anexo). <\/p>\n<p>Durante o pacto laboral o Autor, por sentir  dificuldade auditiva, foi submetido a um exame &quot;audiom\u00e9trico&quot; onde constatou-se a exist\u00eancia de &quot;dissacusia neurossensorial severa \u00e0 direita e dissacusia neurossensorial discret\u00edssima \u00e0 esquerda&quot;, conforme comprova o documento &#8230;. anexo. <\/p>\n<p>2.  A empresa empregadora n\u00e3o comunicou o INSS nos termos da Lei 6.367\/76, no artigo 14, da doen\u00e7a incapacitante relacionada com a atividade exercida pelo Autor e demitiu-o em &#8230;\/&#8230;\/&#8230;<\/p>\n<p>O quadro atual de sa\u00fade do Autor \u00e9 delicado, pois al\u00e9m de ouvir mal, sente muita tontura e zumbidos freq\u00fcentes, est\u00e1 tendo dificuldade para conseguir novo emprego. <\/p>\n<h1>DO DIREITO  <\/h1>\n<p>Dos fatos supra narrados e exames m\u00e9dicos anexados, est\u00e1 evidenciada a doen\u00e7a adquirida em raz\u00e3o da atividade exercida (soldador) e assim definida no art. 2\u00ba, \u00a7 1\u00ba e \u00a7 3\u00ba da Lei 6.367\/76: <\/p>\n<p>&quot;\u00a7 1\u00ba &#8211; Equiparam-se ao acidente do trabalho, para fins desta Lei: <\/p>\n<p>I &#8211; a doen\u00e7a profissional ou do trabalho, assim entendida a inerente ou peculiar a determinado ramo de atividade e constante de rela\u00e7\u00e3o organizadas pelo Minist\u00e9rio da Previd\u00eancia e Assist\u00eancia Social (MPAS)&quot;, <\/p>\n<p>&quot;\u00a7 3\u00ba &#8211; Em casos excepcionais, constando que doen\u00e7a n\u00e3o inclu\u00edda na rela\u00e7\u00e3o prevista no item I do \u00a7 1\u00ba resultou de condi\u00e7\u00f5es especiais em que o trabalho \u00e9 executado e com ele se relaciona diretamente, o Minist\u00e9rio da Previd\u00eancia e Assist\u00eancia Social dever\u00e1 consider\u00e1-la como acidente do trabalho.&quot;<\/p>\n<p>Importante lembrar H\u00e9lio Hungria, que alerta:<\/p>\n<p>&quot;A exposi\u00e7\u00e3o cont\u00ednua durante seis a oito horas por dia, a ru\u00eddos ao n\u00edvel ou acima de 85 DB, vai acarretar notadamente em indiv\u00edduos predispostos, les\u00f5es irrevers\u00edveis, em geral bilateral e sim\u00e9trica, do \u00f3rg\u00e3o sensorial neural de audi\u00e7\u00e3o, come\u00e7ando por atingir a freq\u00fc\u00eancia de &quot;4.000 Hz&quot; (manual de otorrinolaringologia, p\u00e1g. 284). <\/p>\n<p>Frisa, ainda, que inexiste tratamento para tais les\u00f5es, &quot;a n\u00e3o ser o afastamento definitivo do indiv\u00edduo do ambiente ruidoso.&quot;<\/p>\n<h1>DO PEDIDO<\/h1>\n<p>Em face do exposto e invocados os doutos subs\u00eddios de V. Exa, o Autor requer: <\/p>\n<p>1. Sejam-lhe concedidos os benef\u00edcios da justi\u00e7a gratuita nos termos da Lei n\u00ba 1.060\/50, sendo nomeada a advogada que subscreve a presente (doc. anexo) . <\/p>\n<p>2. Cita\u00e7\u00e3o do Instituto Nacional de Seguridade Social (INSS), com sede na Rua &#8230;. n\u00ba &#8230;., na pessoa de seu representante legal, para, querendo, apresentar a defesa que tiver, na audi\u00eancia previamente designada por V. Exa., sob pena de revelia e confiss\u00e3o;<\/p>\n<\/p>\n<p>3. Per\u00edcia na empresa &#8230;. localizada na Rua &#8230;. n\u00ba&#8230;., caso  V. Exa. ache necess\u00e1rio, para constata\u00e7\u00e3o do ambiente de trabalho ruidoso. <\/p>\n<p>4. Depoimento pessoal do Autor, oitiva de testemunhas conforme rol suposto e ouvida do representante legal da empresa &#8230;., a ser intimada na Rua &#8230;. n\u00ba &#8230;., <\/p>\n<p>5. Per\u00edcia m\u00e9dica.<\/p>\n<p>6. Seja ouvido o ilustre Doutor Curador desse Ju\u00edzo sobre presente pedido. <\/p>\n<p>7. Finalmente requer a total proced\u00eancia da a\u00e7\u00e3o condenando-se o R\u00e9u: <\/p>\n<p>7.1 Ao pagamento do &quot;aux\u00edlio acidente ou suplementar&quot;, desde a data que foi comprovada a incapacidade laborativa do Autor. <\/p>\n<p>7.2. Aposentadoria por invalidez acident\u00e1ria se verificado no decorrer da a\u00e7\u00e3o a incapacidade do Autor para o trabalho e o pec\u00falio correspondente a 15 vezes o valor de refer\u00eancia deste Estado. <\/p>\n<p>7.3. Abono anual considerando-se o inicio do benef\u00edcio a ser deferido at\u00e9 o final da a\u00e7\u00e3o.<\/p>\n<p>7.4. Fornecimento de pr\u00f3tese caso a per\u00edcia m\u00e9dica a ser realizada conste a necessidade de seu uso. <\/p>\n<p>7.5. Ao pagamento de todas as custas processuais, honor\u00e1rios periciais e advocat\u00edcios, esses sobre as presta\u00e7\u00f5es vencidas e 12 meses das vincendas. <\/p>\n<p>7.6. juros e corre\u00e7\u00e3o monet\u00e1ria a incidir sobre todo o pedido, tendo a indeniza\u00e7\u00e3o por base o sal\u00e1rio de contribui\u00e7\u00e3o do dia em que foi constatada a doen\u00e7a, e vigentes sobre este valor em todo o pedido e nas parcelas vincendas. <\/p>\n<p>D\u00e1-se \u00e0 causa, para efeito de al\u00e7ada, o valor de R$ &#8230;. (&#8230;.).<\/p>\n<p>Pede Deferimento <\/p>\n<p>&#8230;., &#8230;. de &#8230;. de &#8230;.<\/p>\n<p>&#8230;&#8230;&#8230;&#8230;&#8230;&#8230;<\/p>\n<p>Advogado  OAB\/&#8230;<\/p>\n<p>ROL DE TESTEMUNHAS: que comparecer\u00e3o \u00e0 audi\u00eancia independentemente de intima\u00e7\u00e3o. <\/p>\n<p>1. &#8230;. (qualifica\u00e7\u00e3o), residente e domiciliado na  Rua &#8230;. n\u00ba &#8230;., <\/p>\n<p>2. &#8230;. (qualifica\u00e7\u00e3o), residente e domiciliado na Rua &#8230;. n\u00ba &#8230;., <\/p>\n","protected":false},"featured_media":0,"parent":0,"menu_order":0,"template":"","meta":{"content-type":""},"categoria-modelo":[159],"class_list":["post-3080462","modelos-de-peticao","type-modelos-de-peticao","status-publish","hentry","categoria-modelo-outros"],"_links":{"self":[{"href":"https:\/\/easyjur.com\/blog\/wp-json\/wp\/v2\/modelos-de-peticao\/3080462","targetHints":{"allow":["GET"]}}],"collection":[{"href":"https:\/\/easyjur.com\/blog\/wp-json\/wp\/v2\/modelos-de-peticao"}],"about":[{"href":"https:\/\/easyjur.com\/blog\/wp-json\/wp\/v2\/types\/modelos-de-peticao"}],"wp:attachment":[{"href":"https:\/\/easyjur.com\/blog\/wp-json\/wp\/v2\/media?parent=3080462"}],"wp:term":[{"taxonomy":"categoria-modelo","embeddable":true,"href":"https:\/\/easyjur.com\/blog\/wp-json\/wp\/v2\/categoria-modelo?post=3080462"}],"curies":[{"name":"wp","href":"https:\/\/api.w.org\/{rel}","templated":true}]}}

[MODELO] Ação Acidente do Trabalho  &#8211;  Incapacidade Auditiva ocasionada pela exposição a ruídos

<p><strong>ACIDENTE DO TRABALHO</strong> Incapacidade laborativa do Autor, em face de <strong>exposição</strong> contínua superior a 6 horas diárias <strong>a ruídos</strong> acima de 85DB<strong>, pede</strong> o pagamento do auxílio <strong>acidente ou suplementar</strong>, aposentadoria por invalidez acidentária, <strong>fornecimento de prótese</strong>, caso seja constatada a necessidade de uso.</p>
<p>EXMO. SR. DR. JUIZ DE DIREITO DA VARA DE REGISTROS PÚBLICOS E ACIDENTES DO TRABALHO DE&#8230;. </p>
<p>&#8230;&#8230;&#8230;&#8230;&#8230;&#8230;&#8230;&#8230;&#8230;&#8230;&#8230;&#8230;&#8230;&#8230;&#8230;&#8230;. (qualificação), Cédula de Identidade/RG nº &#8230;.,  CPF nº &#8230;., inscrito no PIS sob o nº &#8230;., residente e domiciliado na Rua &#8230;. nº &#8230;., vem, respeitosamente à presença de V. Exa., através de sua advogada que esta subscreve, conforme instrumento de mandato anexo (doc. &#8230;.), com fulcro na Lei nº 6.367/76, Decreto nº 89.312/84, Portaria nº 3.212/78 do Ministério do Trabalho, artigos 275 a 281 do CPC e demais diplomas legais que regulam a matéria, propor a presente</p>
<h1>AÇÃO SUMÁRIA DE ACIDENTE DO TRABALHO </h1>
<p>contra o INSTITUTO NACIONAL DE SEGURO SOCIAL (INSS), autarquia federal com sede na Rua &#8230;. nº &#8230;., pelas razões que passa a expor </p>
<h1>DOS FATOS </h1>
<p>1.1  O Autor trabalhou na empresa &#8230;., durante o período de &#8230;/&#8230;/&#8230; a &#8230;/&#8230;/&#8230;, onde exerceu as funções de &quot;soldador&quot; (doc. anexo). </p>
<p>Durante o pacto laboral o Autor, por sentir  dificuldade auditiva, foi submetido a um exame &quot;audiométrico&quot; onde constatou-se a existência de &quot;dissacusia neurossensorial severa à direita e dissacusia neurossensorial discretíssima à esquerda&quot;, conforme comprova o documento &#8230;. anexo. </p>
<p>2.  A empresa empregadora não comunicou o INSS nos termos da Lei 6.367/76, no artigo 14, da doença incapacitante relacionada com a atividade exercida pelo Autor e demitiu-o em &#8230;/&#8230;/&#8230;</p>
<p>O quadro atual de saúde do Autor é delicado, pois além de ouvir mal, sente muita tontura e zumbidos freqüentes, está tendo dificuldade para conseguir novo emprego. </p>
<h1>DO DIREITO  </h1>
<p>Dos fatos supra narrados e exames médicos anexados, está evidenciada a doença adquirida em razão da atividade exercida (soldador) e assim definida no art. 2º, § 1º e § 3º da Lei 6.367/76: </p>
<p>&quot;§ 1º &#8211; Equiparam-se ao acidente do trabalho, para fins desta Lei: </p>
<p>I &#8211; a doença profissional ou do trabalho, assim entendida a inerente ou peculiar a determinado ramo de atividade e constante de relação organizadas pelo Ministério da Previdência e Assistência Social (MPAS)&quot;, </p>
<p>&quot;§ 3º &#8211; Em casos excepcionais, constando que doença não incluída na relação prevista no item I do § 1º resultou de condições especiais em que o trabalho é executado e com ele se relaciona diretamente, o Ministério da Previdência e Assistência Social deverá considerá-la como acidente do trabalho.&quot;</p>
<p>Importante lembrar Hélio Hungria, que alerta:</p>
<p>&quot;A exposição contínua durante seis a oito horas por dia, a ruídos ao nível ou acima de 85 DB, vai acarretar notadamente em indivíduos predispostos, lesões irreversíveis, em geral bilateral e simétrica, do órgão sensorial neural de audição, começando por atingir a freqüência de &quot;4.000 Hz&quot; (manual de otorrinolaringologia, pág. 284). </p>
<p>Frisa, ainda, que inexiste tratamento para tais lesões, &quot;a não ser o afastamento definitivo do indivíduo do ambiente ruidoso.&quot;</p>
<h1>DO PEDIDO</h1>
<p>Em face do exposto e invocados os doutos subsídios de V. Exa, o Autor requer: </p>
<p>1. Sejam-lhe concedidos os benefícios da justiça gratuita nos termos da Lei nº 1.060/50, sendo nomeada a advogada que subscreve a presente (doc. anexo) . </p>
<p>2. Citação do Instituto Nacional de Seguridade Social (INSS), com sede na Rua &#8230;. nº &#8230;., na pessoa de seu representante legal, para, querendo, apresentar a defesa que tiver, na audiência previamente designada por V. Exa., sob pena de revelia e confissão;</p>
</p>
<p>3. Perícia na empresa &#8230;. localizada na Rua &#8230;. nº&#8230;., caso  V. Exa. ache necessário, para constatação do ambiente de trabalho ruidoso. </p>
<p>4. Depoimento pessoal do Autor, oitiva de testemunhas conforme rol suposto e ouvida do representante legal da empresa &#8230;., a ser intimada na Rua &#8230;. nº &#8230;., </p>
<p>5. Perícia médica.</p>
<p>6. Seja ouvido o ilustre Doutor Curador desse Juízo sobre presente pedido. </p>
<p>7. Finalmente requer a total procedência da ação condenando-se o Réu: </p>
<p>7.1 Ao pagamento do &quot;auxílio acidente ou suplementar&quot;, desde a data que foi comprovada a incapacidade laborativa do Autor. </p>
<p>7.2. Aposentadoria por invalidez acidentária se verificado no decorrer da ação a incapacidade do Autor para o trabalho e o pecúlio correspondente a 15 vezes o valor de referência deste Estado. </p>
<p>7.3. Abono anual considerando-se o inicio do benefício a ser deferido até o final da ação.</p>
<p>7.4. Fornecimento de prótese caso a perícia médica a ser realizada conste a necessidade de seu uso. </p>
<p>7.5. Ao pagamento de todas as custas processuais, honorários periciais e advocatícios, esses sobre as prestações vencidas e 12 meses das vincendas. </p>
<p>7.6. juros e correção monetária a incidir sobre todo o pedido, tendo a indenização por base o salário de contribuição do dia em que foi constatada a doença, e vigentes sobre este valor em todo o pedido e nas parcelas vincendas. </p>
<p>Dá-se à causa, para efeito de alçada, o valor de R$ &#8230;. (&#8230;.).</p>
<p>Pede Deferimento </p>
<p>&#8230;., &#8230;. de &#8230;. de &#8230;.</p>
<p>&#8230;&#8230;&#8230;&#8230;&#8230;&#8230;</p>
<p>Advogado  OAB/&#8230;</p>
<p>ROL DE TESTEMUNHAS: que comparecerão à audiência independentemente de intimação. </p>
<p>1. &#8230;. (qualificação), residente e domiciliado na  Rua &#8230;. nº &#8230;., </p>
<p>2. &#8230;. (qualificação), residente e domiciliado na Rua &#8230;. nº &#8230;., </p>
