{"id":3004582,"date":"2024-06-06T12:21:46","date_gmt":"2024-06-06T12:21:46","guid":{"rendered":"https:\/\/easyjur.com\/blog\/?post_type=modelos-de-peticao&#038;p=3650"},"modified":"2024-06-06T12:21:46","modified_gmt":"2024-06-06T12:21:46","slug":"recurso-em-sentido-estrito-indicios-de-autoria-insuficientes","status":"publish","type":"modelos-de-peticao","link":"https:\/\/easyjur.com\/blog\/modelos-de-peticao\/recurso-em-sentido-estrito-indicios-de-autoria-insuficientes\/","title":{"rendered":"[MODELO] Recurso em Sentido Estrito  &#8211;  Ind\u00edcios de autoria insuficientes"},"content":{"rendered":"<p><strong>EXCELENT\u00cdSSIMO SENHOR DOUTOR JU\u00cdZ DE DIREITO DA 00\u00aa VARA CRIMINAL DO TRIBUNAL DO J\u00daRI DA COMARCA DE CIDADE\/UF<\/strong><\/p>\n<p>PROCESSO N\u00ba 0000<\/p>\n<p><strong>NOME DO CLIENTE,<\/strong> j\u00e1 qualificado nos autos do processo em ep\u00edgrafe, vem, por meio de sua procuradora infra-assinada, interpor<\/p>\n<p><strong>RECURSO EM SENTIDO ESTRITO<\/strong><\/p>\n<p>Com fulcro no art. <a href=\"http:\/\/www.jusbrasil.com.br\/topicos\/10618624\/artigo-581-do-decreto-lei-n-3689-de-03-de-outubro-de-1941\" target=\"Artigo 581 do Decreto Lei n\u00ba 3.689 de 03 de Outubro de 1941\" rel=\"noopener\">581<\/a>, inciso <a href=\"http:\/\/www.jusbrasil.com.br\/topicos\/10618444\/inciso-iv-do-artigo-581-do-decreto-lei-n-3689-de-03-de-outubro-de-1941\" target=\"Inciso IV do Artigo 581 do Decreto Lei n\u00ba 3.689 de 03 de Outubro de 1941\" rel=\"noopener\">IV<\/a> do <a href=\"http:\/\/www.jusbrasil.com.br\/legislacao\/1033703\/c\u00f3digo-processo-penal-decreto-lei-3689-41\" target=\"Decreto-lei n\u00ba 3.689, de 3 de outubro de 1941.\" rel=\"noopener\">C\u00f3digo de Processo Penal<\/a>. Requerendo ainda que este seja recebido e processado, com a consequente remessa \u00e0 inst\u00e2ncia superior, na hip\u00f3tese de V. Exa. N\u00e3o retratar-se, conforme art. <a href=\"http:\/\/www.jusbrasil.com.br\/topicos\/10616900\/artigo-589-do-decreto-lei-n-3689-de-03-de-outubro-de-1941\" target=\"Artigo 589 do Decreto Lei n\u00ba 3.689 de 03 de Outubro de 1941\" rel=\"noopener\">589<\/a> do <a href=\"http:\/\/www.jusbrasil.com.br\/legislacao\/1033703\/c\u00f3digo-processo-penal-decreto-lei-3689-41\" target=\"Decreto-lei n\u00ba 3.689, de 3 de outubro de 1941.\" rel=\"noopener\">C\u00f3digo de Processo Penal<\/a>.<a id=\"_Hlk15990375\"><\/a><a id=\"_Hlk482881190\"><\/a><\/p>\n<p>Termos em que,<\/p>\n<p>Pede Deferimento.<\/p>\n<p>CIDADE, 00, M\u00caS, ANO.<\/p>\n<p><strong>ADVOGADO<\/strong><\/p>\n<p><strong>OAB N\u00ba<\/strong><\/p>\n<p><a id=\"_Hlk482880653\"><\/a><a id=\"_Hlk15046823\"><\/a><a id=\"_Hlk482880653\"><\/a><a id=\"_Hlk15046823\"><\/a><\/p>\n<p><strong>RAZ\u00d5ES DE RECURSO EM SENTIDO ESTRITO<\/strong><\/p>\n<p>Recorrente: NOME DA RECORRENTE<\/p>\n<p>Recorrida: Justi\u00e7a P\u00fablica<\/p>\n<p>Egr\u00e9gio Tribunal de Justi\u00e7a<\/p>\n<p>Colenda c\u00e2mara<\/p>\n<p>Em\u00e9ritos julgadores<\/p>\n<p>Em que pese o ilustre entendimento do MM. Julgador de primeiro grau, tal decis\u00e3o deve ser modificada, pelos fatos e fundamentos a seguir expostos:<\/p>\n<p><strong>DOS FATOS<\/strong><\/p>\n<p>O Acusado foi denunciado como incurso no artigo <a href=\"http:\/\/www.jusbrasil.com.br\/topicos\/10625629\/artigo-121-do-decreto-lei-n-2848-de-07-de-dezembro-de-1940\" target=\"Artigo 121 do Decreto Lei n\u00ba 2.848 de 07 de Dezembro de 1940\" rel=\"noopener\">121<\/a>, <a href=\"http:\/\/www.jusbrasil.com.br\/topicos\/10625567\/par\u00e1grafo-2-artigo-121-do-decreto-lei-n-2848-de-07-de-dezembro-de-1940\" target=\"Par\u00e1grafo 2 Artigo 121 do Decreto Lei n\u00ba 2.848 de 07 de Dezembro de 1940\" rel=\"noopener\">\u00a7 2\u00ba<\/a>, inciso <a href=\"http:\/\/www.jusbrasil.com.br\/topicos\/10625480\/inciso-ii-do-par\u00e1grafo-2-do-artigo-121-do-decreto-lei-n-2848-de-07-de-dezembro-de-1940\" target=\"Inciso II do Par\u00e1grafo 2 do Artigo 121 do Decreto Lei n\u00ba 2.848 de 07 de Dezembro de 1940\" rel=\"noopener\">II<\/a> combinado com o artigo <a href=\"http:\/\/www.jusbrasil.com.br\/topicos\/10638135\/artigo-14-do-decreto-lei-n-2848-de-07-de-dezembro-de-1940\" target=\"Artigo 14 do Decreto Lei n\u00ba 2.848 de 07 de Dezembro de 1940\" rel=\"noopener\">14<\/a>, inciso <a href=\"http:\/\/www.jusbrasil.com.br\/topicos\/10638075\/inciso-ii-do-artigo-14-do-decreto-lei-n-2848-de-07-de-dezembro-de-1940\" target=\"Inciso II do Artigo 14 do Decreto Lei n\u00ba 2.848 de 07 de Dezembro de 1940\" rel=\"noopener\">II<\/a> ambos do <a href=\"http:\/\/www.jusbrasil.com.br\/legislacao\/1033702\/c\u00f3digo-penal-decreto-lei-2848-40\" target=\"Decreto-lei no 2.848, de 7 de dezembro de 1940.\" rel=\"noopener\">C\u00f3digo Penal<\/a>, pelo fato ocorrido em DIA\/M\u00caS\/ANO, nesta cidade, onde supostamente, por motivo f\u00fatil, tentou matar FULANO DE TAL, indo at\u00e9 a resid\u00eancia desta, armado, fazendo disparos contra a porta, n\u00e3o consumando o crime por circunst\u00e2ncias alheias a sua vontade, ou seja, por n\u00e3o lograr atingir a ofendida.<\/p>\n<p>Recebida a den\u00fancia (fl. 00, foi o Acusado citado e interrogado (fls. 0000), havendo apresentado defesa pr\u00e9via o defensor p\u00fablico nomeado (fl. 00).<\/p>\n<p>Durante a instru\u00e7\u00e3o foram ouvidas a V\u00edtima (fl. 0000) e uma testemunha (fl. 00).<\/p>\n<p>Em alega\u00e7\u00f5es finais, o Minist\u00e9rio P\u00fablico requereu a pron\u00fancia do R\u00e9u, consoante a capitula\u00e7\u00e3o da den\u00fancia (fls. 0000).<\/p>\n<p>\u00c9 o relato.<\/p>\n<p><strong>DO DIREITO<\/strong><\/p>\n<p>Na senten\u00e7a de pron\u00fancia, n\u00e3o h\u00e1 m\u00ednimos esclarecimentos que determinem a materialidade do delito e ind\u00edcios de autoria que indiquem que o Acusado ora Recorrente, como figurante a tal delito.<\/p>\n<p>Quanto a materialidade e a autoria do delito, ora resta n\u00e3o configuradas, como demostrados nos depoimentos prestados em ju\u00edzo.<\/p>\n<p>*depoimento da v\u00edtima* (fl. 0000)<\/p>\n<p>*depoimento da testemunha* (fl. 00).<\/p>\n<p>Por sua vez, o Acusado, nega o contido na den\u00fancia, (interrogat\u00f3rio do acusado) (fls. 000).<\/p>\n<p>Desta forma, observa-se que havia um relacionamento pr\u00e9vio entre a V\u00edtima e o Acusado, mas insuficientes os depoimentos prestados para determinar que houve o animus necandi do Acusado em atingir a V\u00edtima. Al\u00e9m disso, deve o Minist\u00e9rio P\u00fablico trazer ind\u00edcios contundentes da autoria delitiva, n\u00e3o apenas o depoimento da v\u00edtima, que ora \u00e9 parcial, e de uma vizinha, terceira que n\u00e3o presenciou a a\u00e7\u00e3o, nem pode confirmar o ocorrido. Desta forma, imperiosa a impron\u00fancia do Acusado de tal crime que lhe \u00e9 imputado.<\/p>\n<p><strong>SUBSIDIARIMENTE<\/strong><\/p>\n<p>Na remota hip\u00f3tese de n\u00e3o absolvi\u00e7\u00e3o, o Acusado requer ainda, a desclassifica\u00e7\u00e3o da conduta para o delito previsto n\u00e3o doloso contra a vida humana, previsto em legisla\u00e7\u00e3o especial a ser imputado pelo julgador.<\/p>\n<p>Como presente nos autos, o Acusado teve um relacionamento com a v\u00edtima, fato esse que n\u00e3o ensejava sua morte em nenhuma hip\u00f3tese, ainda afirmando em seu depoimento que foi at\u00e9 a casa da v\u00edtima, a pedido desta.<\/p>\n<p><strong>DOS PEDIDOS<\/strong><\/p>\n<p>Isto posto, o Acusado requer \u00e0 V. Exa.:<\/p>\n<p>Que seja desconstitu\u00edda a decis\u00e3o de pron\u00fancia, com a consequente impron\u00fancia do acusado<\/p>\n<p>Subsidiariamente, a desclassifica\u00e7\u00e3o da conduta para o crime de n\u00e3o doloso contra a vida, com a reme\u00e7a dos autos \u00e0 vara competente para aprecia\u00e7\u00e3o do delito.<\/p>\n<p>Termos em que,<\/p>\n<p>Pede Deferimento.<\/p>\n<p>CIDADE, 00, M\u00caS, ANO.<\/p>\n<p><strong>ADVOGADO<\/strong><\/p>\n<p><strong>OAB N\u00ba<\/strong><\/p>\n<p><strong>MUDAN\u00c7AS DO PACOTE ANTI CRIME<\/strong><\/p>\n<p><strong>&#8211; LEG\u00cdTIMA DEFESA<\/strong><\/p>\n<p><strong>Foi estendida a agente de seguran\u00e7a p\u00fablica que repele agress\u00e3o ou risco de agress\u00e3o a v\u00edtima mantida ref\u00e9m.<\/strong><\/p>\n<p><strong>&#8211; TEMPO M\u00c1XIMO DE CUMPRIMENTO DE PENA<\/strong><\/p>\n<p><strong>A nova lei amplia o tempo m\u00e1ximo de cumprimento da pena para 40 anos. Penas cujo somat\u00f3rio superasse isso seriam unificadas em 40 anos.<\/strong><\/p>\n<p><strong>&#8211; N\u00c3O PERSECU\u00c7\u00c3O PENAL<\/strong><\/p>\n<p><strong>O grupo de trabalho aprovou texto proposto por Alexandre Moraes que define o acordo de n\u00e3o persecu\u00e7\u00e3o penal, aplicado a infra\u00e7\u00f5es penais sem viol\u00eancia e com pena m\u00ednima de quatro anos. Bolsonaro vetou que a n\u00e3o persecu\u00e7\u00e3o possa ocorrer nos casos de crimes de improbidade administrativa.<\/strong><\/p>\n<p><strong>&#8211; JUIZ DE GARANTIAS<\/strong><\/p>\n<p><strong>Deputados inclu\u00edram o juiz de garantias, que atua durante a fase de investiga\u00e7\u00e3o do processo at\u00e9 o oferecimento da den\u00fancia. Ele n\u00e3o julga. A ideia \u00e9 evitar acusa\u00e7\u00f5es de parcialidade.<\/strong><\/p>\n<p><strong>&#8211; PENA PARA L\u00cdDERES CRIMINOSOS<\/strong><\/p>\n<p><strong>L\u00edderes de fac\u00e7\u00f5es come\u00e7assem a cumprir pena em pris\u00f5es de seguran\u00e7a m\u00e1xima e proibiu progress\u00e3o ao preso que ainda tivesse v\u00ednculo com a organiza\u00e7\u00e3o;<\/strong><\/p>\n","protected":false},"featured_media":0,"parent":0,"menu_order":0,"template":"","meta":{"content-type":""},"categoria-modelo":[153],"class_list":["post-3004582","modelos-de-peticao","type-modelos-de-peticao","status-publish","hentry","categoria-modelo-penal"],"_links":{"self":[{"href":"https:\/\/easyjur.com\/blog\/wp-json\/wp\/v2\/modelos-de-peticao\/3004582","targetHints":{"allow":["GET"]}}],"collection":[{"href":"https:\/\/easyjur.com\/blog\/wp-json\/wp\/v2\/modelos-de-peticao"}],"about":[{"href":"https:\/\/easyjur.com\/blog\/wp-json\/wp\/v2\/types\/modelos-de-peticao"}],"wp:attachment":[{"href":"https:\/\/easyjur.com\/blog\/wp-json\/wp\/v2\/media?parent=3004582"}],"wp:term":[{"taxonomy":"categoria-modelo","embeddable":true,"href":"https:\/\/easyjur.com\/blog\/wp-json\/wp\/v2\/categoria-modelo?post=3004582"}],"curies":[{"name":"wp","href":"https:\/\/api.w.org\/{rel}","templated":true}]}}

[MODELO] Recurso em Sentido Estrito  &#8211;  Indícios de autoria insuficientes

<p><strong>EXCELENTÍSSIMO SENHOR DOUTOR JUÍZ DE DIREITO DA 00ª VARA CRIMINAL DO TRIBUNAL DO JÚRI DA COMARCA DE CIDADE/UF</strong></p>
<p>PROCESSO Nº 0000</p>
<p><strong>NOME DO CLIENTE,</strong> já qualificado nos autos do processo em epígrafe, vem, por meio de sua procuradora infra-assinada, interpor</p>
<p><strong>RECURSO EM SENTIDO ESTRITO</strong></p>
<p>Com fulcro no art. <a href="http://www.jusbrasil.com.br/topicos/10618624/artigo-581-do-decreto-lei-n-3689-de-03-de-outubro-de-1941" target="Artigo 581 do Decreto Lei nº 3.689 de 03 de Outubro de 1941" rel="noopener">581</a>, inciso <a href="http://www.jusbrasil.com.br/topicos/10618444/inciso-iv-do-artigo-581-do-decreto-lei-n-3689-de-03-de-outubro-de-1941" target="Inciso IV do Artigo 581 do Decreto Lei nº 3.689 de 03 de Outubro de 1941" rel="noopener">IV</a> do <a href="http://www.jusbrasil.com.br/legislacao/1033703/código-processo-penal-decreto-lei-3689-41" target="Decreto-lei nº 3.689, de 3 de outubro de 1941." rel="noopener">Código de Processo Penal</a>. Requerendo ainda que este seja recebido e processado, com a consequente remessa à instância superior, na hipótese de V. Exa. Não retratar-se, conforme art. <a href="http://www.jusbrasil.com.br/topicos/10616900/artigo-589-do-decreto-lei-n-3689-de-03-de-outubro-de-1941" target="Artigo 589 do Decreto Lei nº 3.689 de 03 de Outubro de 1941" rel="noopener">589</a> do <a href="http://www.jusbrasil.com.br/legislacao/1033703/código-processo-penal-decreto-lei-3689-41" target="Decreto-lei nº 3.689, de 3 de outubro de 1941." rel="noopener">Código de Processo Penal</a>.<a id="_Hlk15990375"></a><a id="_Hlk482881190"></a></p>
<p>Termos em que,</p>
<p>Pede Deferimento.</p>
<p>CIDADE, 00, MÊS, ANO.</p>
<p><strong>ADVOGADO</strong></p>
<p><strong>OAB Nº</strong></p>
<p><a id="_Hlk482880653"></a><a id="_Hlk15046823"></a><a id="_Hlk482880653"></a><a id="_Hlk15046823"></a></p>
<p><strong>RAZÕES DE RECURSO EM SENTIDO ESTRITO</strong></p>
<p>Recorrente: NOME DA RECORRENTE</p>
<p>Recorrida: Justiça Pública</p>
<p>Egrégio Tribunal de Justiça</p>
<p>Colenda câmara</p>
<p>Eméritos julgadores</p>
<p>Em que pese o ilustre entendimento do MM. Julgador de primeiro grau, tal decisão deve ser modificada, pelos fatos e fundamentos a seguir expostos:</p>
<p><strong>DOS FATOS</strong></p>
<p>O Acusado foi denunciado como incurso no artigo <a href="http://www.jusbrasil.com.br/topicos/10625629/artigo-121-do-decreto-lei-n-2848-de-07-de-dezembro-de-1940" target="Artigo 121 do Decreto Lei nº 2.848 de 07 de Dezembro de 1940" rel="noopener">121</a>, <a href="http://www.jusbrasil.com.br/topicos/10625567/parágrafo-2-artigo-121-do-decreto-lei-n-2848-de-07-de-dezembro-de-1940" target="Parágrafo 2 Artigo 121 do Decreto Lei nº 2.848 de 07 de Dezembro de 1940" rel="noopener">§ 2º</a>, inciso <a href="http://www.jusbrasil.com.br/topicos/10625480/inciso-ii-do-parágrafo-2-do-artigo-121-do-decreto-lei-n-2848-de-07-de-dezembro-de-1940" target="Inciso II do Parágrafo 2 do Artigo 121 do Decreto Lei nº 2.848 de 07 de Dezembro de 1940" rel="noopener">II</a> combinado com o artigo <a href="http://www.jusbrasil.com.br/topicos/10638135/artigo-14-do-decreto-lei-n-2848-de-07-de-dezembro-de-1940" target="Artigo 14 do Decreto Lei nº 2.848 de 07 de Dezembro de 1940" rel="noopener">14</a>, inciso <a href="http://www.jusbrasil.com.br/topicos/10638075/inciso-ii-do-artigo-14-do-decreto-lei-n-2848-de-07-de-dezembro-de-1940" target="Inciso II do Artigo 14 do Decreto Lei nº 2.848 de 07 de Dezembro de 1940" rel="noopener">II</a> ambos do <a href="http://www.jusbrasil.com.br/legislacao/1033702/código-penal-decreto-lei-2848-40" target="Decreto-lei no 2.848, de 7 de dezembro de 1940." rel="noopener">Código Penal</a>, pelo fato ocorrido em DIA/MÊS/ANO, nesta cidade, onde supostamente, por motivo fútil, tentou matar FULANO DE TAL, indo até a residência desta, armado, fazendo disparos contra a porta, não consumando o crime por circunstâncias alheias a sua vontade, ou seja, por não lograr atingir a ofendida.</p>
<p>Recebida a denúncia (fl. 00, foi o Acusado citado e interrogado (fls. 0000), havendo apresentado defesa prévia o defensor público nomeado (fl. 00).</p>
<p>Durante a instrução foram ouvidas a Vítima (fl. 0000) e uma testemunha (fl. 00).</p>
<p>Em alegações finais, o Ministério Público requereu a pronúncia do Réu, consoante a capitulação da denúncia (fls. 0000).</p>
<p>É o relato.</p>
<p><strong>DO DIREITO</strong></p>
<p>Na sentença de pronúncia, não há mínimos esclarecimentos que determinem a materialidade do delito e indícios de autoria que indiquem que o Acusado ora Recorrente, como figurante a tal delito.</p>
<p>Quanto a materialidade e a autoria do delito, ora resta não configuradas, como demostrados nos depoimentos prestados em juízo.</p>
<p>*depoimento da vítima* (fl. 0000)</p>
<p>*depoimento da testemunha* (fl. 00).</p>
<p>Por sua vez, o Acusado, nega o contido na denúncia, (interrogatório do acusado) (fls. 000).</p>
<p>Desta forma, observa-se que havia um relacionamento prévio entre a Vítima e o Acusado, mas insuficientes os depoimentos prestados para determinar que houve o animus necandi do Acusado em atingir a Vítima. Além disso, deve o Ministério Público trazer indícios contundentes da autoria delitiva, não apenas o depoimento da vítima, que ora é parcial, e de uma vizinha, terceira que não presenciou a ação, nem pode confirmar o ocorrido. Desta forma, imperiosa a impronúncia do Acusado de tal crime que lhe é imputado.</p>
<p><strong>SUBSIDIARIMENTE</strong></p>
<p>Na remota hipótese de não absolvição, o Acusado requer ainda, a desclassificação da conduta para o delito previsto não doloso contra a vida humana, previsto em legislação especial a ser imputado pelo julgador.</p>
<p>Como presente nos autos, o Acusado teve um relacionamento com a vítima, fato esse que não ensejava sua morte em nenhuma hipótese, ainda afirmando em seu depoimento que foi até a casa da vítima, a pedido desta.</p>
<p><strong>DOS PEDIDOS</strong></p>
<p>Isto posto, o Acusado requer à V. Exa.:</p>
<p>Que seja desconstituída a decisão de pronúncia, com a consequente impronúncia do acusado</p>
<p>Subsidiariamente, a desclassificação da conduta para o crime de não doloso contra a vida, com a remeça dos autos à vara competente para apreciação do delito.</p>
<p>Termos em que,</p>
<p>Pede Deferimento.</p>
<p>CIDADE, 00, MÊS, ANO.</p>
<p><strong>ADVOGADO</strong></p>
<p><strong>OAB Nº</strong></p>
<p><strong>MUDANÇAS DO PACOTE ANTI CRIME</strong></p>
<p><strong>&#8211; LEGÍTIMA DEFESA</strong></p>
<p><strong>Foi estendida a agente de segurança pública que repele agressão ou risco de agressão a vítima mantida refém.</strong></p>
<p><strong>&#8211; TEMPO MÁXIMO DE CUMPRIMENTO DE PENA</strong></p>
<p><strong>A nova lei amplia o tempo máximo de cumprimento da pena para 40 anos. Penas cujo somatório superasse isso seriam unificadas em 40 anos.</strong></p>
<p><strong>&#8211; NÃO PERSECUÇÃO PENAL</strong></p>
<p><strong>O grupo de trabalho aprovou texto proposto por Alexandre Moraes que define o acordo de não persecução penal, aplicado a infrações penais sem violência e com pena mínima de quatro anos. Bolsonaro vetou que a não persecução possa ocorrer nos casos de crimes de improbidade administrativa.</strong></p>
<p><strong>&#8211; JUIZ DE GARANTIAS</strong></p>
<p><strong>Deputados incluíram o juiz de garantias, que atua durante a fase de investigação do processo até o oferecimento da denúncia. Ele não julga. A ideia é evitar acusações de parcialidade.</strong></p>
<p><strong>&#8211; PENA PARA LÍDERES CRIMINOSOS</strong></p>
<p><strong>Líderes de facções começassem a cumprir pena em prisões de segurança máxima e proibiu progressão ao preso que ainda tivesse vínculo com a organização;</strong></p>
