{"id":3004292,"date":"2024-05-29T14:04:56","date_gmt":"2024-05-29T14:04:56","guid":{"rendered":"https:\/\/easyjur.com\/blog\/?post_type=modelos-de-peticao&#038;p=3650"},"modified":"2024-05-29T14:04:56","modified_gmt":"2024-05-29T14:04:56","slug":"pedido-de-liberdade-provisoria-nova-legislacao-penal","status":"publish","type":"modelos-de-peticao","link":"https:\/\/easyjur.com\/blog\/modelos-de-peticao\/pedido-de-liberdade-provisoria-nova-legislacao-penal\/","title":{"rendered":"[MODELO] Pedido de Liberdade Provis\u00f3ria  &#8211;  Nova Legisla\u00e7\u00e3o Penal"},"content":{"rendered":"<p><strong>AO DOUTO JU\u00cdZO DE DIREITO DA 00\u00aa VARA CRIMINAL DA COMARCA DE CIDADE\/UF<\/strong>\u00a0\u00a0\u00a0\u00a0\u00a0\u00a0\u00a0 <br \/>\u00a0\u00a0\u00a0\u00a0\u00a0\u00a0\u00a0 <br \/>\u00a0\u00a0\u00a0\u00a0\u00a0\u00a0\u00a0 <br \/>\u00a0\u00a0\u00a0\u00a0\u00a0\u00a0\u00a0 <br \/>\u00a0\u00a0\u00a0\u00a0\u00a0\u00a0\u00a0 <br \/>FULANO DE TAL, j\u00e1 devidamente qualificado nos autos do Processo-Crime n\u00ba 0000, que tramita perante esta Vara Criminal, encontrando-se recolhido \u00e0 pris\u00e3o preventiva no estabelecimento prisional TAL e \u00e0 disposi\u00e7\u00e3o da Justi\u00e7a P\u00fablica, vem, respeitosamente, \u00e0 presen\u00e7a de V. Exa., por seu advogado e bastante procurador que esta subscreve, com base no art. 321, II, do C\u00f3digo de Processo Penal, requerer a<br \/>\u00a0\u00a0\u00a0\u00a0\u00a0\u00a0\u00a0<br \/>\u00a0\u00a0\u00a0\u00a0\u00a0\u00a0\u00a0 <\/p>\n<p><strong>CONCESS\u00c3O DE LIBERDADE PROVIS\u00d3RIA<\/strong><\/p>\n<p>\u00a0\u00a0\u00a0\u00a0\u00a0\u00a0\u00a0<br \/>\u00a0\u00a0\u00a0\u00a0\u00a0\u00a0\u00a0 <br \/>pelos fatos e fundamentos a seguir expostos:<br \/>\u00a0\u00a0\u00a0\u00a0\u00a0\u00a0\u00a0 <br \/>\u00a0\u00a0\u00a0\u00a0\u00a0\u00a0\u00a0 <\/p>\n<p>O requerente, prim\u00e1rio e de bons antecedentes, foi preso em flagrante no DIA\/M\u00caS\/ANO, em suposta atividade criminosa prevista no art. 00 do C\u00f3digo Penal.<br \/>\u00a0\u00a0\u00a0\u00a0\u00a0\u00a0\u00a0 <br \/>\u00a0\u00a0\u00a0\u00a0\u00a0\u00a0\u00a0 <\/p>\n<p>No entanto, da breve e simples leitura do tipo penal previsto no estatuto repressivo constata-se que a pena m\u00e1xima in abstrato, cominada, portanto, para o tipo em tela, \u00e9 de 02 (dois) meses.<br \/>\u00a0\u00a0\u00a0\u00a0\u00a0\u00a0\u00a0<br \/>\u00a0\u00a0\u00a0\u00a0<\/p>\n<p>O art. 321 do C\u00f3digo de Processo Penal assim disp\u00f5e<br \/>\u00a0\u00a0\u00a0\u00a0\u00a0\u00a0\u00a0<br \/>\u00a0\u00a0\u00a0\u00a0<\/p>\n<p>\u00a0\u00a0\u00a0<\/p>\n<p><strong>&quot;Art. 321. Ressalvado o disposto no art. 323, III e IV, o r\u00e9u livrar-se-\u00e1 solto, independentemente de fian\u00e7a:<br \/><\/strong><\/p>\n<p><strong>(&#8230;)<br \/><\/strong><\/p>\n<p><strong>II &#8211; Quando o m\u00e1ximo da pena privativa de liberdade, isolada, cumulativa ou alternativamente cominada, n\u00e3o exceder a 3 (tr\u00eas) meses.&quot;<\/strong><\/p>\n<p>Dessa forma, pelo Direito ora exposto e pelos fatos articulados, ressaltando tamb\u00e9m o fato de que n\u00e3o se enquadra o requerente em nenhuma das ressalvas legais supra, requer a V. Exa. que seja concedida a liberdade provis\u00f3ria, sendo o requerente posto em liberdade de imediato, considerando os dispositivos legais que, como visto, o conferem tal direito.<br \/>\u00a0\u00a0\u00a0\u00a0\u00a0\u00a0\u00a0<br \/>\u00a0\u00a0\u00a0\u00a0\u00a0\u00a0\u00a0<\/p>\n<p>Termos em que,<\/p>\n<p>Pede Deferimento.<\/p>\n<p>CIDADE, 00, M\u00caS, ANO<\/p>\n<p><strong>ADVOGADO<\/strong><\/p>\n<p><strong>OAB N\u00ba<\/strong><a id=\"_Hlk19878861\"><\/a><\/p>\n<p><strong>MUDAN\u00c7AS DO PACOTE ANTI CRIME<\/strong><\/p>\n<p><strong>&#8211; LEG\u00cdTIMA DEFESA<\/strong><\/p>\n<p><strong>Foi estendida a agente de seguran\u00e7a p\u00fablica que repele agress\u00e3o ou risco de agress\u00e3o a v\u00edtima mantida ref\u00e9m.<\/strong><\/p>\n<p><strong>&#8211; TEMPO M\u00c1XIMO DE CUMPRIMENTO DE PENA<\/strong><\/p>\n<p><strong>A nova lei amplia o tempo m\u00e1ximo de cumprimento da pena para 40 anos. Penas cujo somat\u00f3rio superasse isso seriam unificadas em 40 anos.<\/strong><\/p>\n<p><strong>&#8211; N\u00c3O PERSECU\u00c7\u00c3O PENAL<\/strong><\/p>\n<p><strong>O grupo de trabalho aprovou texto proposto por Alexandre Moraes que define o acordo de n\u00e3o persecu\u00e7\u00e3o penal, aplicado a infra\u00e7\u00f5es penais sem viol\u00eancia e com pena m\u00ednima de quatro anos. Bolsonaro vetou que a n\u00e3o persecu\u00e7\u00e3o possa ocorrer nos casos de crimes de improbidade administrativa.<\/strong><\/p>\n<p><strong>&#8211; JUIZ DE GARANTIAS<\/strong><\/p>\n<p><strong>Deputados inclu\u00edram o juiz de garantias, que atua durante a fase de investiga\u00e7\u00e3o do processo at\u00e9 o oferecimento da den\u00fancia. Ele n\u00e3o julga. A ideia \u00e9 evitar acusa\u00e7\u00f5es de parcialidade.<\/strong><\/p>\n<p><strong>&#8211; PENA PARA L\u00cdDERES CRIMINOSOS<\/strong><\/p>\n<p><strong>L\u00edderes de fac\u00e7\u00f5es come\u00e7assem a cumprir pena em pris\u00f5es de seguran\u00e7a m\u00e1xima e proibiu progress\u00e3o ao preso que ainda tivesse v\u00ednculo com a organiza\u00e7\u00e3o;<\/strong><\/p>\n","protected":false},"featured_media":0,"parent":0,"menu_order":0,"template":"","meta":{"content-type":""},"categoria-modelo":[153],"class_list":["post-3004292","modelos-de-peticao","type-modelos-de-peticao","status-publish","hentry","categoria-modelo-penal"],"_links":{"self":[{"href":"https:\/\/easyjur.com\/blog\/wp-json\/wp\/v2\/modelos-de-peticao\/3004292","targetHints":{"allow":["GET"]}}],"collection":[{"href":"https:\/\/easyjur.com\/blog\/wp-json\/wp\/v2\/modelos-de-peticao"}],"about":[{"href":"https:\/\/easyjur.com\/blog\/wp-json\/wp\/v2\/types\/modelos-de-peticao"}],"wp:attachment":[{"href":"https:\/\/easyjur.com\/blog\/wp-json\/wp\/v2\/media?parent=3004292"}],"wp:term":[{"taxonomy":"categoria-modelo","embeddable":true,"href":"https:\/\/easyjur.com\/blog\/wp-json\/wp\/v2\/categoria-modelo?post=3004292"}],"curies":[{"name":"wp","href":"https:\/\/api.w.org\/{rel}","templated":true}]}}

[MODELO] Pedido de Liberdade Provisória  &#8211;  Nova Legislação Penal

<p><strong>AO DOUTO JUÍZO DE DIREITO DA 00ª VARA CRIMINAL DA COMARCA DE CIDADE/UF</strong>        <br />        <br />        <br />        <br />        <br />FULANO DE TAL, já devidamente qualificado nos autos do Processo-Crime nº 0000, que tramita perante esta Vara Criminal, encontrando-se recolhido à prisão preventiva no estabelecimento prisional TAL e à disposição da Justiça Pública, vem, respeitosamente, à presença de V. Exa., por seu advogado e bastante procurador que esta subscreve, com base no art. 321, II, do Código de Processo Penal, requerer a<br />       <br />        </p>
<p><strong>CONCESSÃO DE LIBERDADE PROVISÓRIA</strong></p>
<p>       <br />        <br />pelos fatos e fundamentos a seguir expostos:<br />        <br />        </p>
<p>O requerente, primário e de bons antecedentes, foi preso em flagrante no DIA/MÊS/ANO, em suposta atividade criminosa prevista no art. 00 do Código Penal.<br />        <br />        </p>
<p>No entanto, da breve e simples leitura do tipo penal previsto no estatuto repressivo constata-se que a pena máxima in abstrato, cominada, portanto, para o tipo em tela, é de 02 (dois) meses.<br />       <br />    </p>
<p>O art. 321 do Código de Processo Penal assim dispõe<br />       <br />    </p>
<p>   </p>
<p><strong>&quot;Art. 321. Ressalvado o disposto no art. 323, III e IV, o réu livrar-se-á solto, independentemente de fiança:<br /></strong></p>
<p><strong>(&#8230;)<br /></strong></p>
<p><strong>II &#8211; Quando o máximo da pena privativa de liberdade, isolada, cumulativa ou alternativamente cominada, não exceder a 3 (três) meses.&quot;</strong></p>
<p>Dessa forma, pelo Direito ora exposto e pelos fatos articulados, ressaltando também o fato de que não se enquadra o requerente em nenhuma das ressalvas legais supra, requer a V. Exa. que seja concedida a liberdade provisória, sendo o requerente posto em liberdade de imediato, considerando os dispositivos legais que, como visto, o conferem tal direito.<br />       <br />       </p>
<p>Termos em que,</p>
<p>Pede Deferimento.</p>
<p>CIDADE, 00, MÊS, ANO</p>
<p><strong>ADVOGADO</strong></p>
<p><strong>OAB Nº</strong><a id="_Hlk19878861"></a></p>
<p><strong>MUDANÇAS DO PACOTE ANTI CRIME</strong></p>
<p><strong>&#8211; LEGÍTIMA DEFESA</strong></p>
<p><strong>Foi estendida a agente de segurança pública que repele agressão ou risco de agressão a vítima mantida refém.</strong></p>
<p><strong>&#8211; TEMPO MÁXIMO DE CUMPRIMENTO DE PENA</strong></p>
<p><strong>A nova lei amplia o tempo máximo de cumprimento da pena para 40 anos. Penas cujo somatório superasse isso seriam unificadas em 40 anos.</strong></p>
<p><strong>&#8211; NÃO PERSECUÇÃO PENAL</strong></p>
<p><strong>O grupo de trabalho aprovou texto proposto por Alexandre Moraes que define o acordo de não persecução penal, aplicado a infrações penais sem violência e com pena mínima de quatro anos. Bolsonaro vetou que a não persecução possa ocorrer nos casos de crimes de improbidade administrativa.</strong></p>
<p><strong>&#8211; JUIZ DE GARANTIAS</strong></p>
<p><strong>Deputados incluíram o juiz de garantias, que atua durante a fase de investigação do processo até o oferecimento da denúncia. Ele não julga. A ideia é evitar acusações de parcialidade.</strong></p>
<p><strong>&#8211; PENA PARA LÍDERES CRIMINOSOS</strong></p>
<p><strong>Líderes de facções começassem a cumprir pena em prisões de segurança máxima e proibiu progressão ao preso que ainda tivesse vínculo com a organização;</strong></p>
