{"id":2982610,"date":"2024-04-25T18:55:38","date_gmt":"2024-04-25T18:55:38","guid":{"rendered":"https:\/\/easyjur.com\/blog\/?post_type=modelos-de-peticao&#038;p=3650"},"modified":"2024-04-25T18:55:38","modified_gmt":"2024-04-25T18:55:38","slug":"alegacoes-finais-indenizacao-por-acidente-de-transito","status":"publish","type":"modelos-de-peticao","link":"https:\/\/easyjur.com\/blog\/modelos-de-peticao\/alegacoes-finais-indenizacao-por-acidente-de-transito\/","title":{"rendered":"[MODELO] Alega\u00e7\u00f5es Finais  &#8211;  Indeniza\u00e7\u00e3o por Acidente de Tr\u00e2nsito"},"content":{"rendered":"<p><strong>ALEGA\u00c7\u00d5ES FINAIS &#8211; INDENIZA\u00c7\u00c3O POR ATO IL\u00cdCITO CAUSADO POR<\/strong> <strong>ACIDENTE DE TR\u00c2NSITO<\/strong> O Autor apresenta <strong>alega\u00e7\u00f5es finais<\/strong> em a\u00e7\u00e3o de indeniza\u00e7\u00e3o por ato il\u00edcito causado por acidente, refor\u00e7ando a alega\u00e7\u00e3o de culpa do <strong>preposto da R\u00e9<\/strong> por <strong>dire\u00e7\u00e3o imprudente<\/strong>, a qual ocasionou a <strong>morte da v\u00edtima<\/strong>, portanto, \u00e9 devida a indeniza\u00e7\u00e3o pleiteada pelo Autor. O Autor pleitea a presta\u00e7\u00e3o aliment\u00edcia, pois dependia economicamente do &quot;de cujus&quot; e ainda a indeniza\u00e7\u00e3o por dano moral.<\/p>\n<p><strong>EXMO. SR. DR. JUIZ DE DIREITO DA &#8230;.\u00aa VARA C\u00cdVEL DA COMARCA DE &#8230;.<\/strong><\/p>\n<p>AUTOS N\u00ba &#8230;.<\/p>\n<p>&#8230;&#8230;&#8230;&#8230;&#8230;&#8230;&#8230;&#8230;&#8230;&#8230;&#8230;&#8230;&#8230;&#8230;&#8230;&#8230;&#8230;&#8230;&#8230;, j\u00e1 qualificada nos autos supra, em <strong>A\u00c7\u00c3O DE INDENIZA\u00c7\u00c3O POR ATO IL\u00cdCITO CAUSADO POR<\/strong> <strong>ACIDENTE DE TR\u00c2NSITO,<\/strong> que move em face de &#8230;., por seu procurador infra-assinado, vem, com o devido respeito, \u00e0 presen\u00e7a de V. Exa., em aten\u00e7\u00e3o ao r. despacho de fls. &#8230;. e dentro do prazo legal apresentar suas:<\/p>\n<p><strong>ALEGA\u00c7\u00d5ES FINAIS<\/strong>, nos seguintes termos:<\/p>\n<p>1\u00ba &#8211; Restou provado, durante a instru\u00e7\u00e3o do processo, sem sobra de d\u00favidas, que o preposto da R\u00e9 agiu com imprud\u00eancia, porquanto deliberadamente adentrou a via preferencial, causando infelizmente a morte do &#8230;.<\/p>\n<p>2\u00ba &#8211; As testemunhas que prestaram depoimento, sem exce\u00e7\u00e3o, confirmaram a falta de prud\u00eancia do motorista do ve\u00edculo de propriedade da R\u00e9, se n\u00e3o vejamos:<\/p>\n<p>&#8230;&#8230;&#8230;&#8230;&#8230;&#8230;&#8230;&#8230;&#8230;&#8230;&#8230;&#8230;&#8230;.. (qualifica\u00e7\u00e3o), \u00e0s fls. &#8230;., afirma:<\/p>\n<p>&quot;Que existe placa de sinaliza\u00e7\u00e3o na Rua &#8230;. falando que a Rua&#8230;&#8230;\u00e9 preferencial&quot;&#8230;<\/p>\n<p>&quot;Que o caminh\u00e3o vinha em velocidade r\u00e1pida; que o caminh\u00e3o n\u00e3o parou na esquina da Rua &#8230;., passando reto invadindo a preferencial&quot;&#8230;<\/p>\n<p>&quot;Que mais tarde quando a v\u00edtima j\u00e1 estava socorrida, o motorista voltou ao local e deve ter reconhecido o depoente como uma das testemunhas e tentou explicar-lhe que n\u00e3o havia visto a placa de sinaliza\u00e7\u00e3o, porque uma \u00e1rvore o atrapalhava, por\u00e9m o depoente falou-lhe que pela velocidade e maneira que ele, motorista do caminh\u00e3o, estava conduzindo este ve\u00edculo, n\u00e3o poderia mesmo ver placa nenhuma. Que o depoente conhece o local onde est\u00e1 a placa e pode informar que a placa poderia ser vista&quot; (grifo nosso).<\/p>\n<p>&#8230;&#8230;&#8230;&#8230;&#8230;&#8230;&#8230;&#8230;.(qualifica\u00e7\u00e3o), testemunha arrolada pela r\u00e9, \u00e0s fls. &#8230;:<\/p>\n<p>&quot;que a Rua &#8230;. \u00e9 a preferencial&quot;&#8230;<\/p>\n<p>&quot;Que se o motorista prestasse a aten\u00e7\u00e3o no cruzamento, encontraria a mencionada placa de sinaliza\u00e7\u00e3o&quot;&#8230;<\/p>\n<p>&quot;Que acredita que o caminh\u00e3o veio meio embalado porque o trajeto que o mesmo fazia era um pequeno declive. Que o pr\u00f3prio motorista do caminh\u00e3o falou para o depoente que numa esquina anterior ele parou no cruzamento e os outros ve\u00edculos pararam para ele passar e que assim pensando que trafegava na preferencial conduziu o seu ve\u00edculo&quot;&#8230;<\/p>\n<p>&quot;Que acredita que esta placa de preferencial a qual n\u00e3o est\u00e1 t\u00e3o escondida assim, (grifo nosso) poderia ser vista&quot;&#8230;<\/p>\n<p>&quot;Que as tartarugas, colocadas no lado oposto do cruzamento, podem ser vistas por quem trafega fazendo o sentido que fazia o caminh\u00e3o&quot;&#8230;.<\/p>\n<p>&#8230;&#8230;&#8230;&#8230;&#8230;&#8230;&#8230;&#8230;&#8230;&#8230; (qualifica\u00e7\u00e3o) testemunha arrolada pela R\u00e9:<\/p>\n<p>&quot;Que o depoente \u00e9 empregado da requerida e na ocasi\u00e3o do evento encontrava-se com o motorista; que efetivamente o caminh\u00e3o da requerida atravessou a via preferencial n\u00e3o vendo a motocicleta que fora atingida&quot;&#8230;<\/p>\n<p>&quot;Que pela placa de sinaliza\u00e7\u00e3o a via preferencial era do motoqueiro&quot;&#8230;<\/p>\n<p> 3\u00ba &#8211; Evidenciado est\u00e1, Excel\u00eancia, pelos depoimentos acima, que o motorista da R\u00e9 foi o causador do acidente, pois de forma imprudente adentrou a preferencial, a qual estava guarnecida pela placa de sinaliza\u00e7\u00e3o.<\/p>\n<p>4\u00ba &#8211; O motorista com excesso de confian\u00e7a, pois na esquina anterior tinha como sua a via preferencial, em desaten\u00e7\u00e3o extrema, nem percebeu a placa, invadindo a pista por onde trafegava a v\u00edtima.<\/p>\n<p>5\u00ba &#8211; Por outro lado, o pr\u00f3prio policial que participou da elabora\u00e7\u00e3o do Croqui, sua testemunha, declara que o motorista da R\u00e9 adentrou a via preferencial, e que a placa n\u00e3o estava t\u00e3o escondida quanto alega a R\u00e9, e que poderia ser vista, configurando-se assim a responsabilidade da mesma.<\/p>\n<p>Art. 1521 do C\u00f3digo Civil:<\/p>\n<p>&quot;S\u00e3o tamb\u00e9m respons\u00e1veis pela repara\u00e7\u00e3o civil:<\/p>\n<p>III &#8211; O patr\u00e3o, amo ou comitente por seus empregados, servi\u00e7ais e prespostos, no exerc\u00edcio de trabalho que lhes competir, ou por ocasi\u00e3o dele.&quot;<\/p>\n<p>A culpa do patr\u00e3o \u00e9 presumida, como j\u00e1 consta de s\u00famula do STF:<\/p>\n<p>S\u00famula 341 &#8211; &quot;\u00c9 presumida a culpa do patr\u00e3o ou comitente pelo ato culposo do empregado ou preposto.&quot;<\/p>\n<p>Segundo a Jurisprud\u00eancia<\/p>\n<p>&quot;O propriet\u00e1rio de ve\u00edculo responde pelos atos culposos de terceiros, se a estes entregou livremente sua dire\u00e7\u00e3o sendo seu empregado ou n\u00e3o.  Responde materialmente pelos danos que este terceiro causar a outrem.&quot; (RT 450\/099; 455\/093).<\/p>\n<p>6\u00ba &#8211; Quanto as fotos acostadas aos autos, n\u00e3o podem ser consideradas, pois n\u00e3o trazem quaisquer especifica\u00e7\u00f5es t\u00e9cnicas, tais como:<\/p>\n<p>a) dist\u00e2ncia a que foram batidas;<\/p>\n<p>b) \u00e2ngulo;<\/p>\n<p>c) dia que o local foi fotografado.<\/p>\n<p>Sobre isto, portanto, pode pairar d\u00favidas, n\u00e3o retratando a realidade dos fatos.<\/p>\n<p>7\u00ba &#8211; Configurada est\u00e1 a culpa do motorista da R\u00e9, cabendo a esta efetuar a indeniza\u00e7\u00e3o material face ao seu ato il\u00edcito, nos termos da inicial.<\/p>\n<p>TJ Ac\u00f3rd\u00e3o n\u00ba 181<\/p>\n<p>&quot;Acordam os Juizes da Quarta C\u00e2mara C\u00edvel do Tribunal de Justi\u00e7a do Estado do Paran\u00e1, por unanimidade, em dar provimento em parte, a apela\u00e7\u00e3o, para que a liquida\u00e7\u00e3o se fa\u00e7a por arbitramento, considerando-se o limite de vida prov\u00e1vel da v\u00edtima em sessenta e cinco (65) anos, no mais mantida a decis\u00e3o.<\/p>\n<p>8\u00ba &#8211; Indubitavelmente, ao perder seu Pai, em tenra idade, o Autor sofrer\u00e1 as conseq\u00fc\u00eancias desta perda, atingindo-a psicologicamente a medida que adquire discernimento sobre a imprescind\u00edvel participa\u00e7\u00e3o do Pai na sua forma\u00e7\u00e3o, tendo como conseq\u00fc\u00eancia a indeniza\u00e7\u00e3o pelo dano moral.<\/p>\n<p>Segundo a doutrina:<\/p>\n<p>Aguiar Dias, sobre o dano moral, &quot;efeito n\u00e3o patrimonial da les\u00e3o &#8230;. abstratamente considerada, de Savatier (&quot;dano moral \u00e9 todo sofrimento humano&#8230;&quot;) e de Pontes de Miranda (&quot;nos danos morais a esfera \u00e9tica da pessoa (&#8230;) \u00e9 ofendida &#8230;. o dano n\u00e3o patrimonial atinge o credor como ser humano&quot;).  &#8211; Ign\u00e1cio de Arag\u00e3o &#8211; Juiz de Direito no Rio de Janeiro &#8211; COAD &#8211; Informativo Semanal 23\/93.<\/p>\n<p>Ressalta WILSON MELO DA SILVA, rastreando outros juristas, que &quot;a repara\u00e7\u00e3o do dano moral \u00e9 sinal da evolu\u00e7\u00e3o do direito, que vai afastando o materialismo grosseiro em contraposi\u00e7\u00e3o \u00e0s id\u00e9ias her\u00f3icas e idealistas, s\u00e3o elas \u00edndices de mais agudo sentimento de justi\u00e7a.&quot;<\/p>\n<p> &#8211; Dano Moral &#8211; Christino Almeida do Valle, Aide Editora, p. 87:<\/p>\n<p>\u00c9 imprescind\u00edvel ao magistrado, ao fixar a indeniza\u00e7\u00e3o, ter completo, se poss\u00edvel, conhecimento do comportamento do ofensor, antes e depois da ofensa moral, o que se constata do C\u00f3digo Nacional de Telecomunica\u00e7\u00f5es, in verbis:<\/p>\n<p>&quot;Na estima\u00e7\u00e3o do dano moral, o juiz ter\u00e1 em conta notadamente a posi\u00e7\u00e3o social ou pol\u00edtica do ofensor, a intensidade do \u00e2nimo de ofender, a gravidade e a repercuss\u00e3o da ofensa.&quot; Dano Moral Christino Almeida do Valle &#8211; Aide Editora p. 88.<\/p>\n<p>Diante ao exposto, requer:<\/p>\n<p>A proced\u00eancia da A\u00e7\u00e3o, com a condena\u00e7\u00e3o da requerida nos termos da inicial.<\/p>\n<p>Termos em que,<\/p>\n<p>P. Deferimento.<\/p>\n<p>&#8230;., &#8230;. de &#8230;. de &#8230;.<\/p>\n<p>&#8230;&#8230;&#8230;&#8230;&#8230;&#8230;<\/p>\n<p>Advogado OAB\/&#8230;<\/p>\n","protected":false},"featured_media":0,"parent":0,"menu_order":0,"template":"","meta":{"content-type":""},"categoria-modelo":[142],"class_list":["post-2982610","modelos-de-peticao","type-modelos-de-peticao","status-publish","hentry","categoria-modelo-civel"],"_links":{"self":[{"href":"https:\/\/easyjur.com\/blog\/wp-json\/wp\/v2\/modelos-de-peticao\/2982610","targetHints":{"allow":["GET"]}}],"collection":[{"href":"https:\/\/easyjur.com\/blog\/wp-json\/wp\/v2\/modelos-de-peticao"}],"about":[{"href":"https:\/\/easyjur.com\/blog\/wp-json\/wp\/v2\/types\/modelos-de-peticao"}],"wp:attachment":[{"href":"https:\/\/easyjur.com\/blog\/wp-json\/wp\/v2\/media?parent=2982610"}],"wp:term":[{"taxonomy":"categoria-modelo","embeddable":true,"href":"https:\/\/easyjur.com\/blog\/wp-json\/wp\/v2\/categoria-modelo?post=2982610"}],"curies":[{"name":"wp","href":"https:\/\/api.w.org\/{rel}","templated":true}]}}

[MODELO] Alegações Finais  &#8211;  Indenização por Acidente de Trânsito

<p><strong>ALEGAÇÕES FINAIS &#8211; INDENIZAÇÃO POR ATO ILÍCITO CAUSADO POR</strong> <strong>ACIDENTE DE TRÂNSITO</strong> O Autor apresenta <strong>alegações finais</strong> em ação de indenização por ato ilícito causado por acidente, reforçando a alegação de culpa do <strong>preposto da Ré</strong> por <strong>direção imprudente</strong>, a qual ocasionou a <strong>morte da vítima</strong>, portanto, é devida a indenização pleiteada pelo Autor. O Autor pleitea a prestação alimentícia, pois dependia economicamente do &quot;de cujus&quot; e ainda a indenização por dano moral.</p>
<p><strong>EXMO. SR. DR. JUIZ DE DIREITO DA &#8230;.ª VARA CÍVEL DA COMARCA DE &#8230;.</strong></p>
<p>AUTOS Nº &#8230;.</p>
<p>&#8230;&#8230;&#8230;&#8230;&#8230;&#8230;&#8230;&#8230;&#8230;&#8230;&#8230;&#8230;&#8230;&#8230;&#8230;&#8230;&#8230;&#8230;&#8230;, já qualificada nos autos supra, em <strong>AÇÃO DE INDENIZAÇÃO POR ATO ILÍCITO CAUSADO POR</strong> <strong>ACIDENTE DE TRÂNSITO,</strong> que move em face de &#8230;., por seu procurador infra-assinado, vem, com o devido respeito, à presença de V. Exa., em atenção ao r. despacho de fls. &#8230;. e dentro do prazo legal apresentar suas:</p>
<p><strong>ALEGAÇÕES FINAIS</strong>, nos seguintes termos:</p>
<p>1º &#8211; Restou provado, durante a instrução do processo, sem sobra de dúvidas, que o preposto da Ré agiu com imprudência, porquanto deliberadamente adentrou a via preferencial, causando infelizmente a morte do &#8230;.</p>
<p>2º &#8211; As testemunhas que prestaram depoimento, sem exceção, confirmaram a falta de prudência do motorista do veículo de propriedade da Ré, se não vejamos:</p>
<p>&#8230;&#8230;&#8230;&#8230;&#8230;&#8230;&#8230;&#8230;&#8230;&#8230;&#8230;&#8230;&#8230;.. (qualificação), às fls. &#8230;., afirma:</p>
<p>&quot;Que existe placa de sinalização na Rua &#8230;. falando que a Rua&#8230;&#8230;é preferencial&quot;&#8230;</p>
<p>&quot;Que o caminhão vinha em velocidade rápida; que o caminhão não parou na esquina da Rua &#8230;., passando reto invadindo a preferencial&quot;&#8230;</p>
<p>&quot;Que mais tarde quando a vítima já estava socorrida, o motorista voltou ao local e deve ter reconhecido o depoente como uma das testemunhas e tentou explicar-lhe que não havia visto a placa de sinalização, porque uma árvore o atrapalhava, porém o depoente falou-lhe que pela velocidade e maneira que ele, motorista do caminhão, estava conduzindo este veículo, não poderia mesmo ver placa nenhuma. Que o depoente conhece o local onde está a placa e pode informar que a placa poderia ser vista&quot; (grifo nosso).</p>
<p>&#8230;&#8230;&#8230;&#8230;&#8230;&#8230;&#8230;&#8230;.(qualificação), testemunha arrolada pela ré, às fls. &#8230;:</p>
<p>&quot;que a Rua &#8230;. é a preferencial&quot;&#8230;</p>
<p>&quot;Que se o motorista prestasse a atenção no cruzamento, encontraria a mencionada placa de sinalização&quot;&#8230;</p>
<p>&quot;Que acredita que o caminhão veio meio embalado porque o trajeto que o mesmo fazia era um pequeno declive. Que o próprio motorista do caminhão falou para o depoente que numa esquina anterior ele parou no cruzamento e os outros veículos pararam para ele passar e que assim pensando que trafegava na preferencial conduziu o seu veículo&quot;&#8230;</p>
<p>&quot;Que acredita que esta placa de preferencial a qual não está tão escondida assim, (grifo nosso) poderia ser vista&quot;&#8230;</p>
<p>&quot;Que as tartarugas, colocadas no lado oposto do cruzamento, podem ser vistas por quem trafega fazendo o sentido que fazia o caminhão&quot;&#8230;.</p>
<p>&#8230;&#8230;&#8230;&#8230;&#8230;&#8230;&#8230;&#8230;&#8230;&#8230; (qualificação) testemunha arrolada pela Ré:</p>
<p>&quot;Que o depoente é empregado da requerida e na ocasião do evento encontrava-se com o motorista; que efetivamente o caminhão da requerida atravessou a via preferencial não vendo a motocicleta que fora atingida&quot;&#8230;</p>
<p>&quot;Que pela placa de sinalização a via preferencial era do motoqueiro&quot;&#8230;</p>
<p> 3º &#8211; Evidenciado está, Excelência, pelos depoimentos acima, que o motorista da Ré foi o causador do acidente, pois de forma imprudente adentrou a preferencial, a qual estava guarnecida pela placa de sinalização.</p>
<p>4º &#8211; O motorista com excesso de confiança, pois na esquina anterior tinha como sua a via preferencial, em desatenção extrema, nem percebeu a placa, invadindo a pista por onde trafegava a vítima.</p>
<p>5º &#8211; Por outro lado, o próprio policial que participou da elaboração do Croqui, sua testemunha, declara que o motorista da Ré adentrou a via preferencial, e que a placa não estava tão escondida quanto alega a Ré, e que poderia ser vista, configurando-se assim a responsabilidade da mesma.</p>
<p>Art. 1521 do Código Civil:</p>
<p>&quot;São também responsáveis pela reparação civil:</p>
<p>III &#8211; O patrão, amo ou comitente por seus empregados, serviçais e prespostos, no exercício de trabalho que lhes competir, ou por ocasião dele.&quot;</p>
<p>A culpa do patrão é presumida, como já consta de súmula do STF:</p>
<p>Súmula 341 &#8211; &quot;É presumida a culpa do patrão ou comitente pelo ato culposo do empregado ou preposto.&quot;</p>
<p>Segundo a Jurisprudência</p>
<p>&quot;O proprietário de veículo responde pelos atos culposos de terceiros, se a estes entregou livremente sua direção sendo seu empregado ou não.  Responde materialmente pelos danos que este terceiro causar a outrem.&quot; (RT 450/099; 455/093).</p>
<p>6º &#8211; Quanto as fotos acostadas aos autos, não podem ser consideradas, pois não trazem quaisquer especificações técnicas, tais como:</p>
<p>a) distância a que foram batidas;</p>
<p>b) ângulo;</p>
<p>c) dia que o local foi fotografado.</p>
<p>Sobre isto, portanto, pode pairar dúvidas, não retratando a realidade dos fatos.</p>
<p>7º &#8211; Configurada está a culpa do motorista da Ré, cabendo a esta efetuar a indenização material face ao seu ato ilícito, nos termos da inicial.</p>
<p>TJ Acórdão nº 181</p>
<p>&quot;Acordam os Juizes da Quarta Câmara Cível do Tribunal de Justiça do Estado do Paraná, por unanimidade, em dar provimento em parte, a apelação, para que a liquidação se faça por arbitramento, considerando-se o limite de vida provável da vítima em sessenta e cinco (65) anos, no mais mantida a decisão.</p>
<p>8º &#8211; Indubitavelmente, ao perder seu Pai, em tenra idade, o Autor sofrerá as conseqüências desta perda, atingindo-a psicologicamente a medida que adquire discernimento sobre a imprescindível participação do Pai na sua formação, tendo como conseqüência a indenização pelo dano moral.</p>
<p>Segundo a doutrina:</p>
<p>Aguiar Dias, sobre o dano moral, &quot;efeito não patrimonial da lesão &#8230;. abstratamente considerada, de Savatier (&quot;dano moral é todo sofrimento humano&#8230;&quot;) e de Pontes de Miranda (&quot;nos danos morais a esfera ética da pessoa (&#8230;) é ofendida &#8230;. o dano não patrimonial atinge o credor como ser humano&quot;).  &#8211; Ignácio de Aragão &#8211; Juiz de Direito no Rio de Janeiro &#8211; COAD &#8211; Informativo Semanal 23/93.</p>
<p>Ressalta WILSON MELO DA SILVA, rastreando outros juristas, que &quot;a reparação do dano moral é sinal da evolução do direito, que vai afastando o materialismo grosseiro em contraposição às idéias heróicas e idealistas, são elas índices de mais agudo sentimento de justiça.&quot;</p>
<p> &#8211; Dano Moral &#8211; Christino Almeida do Valle, Aide Editora, p. 87:</p>
<p>É imprescindível ao magistrado, ao fixar a indenização, ter completo, se possível, conhecimento do comportamento do ofensor, antes e depois da ofensa moral, o que se constata do Código Nacional de Telecomunicações, in verbis:</p>
<p>&quot;Na estimação do dano moral, o juiz terá em conta notadamente a posição social ou política do ofensor, a intensidade do ânimo de ofender, a gravidade e a repercussão da ofensa.&quot; Dano Moral Christino Almeida do Valle &#8211; Aide Editora p. 88.</p>
<p>Diante ao exposto, requer:</p>
<p>A procedência da Ação, com a condenação da requerida nos termos da inicial.</p>
<p>Termos em que,</p>
<p>P. Deferimento.</p>
<p>&#8230;., &#8230;. de &#8230;. de &#8230;.</p>
<p>&#8230;&#8230;&#8230;&#8230;&#8230;&#8230;</p>
<p>Advogado OAB/&#8230;</p>
