{"id":2982082,"date":"2024-04-25T18:47:29","date_gmt":"2024-04-25T18:47:29","guid":{"rendered":"https:\/\/easyjur.com\/blog\/?post_type=modelos-de-peticao&#038;p=3650"},"modified":"2024-04-25T18:47:29","modified_gmt":"2024-04-25T18:47:29","slug":"razoes-de-agravada-indeferimento-denunciacao-a-lide","status":"publish","type":"modelos-de-peticao","link":"https:\/\/easyjur.com\/blog\/modelos-de-peticao\/razoes-de-agravada-indeferimento-denunciacao-a-lide\/","title":{"rendered":"[MODELO] Raz\u00f5es de Agravada  &#8211;  Indeferimento Denuncia\u00e7\u00e3o \u00e0 Lide"},"content":{"rendered":"<p><strong>EXMO. SR. DR. DESEMBARGADOR RELATOR DA &#8230;. C\u00c2MARA C\u00cdVEL DO TRIBUNAL DE JUSTI\u00c7A DA COMARCA&#8230;.<\/strong><\/p>\n<p>Agravo de Instrumento n.\u00ba <\/p>\n<p><strong>\t\t\t\t\tFULANO DE TAL<\/strong>, nos autos do Agravo de Instrumento que interp\u00f4s, atrav\u00e9s da Defensoria P\u00fablica, apresentar a V.Exa. suas  <strong>RAZ\u00d5ES DE AGRAVADA<\/strong>, na forma que segue em anexo, \u00e0s quais requer a juntada, para que produzam seus devidos e legais efeitos.<\/p>\n<p>\t\t\t\t\tNestes Termos,<\/p>\n<p>\t\t\t\t         Pede Deferimento.<\/p>\n<\/p>\n<p>\t\t\t\t\tLocal e data.<\/p>\n<p>ADVOGADO<\/p>\n<p>OAB<\/p>\n<\/p>\n<p>Agravante:     <\/p>\n<p>Agravada :    <\/p>\n<p>Processo  :      <\/p>\n<p>Origem    :      <\/p>\n<p>A\u00e7\u00e3o de Rito Ordin\u00e1rio de Responsabilidade Civil<\/p>\n<p>\t\t\tRaz\u00f5es de Agravada.<\/p>\n<p>\t\t\tEgr\u00e9gio Tribunal de Justi\u00e7a,<\/p>\n<p>\t\t\tColenda C\u00e2mara C\u00edvel.<\/p>\n<p>\t\t\t\t\tTrata-se de a\u00e7\u00e3o de indeniza\u00e7\u00e3o, por erro m\u00e9dico, proposta pela ora Agravada em face de &#8230;.. . Citadas, as R\u00e9s apresentaram suas defesas, ambas com denuncia\u00e7\u00e3o \u00e0 lide da m\u00e9dica profissional que atendeu a Autora, objetivando garantir o ressarcimento. A referida a\u00e7\u00e3o de indeniza\u00e7\u00e3o tramita na &#8230;. Vara C\u00edvel da Comarca da Capital do Estado de processo n.\u00ba <\/p>\n<p>\t\t\t\t\tO MM.Ju\u00edzo daquele \u00f3rg\u00e3o entendeu indeferir as denuncia\u00e7\u00f5es \u00e0 lide: 125<\/p>\n<p>\t\u201c<em>Indefiro ambas as denuncia\u00e7\u00f5es \u00e0 lide, por n\u00e3o estarem presentes quaisquer hip\u00f3teses do art 125<\/em><\/p>\n<p><em>\tA imputa\u00e7\u00e3o de responsabilidade \u00e0 terceiro n\u00e3o projeta direito.\u201d<\/em><\/p>\n<p>\t\t\t\t\tDa r. decis\u00e3o, interp\u00f4s a primeira R\u00e9 o presente recurso de Agravo de Instrumento. Diz que <em>\u201c&#8230; o MM. Ju\u00edzo laborou em manifesto equ\u00edvoco ao indeferir a denuncia\u00e7\u00e3o \u00e0 lide, para determinar a cita\u00e7\u00e3o da m\u00e9dica Clara Paula Galati, para que venha integrar o p\u00f3lo passivo da presente a\u00e7\u00e3o.<\/em>\u201d <\/p>\n<p>\t\t\t\t\tFundamenta o recurso de acordo com o seguinte <em>\u201c&#8230; os danos sofridos pela agravada e seu filho, est\u00e3o diretamente ligados ao procedimento cir\u00fargico  realizado pela m\u00e9dica Clara Paula Galati, onde as decis\u00f5es<\/em> <em>relacionadas ao procedimentos m\u00e9dicos realizados na autora e seu filho, somente poderiam ter sido objeto de decis\u00e3o da citada m\u00e9dica, devendo a mesma ser responsabilizada integralmente por supostos danos sofridos pela Agravada.\u201d<\/em>  <\/p>\n<p>\t\t\t\t\tEntende-se dos fundamentos do recurso que a Agravante pretende ver garantido, ainda na a\u00e7\u00e3o de indeniza\u00e7\u00e3o, cuja exerc\u00edcio prendeu-se \u00e0 vontade da Autora, o <strong>seu<\/strong> direito de regresso, provando que a responsabilidade pelos ressarcimentos pleiteados \u00e9  exclusivamente da denunciada. <\/p>\n<p>\t\t\t\t\tA responsabilidade civil objetiva fundada na teoria do risco, conforme o art. 14 da Lei 8078\/90, o C\u00f3digo de Defesa do Consumidor, n\u00e3o suporta escusa sob alega\u00e7\u00e3o de culpa de terceiro, como se sabe. Por outro lado, a norma inserta no inciso II do art. 70 do C\u00f3digo de Processo Civil, tamb\u00e9m n\u00e3o foi criada para garantir o direito de regresso daquele que \u00e9 responsabilizado legalmente pela repara\u00e7\u00e3o de danos.<\/p>\n<\/p>\n<p>\t\t\t\t\tPortanto, agiu acertadamente o Mm. Ju\u00edzo <em>a quo<\/em> quando indeferiu a denuncia\u00e7\u00e3o da lide. Sen\u00e3o, vejamos:\t<\/p>\n<p>\t\t\t\tDenuncia\u00e7\u00e3o da lide \u00e9 a\u00e7\u00e3o secund\u00e1ria, de natureza condenat\u00f3ria, ajuizada no curso de outra a\u00e7\u00e3o condenat\u00f3ria principal. Segundo <strong>Nelson Nery Junior<\/strong> e <strong>Rosa Maria Andrade Nery<sup><a href=\"#footnote-2\" id=\"footnote-ref-2\">[1]<\/a><\/sup><\/strong> A denuncia\u00e7\u00e3o da lide tem por finalidade o ajuizamento, pelo denunciante, de pretens\u00e3o indenizat\u00f3ria que tem contra terceiro, nas hip\u00f3teses do CPC 70, caso venha ele, denunciante, a perder a demanda principal.\t<\/p>\n<p>\t\t\t\tEnsinam, ainda, os citados doutrinadores que a denuncia\u00e7\u00e3o, na hip\u00f3tese do CPC 70, III, <strong>restringe-se \u00e0s a\u00e7\u00f5es de garantia<\/strong>, ou seja, \u00e0quelas em que se discute a obriga\u00e7\u00e3o legal ou contratual do denunciado em garantir o resultado da demanda, indenizando o garantido em caso de derrota. \u00c9 o caso, por exemplo de denuncia\u00e7\u00e3o da lide \u00e0 seguradora do r\u00e9u.<\/p>\n<p>\t\t\t\tDa\u00ed n\u00e3o ser admiss\u00edvel a denuncia\u00e7\u00e3o da lide, quando nela se introduzir fundamento novo, estranho \u00e0 lide principal. No caso <em>in comento<\/em> pretende a Agravante discutir na a\u00e7\u00e3o de indeniza\u00e7\u00e3o proposta pela Autora, sob fundamento da responsabilidade  civil objetiva, a responsabilidade do profissional que estaria fundada no art. 159 do C\u00f3digo Civil (teoria da culpa), isto \u00e9,  cria nova demanda que nada tem a ver com o direito da Autora.<\/p>\n<p>\t\t\t\tConforme ainda os citados juristas, exemplo dessa inadmissibilidade \u00e9 a denuncia da lide, pela administra\u00e7\u00e3o, ao funcion\u00e1rio que agiu com dolo ou culpa (responsabilidade subjetiva), quando a denunciante \u00e9 demandada pelo risco administrativo (responsabilidade  objetiva). O CPC trata de hip\u00f3tese de garantia pr\u00f3pria. O <strong>direito de regresso n\u00e3o enseja a denuncia\u00e7\u00e3o da lide<\/strong>, sob pena de ofenderem-se os princ\u00edpios da celeridade e economia processual. Para garantir o direito de regresso o titular do direito poder\u00e1 ajuizar a\u00e7\u00e3o aut\u00f4noma deduzindo sua pretens\u00e3o decorrente de sua liga\u00e7\u00e3o com o respons\u00e1vel pelo preju\u00edzo.<\/p>\n<p>\t\t\t\tFinalmente, deve-se entender, para efeitos do art.70, inciso III do CPC, que direito de regresso \u00e9 aquele fundado em <strong>garantia pr\u00f3pria<\/strong>, isto \u00e9, quando o denunciado dever\u00e1 ressarcir o denunciante.<\/p>\n<p>\t\t\t\tN\u00e3o \u00e9 o caso dos autos.<\/p>\n<p>\t\t\t\tPor isso, espera a Agravada, seja improvido o presente recurso de Agravo de Instrumento, mantendo-se a acertada decis\u00e3o do MM. Ju\u00edzo <em>a quo<\/em>, da 8\u00aa Vara C\u00edvel da Capital.<\/p>\n<\/p>\n<p>\t\t\tNestes Termos<\/p>\n<p>\t\t\tPede diferimento<\/p>\n<p>\t\t\tLocal e data.<\/p>\n<p>ADVOGADO<\/p>\n<p>OAB\/<\/p>\n<ol>\n<li id=\"footnote-2\">\n<p> <em>in<\/em> C\u00f3digo de Processo Civil Comentado, 3\u00ba edi\u00e7\u00e3o da Editora Revista dos Tribunais, S\u00e3o Paulo, 1997,p\u00e1gs. 348. <a href=\"#footnote-ref-2\">\u2191<\/a><\/p>\n<\/li>\n<\/ol>\n","protected":false},"featured_media":0,"parent":0,"menu_order":0,"template":"","meta":{"content-type":""},"categoria-modelo":[142],"class_list":["post-2982082","modelos-de-peticao","type-modelos-de-peticao","status-publish","hentry","categoria-modelo-civel"],"_links":{"self":[{"href":"https:\/\/easyjur.com\/blog\/wp-json\/wp\/v2\/modelos-de-peticao\/2982082","targetHints":{"allow":["GET"]}}],"collection":[{"href":"https:\/\/easyjur.com\/blog\/wp-json\/wp\/v2\/modelos-de-peticao"}],"about":[{"href":"https:\/\/easyjur.com\/blog\/wp-json\/wp\/v2\/types\/modelos-de-peticao"}],"wp:attachment":[{"href":"https:\/\/easyjur.com\/blog\/wp-json\/wp\/v2\/media?parent=2982082"}],"wp:term":[{"taxonomy":"categoria-modelo","embeddable":true,"href":"https:\/\/easyjur.com\/blog\/wp-json\/wp\/v2\/categoria-modelo?post=2982082"}],"curies":[{"name":"wp","href":"https:\/\/api.w.org\/{rel}","templated":true}]}}

[MODELO] Razões de Agravada  &#8211;  Indeferimento Denunciação à Lide

<p><strong>EXMO. SR. DR. DESEMBARGADOR RELATOR DA &#8230;. CÂMARA CÍVEL DO TRIBUNAL DE JUSTIÇA DA COMARCA&#8230;.</strong></p>
<p>Agravo de Instrumento n.º </p>
<p><strong>					FULANO DE TAL</strong>, nos autos do Agravo de Instrumento que interpôs, através da Defensoria Pública, apresentar a V.Exa. suas  <strong>RAZÕES DE AGRAVADA</strong>, na forma que segue em anexo, às quais requer a juntada, para que produzam seus devidos e legais efeitos.</p>
<p>					Nestes Termos,</p>
<p>				         Pede Deferimento.</p>
</p>
<p>					Local e data.</p>
<p>ADVOGADO</p>
<p>OAB</p>
</p>
<p>Agravante:     </p>
<p>Agravada :    </p>
<p>Processo  :      </p>
<p>Origem    :      </p>
<p>Ação de Rito Ordinário de Responsabilidade Civil</p>
<p>			Razões de Agravada.</p>
<p>			Egrégio Tribunal de Justiça,</p>
<p>			Colenda Câmara Cível.</p>
<p>					Trata-se de ação de indenização, por erro médico, proposta pela ora Agravada em face de &#8230;.. . Citadas, as Rés apresentaram suas defesas, ambas com denunciação à lide da médica profissional que atendeu a Autora, objetivando garantir o ressarcimento. A referida ação de indenização tramita na &#8230;. Vara Cível da Comarca da Capital do Estado de processo n.º </p>
<p>					O MM.Juízo daquele órgão entendeu indeferir as denunciações à lide: 125</p>
<p>	“<em>Indefiro ambas as denunciações à lide, por não estarem presentes quaisquer hipóteses do art 125</em></p>
<p><em>	A imputação de responsabilidade à terceiro não projeta direito.”</em></p>
<p>					Da r. decisão, interpôs a primeira Ré o presente recurso de Agravo de Instrumento. Diz que <em>“&#8230; o MM. Juízo laborou em manifesto equívoco ao indeferir a denunciação à lide, para determinar a citação da médica Clara Paula Galati, para que venha integrar o pólo passivo da presente ação.</em>” </p>
<p>					Fundamenta o recurso de acordo com o seguinte <em>“&#8230; os danos sofridos pela agravada e seu filho, estão diretamente ligados ao procedimento cirúrgico  realizado pela médica Clara Paula Galati, onde as decisões</em> <em>relacionadas ao procedimentos médicos realizados na autora e seu filho, somente poderiam ter sido objeto de decisão da citada médica, devendo a mesma ser responsabilizada integralmente por supostos danos sofridos pela Agravada.”</em>  </p>
<p>					Entende-se dos fundamentos do recurso que a Agravante pretende ver garantido, ainda na ação de indenização, cuja exercício prendeu-se à vontade da Autora, o <strong>seu</strong> direito de regresso, provando que a responsabilidade pelos ressarcimentos pleiteados é  exclusivamente da denunciada. </p>
<p>					A responsabilidade civil objetiva fundada na teoria do risco, conforme o art. 14 da Lei 8078/90, o Código de Defesa do Consumidor, não suporta escusa sob alegação de culpa de terceiro, como se sabe. Por outro lado, a norma inserta no inciso II do art. 70 do Código de Processo Civil, também não foi criada para garantir o direito de regresso daquele que é responsabilizado legalmente pela reparação de danos.</p>
</p>
<p>					Portanto, agiu acertadamente o Mm. Juízo <em>a quo</em> quando indeferiu a denunciação da lide. Senão, vejamos:	</p>
<p>				Denunciação da lide é ação secundária, de natureza condenatória, ajuizada no curso de outra ação condenatória principal. Segundo <strong>Nelson Nery Junior</strong> e <strong>Rosa Maria Andrade Nery<sup><a href="#footnote-2" id="footnote-ref-2">[1]</a></sup></strong> A denunciação da lide tem por finalidade o ajuizamento, pelo denunciante, de pretensão indenizatória que tem contra terceiro, nas hipóteses do CPC 70, caso venha ele, denunciante, a perder a demanda principal.	</p>
<p>				Ensinam, ainda, os citados doutrinadores que a denunciação, na hipótese do CPC 70, III, <strong>restringe-se às ações de garantia</strong>, ou seja, àquelas em que se discute a obrigação legal ou contratual do denunciado em garantir o resultado da demanda, indenizando o garantido em caso de derrota. É o caso, por exemplo de denunciação da lide à seguradora do réu.</p>
<p>				Daí não ser admissível a denunciação da lide, quando nela se introduzir fundamento novo, estranho à lide principal. No caso <em>in comento</em> pretende a Agravante discutir na ação de indenização proposta pela Autora, sob fundamento da responsabilidade  civil objetiva, a responsabilidade do profissional que estaria fundada no art. 159 do Código Civil (teoria da culpa), isto é,  cria nova demanda que nada tem a ver com o direito da Autora.</p>
<p>				Conforme ainda os citados juristas, exemplo dessa inadmissibilidade é a denuncia da lide, pela administração, ao funcionário que agiu com dolo ou culpa (responsabilidade subjetiva), quando a denunciante é demandada pelo risco administrativo (responsabilidade  objetiva). O CPC trata de hipótese de garantia própria. O <strong>direito de regresso não enseja a denunciação da lide</strong>, sob pena de ofenderem-se os princípios da celeridade e economia processual. Para garantir o direito de regresso o titular do direito poderá ajuizar ação autônoma deduzindo sua pretensão decorrente de sua ligação com o responsável pelo prejuízo.</p>
<p>				Finalmente, deve-se entender, para efeitos do art.70, inciso III do CPC, que direito de regresso é aquele fundado em <strong>garantia própria</strong>, isto é, quando o denunciado deverá ressarcir o denunciante.</p>
<p>				Não é o caso dos autos.</p>
<p>				Por isso, espera a Agravada, seja improvido o presente recurso de Agravo de Instrumento, mantendo-se a acertada decisão do MM. Juízo <em>a quo</em>, da 8ª Vara Cível da Capital.</p>
</p>
<p>			Nestes Termos</p>
<p>			Pede diferimento</p>
<p>			Local e data.</p>
<p>ADVOGADO</p>
<p>OAB/</p>
<ol>
<li id="footnote-2">
<p> <em>in</em> Código de Processo Civil Comentado, 3º edição da Editora Revista dos Tribunais, São Paulo, 1997,págs. 348. <a href="#footnote-ref-2">↑</a></p>
</li>
</ol>
