{"id":2976532,"date":"2024-04-25T16:27:59","date_gmt":"2024-04-25T16:27:59","guid":{"rendered":"https:\/\/easyjur.com\/blog\/?post_type=modelos-de-peticao&#038;p=3650"},"modified":"2024-04-25T16:27:59","modified_gmt":"2024-04-25T16:27:59","slug":"recurso-por-indeferimento-de-auxilio-doenca-por-acidente-de-trabalho","status":"publish","type":"modelos-de-peticao","link":"https:\/\/easyjur.com\/blog\/modelos-de-peticao\/recurso-por-indeferimento-de-auxilio-doenca-por-acidente-de-trabalho\/","title":{"rendered":"[MODELO] Recurso por indeferimento de aux\u00edlio &#8211; doen\u00e7a por acidente de trabalho"},"content":{"rendered":"<p><strong><em>EXMO(A) SR(A) DR.(A) JUIZ(A) FEDERAL DA __________________________<\/em><\/strong><\/p>\n<p>PROCESSO __________<\/p>\n<p>_____________, qualificado nos autos, n\u00e3o se conformando com o INDEFERIMENTO DO PEDIDO DE AUX\u00cdLIO DOEN\u00c7A &#8211; ACIDENTE DO TRABALHO, em decis\u00e3o proferida no processo de benef\u00edcio n\u00ba &#8230;., v\u00eam, atrav\u00e9s deste, RECORRER dessa decis\u00e3o, pelas raz\u00f5es que a seguir exp\u00f5e:<\/p>\n<p>Na data de &#8230;\/&#8230;\/&#8230; o requerente entrou com um pedido de aux\u00edlio-doen\u00e7a acidente de trabalho o qual foi indeferido em &#8230;\/&#8230;\/&#8230; A decis\u00e3o fundamentou-se na FALTA DE NEXO CAUSAL ENTRE ACIDENTE E TRABALHO, onde a per\u00edcia m\u00e9dica n\u00e3o deu nexo entre doen\u00e7a e acidente de trabalho, N\u00c3O considerando o requerente incapacitado para o trabalho.<\/p>\n<p>O requerente trabalhava na empresa &#8230;., prestando servi\u00e7os \u00e0 Prefeitura de &#8230;. Seu trabalho consistia na limpeza e conserva\u00e7\u00e3o das ruas e pra\u00e7as da cidade.<\/p>\n<p>Na data de &#8230;\/&#8230;\/&#8230;, quando operava a m\u00e1quina ro\u00e7adeira &#8211; que serve para cortar grama e podar pequenos arbustos &#8211; a mesma arremessou uma pequena pedra que atingiu seu olho esquerdo, conforme registra a Comunica\u00e7\u00e3o de Acidente de Trabalho- CAT, e o relat\u00f3rio de investiga\u00e7\u00e3o do acidente de trabalho, elaborado pelo Dr. &#8230;., m\u00e9dico do trabalho e fiscal do SSST\/PR:<\/p>\n<p>&quot;O Sr. &#8230;. foi contratado na data de &#8230;\/&#8230;\/&#8230;, pela empresa &#8230;. para exercer a fun\u00e7\u00e3o de servente.<\/p>\n<p>O acidente, que vitimou o Sr. &#8230;., ocorreu quando a empresa em quest\u00e3o prestava servi\u00e7os \u00e0 Prefeitura Municipal de &#8230;. Na ocasi\u00e3o, o funcion\u00e1rio utilizava uma moto-ro\u00e7adeira, equipamento de trabalho individual, provido de motor e destinado a ro\u00e7ar o mato. O servi\u00e7o estava sendo executado no bairro do &#8230;., pr\u00f3ximo a um ponto de \u00f4nibus, \u00e0s 10 horas da manh\u00e3, quando a l\u00e2mina da m\u00e1quina arremessou uma pedra, que se achava em meio ao mato ro\u00e7ado, de encontro ao olho esquerdo do citado funcion\u00e1rio. Foi socorrido e encaminhado a Hospital &#8230;. para atendimento, Resultou como seq\u00fcela a cegueira do olho esquerdo.&quot;<\/p>\n<p>Segundo  artigo 131 do Decreto 2.172, que aprova o Regulamento dos benef\u00edcios da Previd\u00eancia Social:<\/p>\n<p>&quot;acidente de trabalho \u00e9 o que ocorre pelo exerc\u00edcio do trabalho a servi\u00e7o da empresa, ou ainda pelo exerc\u00edcio dos segurados especiais, provocando les\u00e3o corporal ou perturba\u00e7\u00e3o funcional que cause a morte, a perda ou a redu\u00e7\u00e3o da capacidade para o trabalho, permanente ou tempor\u00e1ria.&quot; <\/p>\n<p>\u00c9 evidente que com a perda da vis\u00e3o do olho esquerdo, a capacidade laborativa do requerente foi reduzida e o mesmo ter\u00e1 que fazer um esfor\u00e7o maior para realizar suas atividades.<\/p>\n<p>No mesmo sentido disp\u00f5e o artigo 152 do mesmo Decreto:<\/p>\n<p>&quot;aux\u00edlio-acidente&quot; ser\u00e1 concedido, como indeniza\u00e7\u00e3o, ao segurado quando ap\u00f3s a consolida\u00e7\u00e3o das les\u00f5es decorrentes de acidente de qualquer natureza ou acidente de trabalho, resultar seq\u00fcela definitiva que impliquem:<\/p>\n<\/p>\n<p>I &#8211; redu\u00e7\u00e3o da capacidade laborativa;<\/p>\n<p>II &#8211; redu\u00e7\u00e3o da capacidade laborativa que exija maior esfor\u00e7o para o desempenho da mesma atividade que exercia \u00e0 \u00e9poca do acidente.&quot; <\/p>\n<p>Ademais, n\u00e3o foi o requerente enquadrado no que diz o Quadro n\u00ba 1 do aparelho visual, que disp\u00f5e sobre as situa\u00e7\u00f5es que d\u00e3o direito ao aux\u00edlio-acidente, com vistas a averiguar sua acuidade visual.<\/p>\n<p>Salienta ainda, a jurisprud\u00eancia existente, justificando a concess\u00e3o do benef\u00edcio:<\/p>\n<p>ACIDENTE DO TRABALHO- VIS\u00c3O MONOCULAR-AUX\u00cdLIO-ACIDENTE- ADMISSIBILIDADE.<\/p>\n<p>&quot;A perda da vis\u00e3o de um olho imp\u00f5e a obreiro vis\u00e3o monocular, acarretando a redu\u00e7\u00e3o da capacidade laboral e conseq\u00fcente afastamento das atividades, justificando a concess\u00e3o de aux\u00edlio acidente.&quot; (AP 277.311  8\u00aa C\u00e2mara de S\u00e3o Paulo.)<\/p>\n<p>Assim, requer que seja concedido o benef\u00edcio do aux\u00edlio-acidente, anexando c\u00f3pias dos exames m\u00e9dicos, CAT e do relat\u00f3rio do acidente de trabalho.<\/p>\n<p>\t\t\t\tN. Termos,<\/p>\n<p>\t\t\t\tP.E. deferimento. <\/p>\n<p>\t\t\t\t_____________, _____\/________\/ 200__<\/p>\n<p>\t\t\t\t__________________________<\/p>\n<p>\t\t\t\tAdv.<\/p>\n","protected":false},"featured_media":0,"parent":0,"menu_order":0,"template":"","meta":{"content-type":""},"categoria-modelo":[154],"class_list":["post-2976532","modelos-de-peticao","type-modelos-de-peticao","status-publish","hentry","categoria-modelo-previdenciario"],"_links":{"self":[{"href":"https:\/\/easyjur.com\/blog\/wp-json\/wp\/v2\/modelos-de-peticao\/2976532","targetHints":{"allow":["GET"]}}],"collection":[{"href":"https:\/\/easyjur.com\/blog\/wp-json\/wp\/v2\/modelos-de-peticao"}],"about":[{"href":"https:\/\/easyjur.com\/blog\/wp-json\/wp\/v2\/types\/modelos-de-peticao"}],"wp:attachment":[{"href":"https:\/\/easyjur.com\/blog\/wp-json\/wp\/v2\/media?parent=2976532"}],"wp:term":[{"taxonomy":"categoria-modelo","embeddable":true,"href":"https:\/\/easyjur.com\/blog\/wp-json\/wp\/v2\/categoria-modelo?post=2976532"}],"curies":[{"name":"wp","href":"https:\/\/api.w.org\/{rel}","templated":true}]}}

[MODELO] Recurso por indeferimento de auxílio &#8211; doença por acidente de trabalho

<p><strong><em>EXMO(A) SR(A) DR.(A) JUIZ(A) FEDERAL DA __________________________</em></strong></p>
<p>PROCESSO __________</p>
<p>_____________, qualificado nos autos, não se conformando com o INDEFERIMENTO DO PEDIDO DE AUXÍLIO DOENÇA &#8211; ACIDENTE DO TRABALHO, em decisão proferida no processo de benefício nº &#8230;., vêm, através deste, RECORRER dessa decisão, pelas razões que a seguir expõe:</p>
<p>Na data de &#8230;/&#8230;/&#8230; o requerente entrou com um pedido de auxílio-doença acidente de trabalho o qual foi indeferido em &#8230;/&#8230;/&#8230; A decisão fundamentou-se na FALTA DE NEXO CAUSAL ENTRE ACIDENTE E TRABALHO, onde a perícia médica não deu nexo entre doença e acidente de trabalho, NÃO considerando o requerente incapacitado para o trabalho.</p>
<p>O requerente trabalhava na empresa &#8230;., prestando serviços à Prefeitura de &#8230;. Seu trabalho consistia na limpeza e conservação das ruas e praças da cidade.</p>
<p>Na data de &#8230;/&#8230;/&#8230;, quando operava a máquina roçadeira &#8211; que serve para cortar grama e podar pequenos arbustos &#8211; a mesma arremessou uma pequena pedra que atingiu seu olho esquerdo, conforme registra a Comunicação de Acidente de Trabalho- CAT, e o relatório de investigação do acidente de trabalho, elaborado pelo Dr. &#8230;., médico do trabalho e fiscal do SSST/PR:</p>
<p>&quot;O Sr. &#8230;. foi contratado na data de &#8230;/&#8230;/&#8230;, pela empresa &#8230;. para exercer a função de servente.</p>
<p>O acidente, que vitimou o Sr. &#8230;., ocorreu quando a empresa em questão prestava serviços à Prefeitura Municipal de &#8230;. Na ocasião, o funcionário utilizava uma moto-roçadeira, equipamento de trabalho individual, provido de motor e destinado a roçar o mato. O serviço estava sendo executado no bairro do &#8230;., próximo a um ponto de ônibus, às 10 horas da manhã, quando a lâmina da máquina arremessou uma pedra, que se achava em meio ao mato roçado, de encontro ao olho esquerdo do citado funcionário. Foi socorrido e encaminhado a Hospital &#8230;. para atendimento, Resultou como seqüela a cegueira do olho esquerdo.&quot;</p>
<p>Segundo  artigo 131 do Decreto 2.172, que aprova o Regulamento dos benefícios da Previdência Social:</p>
<p>&quot;acidente de trabalho é o que ocorre pelo exercício do trabalho a serviço da empresa, ou ainda pelo exercício dos segurados especiais, provocando lesão corporal ou perturbação funcional que cause a morte, a perda ou a redução da capacidade para o trabalho, permanente ou temporária.&quot; </p>
<p>É evidente que com a perda da visão do olho esquerdo, a capacidade laborativa do requerente foi reduzida e o mesmo terá que fazer um esforço maior para realizar suas atividades.</p>
<p>No mesmo sentido dispõe o artigo 152 do mesmo Decreto:</p>
<p>&quot;auxílio-acidente&quot; será concedido, como indenização, ao segurado quando após a consolidação das lesões decorrentes de acidente de qualquer natureza ou acidente de trabalho, resultar seqüela definitiva que impliquem:</p>
</p>
<p>I &#8211; redução da capacidade laborativa;</p>
<p>II &#8211; redução da capacidade laborativa que exija maior esforço para o desempenho da mesma atividade que exercia à época do acidente.&quot; </p>
<p>Ademais, não foi o requerente enquadrado no que diz o Quadro nº 1 do aparelho visual, que dispõe sobre as situações que dão direito ao auxílio-acidente, com vistas a averiguar sua acuidade visual.</p>
<p>Salienta ainda, a jurisprudência existente, justificando a concessão do benefício:</p>
<p>ACIDENTE DO TRABALHO- VISÃO MONOCULAR-AUXÍLIO-ACIDENTE- ADMISSIBILIDADE.</p>
<p>&quot;A perda da visão de um olho impõe a obreiro visão monocular, acarretando a redução da capacidade laboral e conseqüente afastamento das atividades, justificando a concessão de auxílio acidente.&quot; (AP 277.311  8ª Câmara de São Paulo.)</p>
<p>Assim, requer que seja concedido o benefício do auxílio-acidente, anexando cópias dos exames médicos, CAT e do relatório do acidente de trabalho.</p>
<p>				N. Termos,</p>
<p>				P.E. deferimento. </p>
<p>				_____________, _____/________/ 200__</p>
<p>				__________________________</p>
<p>				Adv.</p>
