{"id":2976177,"date":"2024-04-25T16:21:41","date_gmt":"2024-04-25T16:21:41","guid":{"rendered":"https:\/\/easyjur.com\/blog\/?post_type=modelos-de-peticao&#038;p=3650"},"modified":"2024-06-06T13:34:57","modified_gmt":"2024-06-06T16:34:57","slug":"pedido-de-tutela-com-antecipacao-netos-avo-oficiosa","status":"publish","type":"modelos-de-peticao","link":"https:\/\/easyjur.com\/blog\/modelos-de-peticao\/pedido-de-tutela-com-antecipacao-netos-avo-oficiosa\/","title":{"rendered":"[MODELO] Pedido de Tutela com Antecipa\u00e7\u00e3o  &#8211;  Netos | Av\u00f3 oficiosa"},"content":{"rendered":"<p>EXCELENT\u00cdSSIMO SENHOR DOUTOR JUIZ DE DIREITO DA __ VARA DE FAM\u00cdLIA E SUCESS\u00d5ES DA COMARCA DE CIDADE-UF.<\/p>\n<p><strong><em>COM PEDIDO DE TRAMITA\u00c7\u00c3O PREFERENCIAL<\/em><\/strong><\/p>\n<p>NOME DA PARTE, qualifica\u00e7\u00e3o completa, por seus procuradores abaixo firmados, vem \u00e0 presen\u00e7a de Vossa Excel\u00eancia propor<\/p>\n<p><strong>A\u00c7\u00c3O DE TUTELA<\/strong> <strong>COM PEDIDO DE ANTECIPA\u00c7\u00c3O DE TUTELA<\/strong><\/p>\n<h1>pelos fundamentos f\u00e1ticos e jur\u00eddicos que ora passa a expor:<\/h1>\n<p><strong>DOS FATOS E DOS FUNDAMENTOS JUR\u00cdDICOS<\/strong><\/p>\n<p>Como fruto do relacionamento de <em>XXXXXXXXXXXXXXXXX<\/em> e <em>XXXXXXXXXXXXXXXX<\/em>, nasceram XX crian\u00e7as: <strong>XXXXXXXXXXX <\/strong>(XX anos)<strong>, XXXXXXXXXXX <\/strong>(XX anos) e<strong> XXXXXXXXXXX <\/strong>(XX anos).<\/p>\n<p>A parte Autora da presente a\u00e7\u00e3o \u00e9 av\u00f3 materna das crian\u00e7as. Informa que sua filha, a Sra. XXXXXXXXXXX, juntamente com os menores, morava com ela desde antes do nascimento dos XXXXXX. Com o falecimento da filha, em XX\/XX\/XXXX, a Requerente continuou com a guarda f\u00e1tica dos netos, fato que perdurou no tempo mesmo com a morte do pai XXXXXXX, em XX\/XX\/XXXX.<\/p>\n<p>Importante salientar que a mesma possui plenas condi\u00e7\u00f5es de sustentar os menores, uma vez que \u00e9 XXXXXXXXXX e possui renda fixa (vide XXXXXXXXXXXXX). Ainda, que tem uma rela\u00e7\u00e3o s\u00f3lida de afeto com os netos, conclus\u00e3o \u00f3bvia ao se considerar que os menores moram com a Autora <strong>desde o nascimento<\/strong>, o que n\u00e3o deixa d\u00favidas quanto ao cabimento da concess\u00e3o de tutela \u00e0 av\u00f3 materna.<\/p>\n<p>O C\u00f3digo Civil, em seu cap\u00edtulo destinado \u00e0 Tutela, exp\u00f5e os casos que possibilitam a tutela de menores:<\/p>\n<p>Art. 1.728. Os filhos menores s\u00e3o postos em tutela:<\/p>\n<p>I &#8211; <strong>com o falecimento dos pais<\/strong>, ou sendo estes julgados ausentes;<\/p>\n<p>II &#8211; em caso de os pais deca\u00edrem do poder familiar.<\/p>\n<p><a id=\"art1729\"><\/a>O Sr. XXXXXXXX e a Sra XXXXXXXXX, os pais das crian\u00e7as, n\u00e3o nomearam tutores aos filhos, enquanto vivos. Por esse motivo, tem-se a aplica\u00e7\u00e3o do artigo 1.731 do c\u00f3digo supracitado:<\/p>\n<p><a id=\"art1731\"><\/a>Art. 1.731. Em falta de tutor nomeado pelos pais incumbe a tutela aos parentes consangu\u00edneos do menor, <strong>por esta ordem<\/strong>:<\/p>\n<p>I &#8211; <strong>aos ascendentes<\/strong>, preferindo o de grau mais pr\u00f3ximo ao mais remoto;<\/p>\n<p>II &#8211; aos colaterais at\u00e9 o terceiro grau, preferindo os mais pr\u00f3ximos aos mais remotos, e, no mesmo grau, os mais velhos aos mais mo\u00e7os; em qualquer dos casos, o juiz escolher\u00e1 entre eles o mais apto a exercer a tutela em benef\u00edcio do menor.<\/p>\n<p><a id=\"art1732\"><\/a>Pelo exposto, considerando que os ascendentes em primeiro grau dos menores est\u00e3o falecidos, a av\u00f3 e Requerente da presente a\u00e7\u00e3o (<em>ascendente em segundo grau<\/em>) \u00e9 a pessoa ideal a ser designada como tutora das crian\u00e7as, de acordo com a lei e o bem-estar dos mesmos. Salienta-se, ainda, que sendo os tr\u00eas irm\u00e3os, <strong>receber\u00e3o o mesmo tutor<\/strong>, de acordo com o artigo 1.733 do C\u00f3digo.<\/p>\n<p>De vital import\u00e2ncia \u00e9 considerar que os menores <strong>j\u00e1 moram com a Autora<\/strong>. Dessa forma, a a\u00e7\u00e3o atual visa a simples regulariza\u00e7\u00e3o da posse de fato<sup><a id=\"footnote-ref-2\" href=\"#footnote-2\">[1]<\/a><\/sup>. Ou seja: \u00e9 a manuten\u00e7\u00e3o de uma guarda f\u00e1tica, onde o n\u00facleo familiar da Requerente e seus netos j\u00e1 resta consolidada. Nesse sentido:<\/p>\n<p>APELA\u00c7\u00c3O C\u00cdVEL. <strong>TUTELA DE MENOR. PAIS FALECIDOS.\u00a0GUARDA\u00a0F\u00c1TICA\u00a0EXERCIDA PELA AV\u00d3 MATERNA<\/strong>. INTERESSE DA CRIAN\u00c7A. Verificado pelo estudo social que a menina est\u00e1 bem inserida no ambiente em que vive com a av\u00f3 materna, <strong>tendo suas necessidades supridas<\/strong>, merece ser mantida a\u00a0senten\u00e7a que deferiu a <strong>tutela \u00e0 av\u00f3 materna<\/strong> e n\u00e3o \u00e0 irm\u00e3 por parte de pai. Apela\u00e7\u00e3o desprovida. (Apela\u00e7\u00e3o C\u00edvel N\u00ba 70061953386, S\u00e9tima C\u00e2mara C\u00edvel, Tribunal de Justi\u00e7a do RS, Relator: Jorge Lu\u00eds Dall&#8217;Agnol, Julgado em 29\/10\/2014)<\/p>\n<p>N\u00e3o resta d\u00favida de que o melhor para o interesse dos \u00f3rf\u00e3os \u00e9 mant\u00ea-los no seio familiar, junto com a av\u00f3, a fim de impedir mudan\u00e7as bruscas em sua rotina e preservar a sa\u00fade f\u00edsica e mental dos menores, considerando o trauma recente da morte do pai.<\/p>\n<p>Pelo exposto, <strong>REQUER <\/strong>a nomea\u00e7\u00e3o da parte Autora como tutora dos XX menores, com o escopo de regulariza\u00e7\u00e3o e manuten\u00e7\u00e3o de situa\u00e7\u00e3o f\u00e1tica.<\/p>\n<p><strong>DO PEDIDO<\/strong><\/p>\n<p>FACE DE TODO O EXPOSTO,<\/p>\n<p>Requer a Vossa Excel\u00eancia:<\/p>\n<ol>\n<li>A t\u00edtulo de Antecipa\u00e7\u00e3o de Tutela, eis que a necessidade de regulariza\u00e7\u00e3o de representa\u00e7\u00e3o para encaminhamento de pens\u00e3o previdenci\u00e1ria, nomeie <strong>PROVISORIAMENTE<\/strong> a Autora como Tutora dos menores, at\u00e9 que a decis\u00e3o de Vossa Excel\u00eancia venha a tornar-se definitiva;<\/li>\n<li>O recebimento e deferimento da presente, bem como a concess\u00e3o do benef\u00edcio de Assist\u00eancia Judici\u00e1ria Gratuita, por ser a Autora pobre na concep\u00e7\u00e3o legal do termo;<\/li>\n<li>A intima\u00e7\u00e3o do Minist\u00e9rio P\u00fablico, em se tratando de interesse de incapaz;<\/li>\n<li>Pretende provar o alegado por todos os meios de prova admitidos em direito, em especial o depoimento pessoal e prova pericial.<\/li>\n<li>O julgamento <strong>PROCEDENTE <\/strong>da presente a\u00e7\u00e3o, sendo conferida \u00e0 Autora a guarda de <strong>XXXXXXXXXXXXXXXXXXX, XXXXXXXXXXXXXXXXXXXX <\/strong>e <strong>XXXXXXXXXXXX.<\/strong><\/li>\n<\/ol>\n<p>D\u00e1 \u00e0 causa o valor de al\u00e7ada.<\/p>\n<p><strong><em>Nesses termos, <\/em><\/strong><\/p>\n<p><strong><em>pede Deferimento<\/em>.<\/strong><\/p>\n<p>Local e Data.<\/p>\n<p>Advogado<\/p>\n<p>OAB\/UF<\/p>\n<ol>\n<li id=\"footnote-2\">Art. 33, \u00a7 1\u00ba da Lei 8.069\/90 \u2013 Estatuto da Crian\u00e7a e do Adolescente. <a href=\"#footnote-ref-2\">\u2191<\/a><\/li>\n<\/ol>\n","protected":false},"featured_media":0,"parent":0,"menu_order":0,"template":"","meta":{"content-type":""},"categoria-modelo":[154],"class_list":["post-2976177","modelos-de-peticao","type-modelos-de-peticao","status-publish","hentry","categoria-modelo-previdenciario"],"_links":{"self":[{"href":"https:\/\/easyjur.com\/blog\/wp-json\/wp\/v2\/modelos-de-peticao\/2976177","targetHints":{"allow":["GET"]}}],"collection":[{"href":"https:\/\/easyjur.com\/blog\/wp-json\/wp\/v2\/modelos-de-peticao"}],"about":[{"href":"https:\/\/easyjur.com\/blog\/wp-json\/wp\/v2\/types\/modelos-de-peticao"}],"wp:attachment":[{"href":"https:\/\/easyjur.com\/blog\/wp-json\/wp\/v2\/media?parent=2976177"}],"wp:term":[{"taxonomy":"categoria-modelo","embeddable":true,"href":"https:\/\/easyjur.com\/blog\/wp-json\/wp\/v2\/categoria-modelo?post=2976177"}],"curies":[{"name":"wp","href":"https:\/\/api.w.org\/{rel}","templated":true}]}}

[MODELO] Pedido de Tutela com Antecipação  &#8211;  Netos | Avó oficiosa

<p>EXCELENTÍSSIMO SENHOR DOUTOR JUIZ DE DIREITO DA __ VARA DE FAMÍLIA E SUCESSÕES DA COMARCA DE CIDADE-UF.</p>
<p><strong><em>COM PEDIDO DE TRAMITAÇÃO PREFERENCIAL</em></strong></p>
<p>NOME DA PARTE, qualificação completa, por seus procuradores abaixo firmados, vem à presença de Vossa Excelência propor</p>
<p><strong>AÇÃO DE TUTELA</strong> <strong>COM PEDIDO DE ANTECIPAÇÃO DE TUTELA</strong></p>
<h1>pelos fundamentos fáticos e jurídicos que ora passa a expor:</h1>
<p><strong>DOS FATOS E DOS FUNDAMENTOS JURÍDICOS</strong></p>
<p>Como fruto do relacionamento de <em>XXXXXXXXXXXXXXXXX</em> e <em>XXXXXXXXXXXXXXXX</em>, nasceram XX crianças: <strong>XXXXXXXXXXX </strong>(XX anos)<strong>, XXXXXXXXXXX </strong>(XX anos) e<strong> XXXXXXXXXXX </strong>(XX anos).</p>
<p>A parte Autora da presente ação é avó materna das crianças. Informa que sua filha, a Sra. XXXXXXXXXXX, juntamente com os menores, morava com ela desde antes do nascimento dos XXXXXX. Com o falecimento da filha, em XX/XX/XXXX, a Requerente continuou com a guarda fática dos netos, fato que perdurou no tempo mesmo com a morte do pai XXXXXXX, em XX/XX/XXXX.</p>
<p>Importante salientar que a mesma possui plenas condições de sustentar os menores, uma vez que é XXXXXXXXXX e possui renda fixa (vide XXXXXXXXXXXXX). Ainda, que tem uma relação sólida de afeto com os netos, conclusão óbvia ao se considerar que os menores moram com a Autora <strong>desde o nascimento</strong>, o que não deixa dúvidas quanto ao cabimento da concessão de tutela à avó materna.</p>
<p>O Código Civil, em seu capítulo destinado à Tutela, expõe os casos que possibilitam a tutela de menores:</p>
<p>Art. 1.728. Os filhos menores são postos em tutela:</p>
<p>I &#8211; <strong>com o falecimento dos pais</strong>, ou sendo estes julgados ausentes;</p>
<p>II &#8211; em caso de os pais decaírem do poder familiar.</p>
<p><a id="art1729"></a>O Sr. XXXXXXXX e a Sra XXXXXXXXX, os pais das crianças, não nomearam tutores aos filhos, enquanto vivos. Por esse motivo, tem-se a aplicação do artigo 1.731 do código supracitado:</p>
<p><a id="art1731"></a>Art. 1.731. Em falta de tutor nomeado pelos pais incumbe a tutela aos parentes consanguíneos do menor, <strong>por esta ordem</strong>:</p>
<p>I &#8211; <strong>aos ascendentes</strong>, preferindo o de grau mais próximo ao mais remoto;</p>
<p>II &#8211; aos colaterais até o terceiro grau, preferindo os mais próximos aos mais remotos, e, no mesmo grau, os mais velhos aos mais moços; em qualquer dos casos, o juiz escolherá entre eles o mais apto a exercer a tutela em benefício do menor.</p>
<p><a id="art1732"></a>Pelo exposto, considerando que os ascendentes em primeiro grau dos menores estão falecidos, a avó e Requerente da presente ação (<em>ascendente em segundo grau</em>) é a pessoa ideal a ser designada como tutora das crianças, de acordo com a lei e o bem-estar dos mesmos. Salienta-se, ainda, que sendo os três irmãos, <strong>receberão o mesmo tutor</strong>, de acordo com o artigo 1.733 do Código.</p>
<p>De vital importância é considerar que os menores <strong>já moram com a Autora</strong>. Dessa forma, a ação atual visa a simples regularização da posse de fato<sup><a id="footnote-ref-2" href="#footnote-2">[1]</a></sup>. Ou seja: é a manutenção de uma guarda fática, onde o núcleo familiar da Requerente e seus netos já resta consolidada. Nesse sentido:</p>
<p>APELAÇÃO CÍVEL. <strong>TUTELA DE MENOR. PAIS FALECIDOS. GUARDA FÁTICA EXERCIDA PELA AVÓ MATERNA</strong>. INTERESSE DA CRIANÇA. Verificado pelo estudo social que a menina está bem inserida no ambiente em que vive com a avó materna, <strong>tendo suas necessidades supridas</strong>, merece ser mantida a sentença que deferiu a <strong>tutela à avó materna</strong> e não à irmã por parte de pai. Apelação desprovida. (Apelação Cível Nº 70061953386, Sétima Câmara Cível, Tribunal de Justiça do RS, Relator: Jorge Luís Dall&#8217;Agnol, Julgado em 29/10/2014)</p>
<p>Não resta dúvida de que o melhor para o interesse dos órfãos é mantê-los no seio familiar, junto com a avó, a fim de impedir mudanças bruscas em sua rotina e preservar a saúde física e mental dos menores, considerando o trauma recente da morte do pai.</p>
<p>Pelo exposto, <strong>REQUER </strong>a nomeação da parte Autora como tutora dos XX menores, com o escopo de regularização e manutenção de situação fática.</p>
<p><strong>DO PEDIDO</strong></p>
<p>FACE DE TODO O EXPOSTO,</p>
<p>Requer a Vossa Excelência:</p>
<ol>
<li>A título de Antecipação de Tutela, eis que a necessidade de regularização de representação para encaminhamento de pensão previdenciária, nomeie <strong>PROVISORIAMENTE</strong> a Autora como Tutora dos menores, até que a decisão de Vossa Excelência venha a tornar-se definitiva;</li>
<li>O recebimento e deferimento da presente, bem como a concessão do benefício de Assistência Judiciária Gratuita, por ser a Autora pobre na concepção legal do termo;</li>
<li>A intimação do Ministério Público, em se tratando de interesse de incapaz;</li>
<li>Pretende provar o alegado por todos os meios de prova admitidos em direito, em especial o depoimento pessoal e prova pericial.</li>
<li>O julgamento <strong>PROCEDENTE </strong>da presente ação, sendo conferida à Autora a guarda de <strong>XXXXXXXXXXXXXXXXXXX, XXXXXXXXXXXXXXXXXXXX </strong>e <strong>XXXXXXXXXXXX.</strong></li>
</ol>
<p>Dá à causa o valor de alçada.</p>
<p><strong><em>Nesses termos, </em></strong></p>
<p><strong><em>pede Deferimento</em>.</strong></p>
<p>Local e Data.</p>
<p>Advogado</p>
<p>OAB/UF</p>
<ol>
<li id="footnote-2">Art. 33, § 1º da Lei 8.069/90 – Estatuto da Criança e do Adolescente. <a href="#footnote-ref-2">↑</a></li>
</ol>
