{"id":2972132,"date":"2024-04-25T14:39:03","date_gmt":"2024-04-25T14:39:03","guid":{"rendered":"https:\/\/easyjur.com\/blog\/?post_type=modelos-de-peticao&#038;p=3650"},"modified":"2024-04-25T14:39:03","modified_gmt":"2024-04-25T14:39:03","slug":"contestacao-inexistencia-de-vinculo-empregaticio","status":"publish","type":"modelos-de-peticao","link":"https:\/\/easyjur.com\/blog\/modelos-de-peticao\/contestacao-inexistencia-de-vinculo-empregaticio\/","title":{"rendered":"[MODELO] Contesta\u00e7\u00e3o  &#8211;  Inexist\u00eancia de V\u00ednculo Empregat\u00edcio"},"content":{"rendered":"<p>EXCELENT\u00cdSSIMO SR(a). DR(a). JUIZ(a)  DA VARA DO TRABALHO DE  \u2013RJ.<\/p>\n<\/p>\n<h2>PROCESSO N.\u00ba  <\/h2>\n<p>\t\t\t<strong>\t<\/strong>\u2013 RJ,<strong> <\/strong>vem respeitosamente pela presente apresentar sua <\/p>\n<h1>C O N T E S T A \u00c7 \u00c3 O <\/h1>\n<p>na a\u00e7\u00e3o que lhe move \t<\/p>\n<\/p>\n<h4>NO M\u00c9RITO<\/h4>\n<h4>II &#8211; DOS FATOS<\/h4>\n<\/p>\n<p>\t\t\tAlega o reclamante ter sido admitido em 01\/06\/2012, para trabalhar no estacionamento de ve\u00edculos pertencente a Reclamada e que a dispensa imotivada deu-se em 30\/12\/2006.<\/p>\n<p>\t\t\tNa realidade nunca existiu um contrato de trabalho entre o Reclamante e a 1\u00aa Reclamada (Sr.), existindo t\u00e3o somente um contrato de parceria uma sociedade de fato, que iniciou-se na verdade no primeiro semestre de 2003.<\/p>\n<p>                           A 1\u00aa Reclamada (Sr. Rodrigo) \u00e9 herdeiro de um terreno e como o mesmo encontrava-se abandonado, resolveu em parceira com o reclamante e mais um amigo abrir um estacionamento de finais de semana, de forma prec\u00e1ria e sem maiores pretens\u00f5es, at\u00e9 porque o local \u00e9 de dif\u00edcil acesso.<\/p>\n<p>                             O rendimento do estacionamento era divido em partes iguais, sendo que todo o controle de recebimento e de pagamento era do pr\u00f3prio reclamante, visto que a 1\u00aa Reclamada &#8211; Sr. Rodrigo somente comparecia ao estacionamento de forma espor\u00e1dica, sendo o reclamante quem depositava na conta corrente daquele o alegado rendimento do local.<\/p>\n<p>\t\t\tO reclamante n\u00e3o foi dispensado a reclamada vendeu o terreno e com isto o neg\u00f3cio pactuado entre as partes foi desfeito.<\/p>\n<p><strong>II &#8211; DA AN\u00c1LISE DO ARTIGO 3\u00ba CONSOLIDADO<\/strong><\/p>\n<p><\/p>\n<p>                        A pretens\u00e3o veiculada na inicial \u00e9 improsper\u00e1vel. Em verdade, os cr\u00e9ditos trabalhistas surgem necessariamente do desenvolvimento da rela\u00e7\u00e3o de emprego estabelecida entre empregado e empregador, cuja exist\u00eancia depende da ocorr\u00eancia dos pressupostos contidos no artigo 3\u00ba da Consolida\u00e7\u00e3o das Leis do Trabalho. <\/p>\n<p>Disp\u00f5e a referida norma celetizada: <\/p>\n<p>&quot;Considera-se empregado toda pessoa f\u00edsica que prestar servi\u00e7os de natureza n\u00e3o eventual a empregador, sob depend\u00eancia deste e mediante sal\u00e1rio.&quot; <\/p>\n<p>                         A rela\u00e7\u00e3o de emprego \u00e9, dessa forma, conceituada como uma modalidade de presta\u00e7\u00e3o de servi\u00e7os de car\u00e1ter n\u00e3o ocasional desenvolvida sob subordina\u00e7\u00e3o e mediante a percep\u00e7\u00e3o de sal\u00e1rios. <br \/>Al\u00e9m do mais, para configurar a exist\u00eancia de v\u00ednculo empregat\u00edcio, devem ser preenchidos todos os requisitos do artigo 3\u00ba da Consolida\u00e7\u00e3o das Leis do Trabalho. <\/p>\n<p>Nesse sentido a jurisprud\u00eancia de nossos Tribunais, &quot;in verbis&quot;: <\/p>\n<p>&quot;V\u00ednculo empregat\u00edcio &#8211; configura\u00e7\u00e3o. Necess\u00e1rio o atendimento de todos os requisitos do artigo 3\u00ba da CLT para a configura\u00e7\u00e3o do v\u00ednculo empregat\u00edcio. (TRT\/SP n.\u00ba 649\/91-7 &#8211; 2\u00aa Regi\u00e3o, ac\u00f3rd\u00e3o n.\u00ba 00138\/93, Recurso Ordin\u00e1rio da 32\u00aa JCJ de S\u00e3o Paulo).&quot; <\/p>\n<p>                    Da an\u00e1lise do supracitado artigo decorre ser imposs\u00edvel enquadrar a Reclamante na defini\u00e7\u00e3o ali contida, como restar\u00e1 provado no transcurso da pe\u00e7a contestat\u00f3ria, posto que a aus\u00eancia de qualquer um dos requisitos inviabiliza a aplica\u00e7\u00e3o das disposi\u00e7\u00f5es contidas na Consolida\u00e7\u00e3o das Leis do Trabalho. <\/p>\n<p><strong>III \u2013 DA AUS\u00caNCIA DE SAL\u00c1RIO <\/strong><\/p>\n<p>                   N\u00e3o houve qualquer pactua\u00e7\u00e3o de sal\u00e1rios para a execu\u00e7\u00e3o das atividades profissionais contratadas, pois em verdade n\u00e3o houve a execu\u00e7\u00e3o de atividades profissionais.<\/p>\n<p>                     Inexistindo sal\u00e1rio, requisito fundamental para a caracteriza\u00e7\u00e3o do v\u00ednculo de emprego, n\u00e3o h\u00e1 que se falar em contrato de trabalho. Tamb\u00e9m sob a \u00f3tica do requisito sal\u00e1rio \u00e9 for\u00e7oso concluir que inexistiu rela\u00e7\u00e3o de emprego entre as partes demandantes. <\/p>\n<p>                    O reclamante nunca foi remunerado pela reclamada, sendo o pr\u00f3prio quem recebia e dividia a receita, sendo certo que a divis\u00e3o era em partes iguais dos lucros obtidos e este valor era muito vari\u00e1vel, podendo ser em m\u00e9dia um sal\u00e1rio m\u00ednimo por m\u00eas.<\/p>\n<\/p>\n<h4>IV &#8211; DA ANOTA\u00c7\u00c3O DA CTPS       <\/h4>\n<\/p>\n<p><strong>\t\t\t<\/strong>A reclamante n\u00e3o teve a CTPS assinada, visto que n\u00e3o existia v\u00ednculo empregat\u00edcio entre ambos, pois completa e totalmente ausente os requisitos do art. 3\u00ba da CLT.<\/p>\n<h4>V &#8211; DA JORNADA DE TRABALHO<\/h4>\n<p>                        Alega o reclamante que laborava de Ter\u00e7a a Quinta de 7:00 \u00e0s 18:00, as sextas-feiras \u00e0s 22:30hs, nos s\u00e1bados, domingos e feriados at\u00e9 as 20:00hs com 1 hora de intervalo.<\/p>\n<p>                         \u00c9 oportuno destacar que o estacionamento somente funcionava nos finais de semana e feriados das 7:00 \u00e0s 18:00hs, em raz\u00e3o da aus\u00eancia de movimento, e quanto as vagas locadas para mensalistas estes faziam uso de chave para entrada e sa\u00edda, n\u00e3o necessitando da presen\u00e7a de qualquer pessoa.<\/p>\n<p>                         O reclamante falta com a verdade, visto que seu hor\u00e1rio era o pr\u00f3prio quem fazia, n\u00e3o tinha sequer supervis\u00e3o ou controle de quem quer que fosse, <strong>era totalmente aut\u00f4nomo e livre, inclusive ressalte-se era o pr\u00f3prio reclamante quem recebia e quem distribu\u00eda os lucros.<\/strong><\/p>\n<p>\t\tConforme a declara\u00e7\u00e3o do reclamante em 2012 tomou posse em emprego p\u00fablico no munic\u00edpio de Angra dos Reis, quando segundo suas informa\u00e7\u00f5es passou a trabalhar somente as sextas-feiras a noite, s\u00e1bados e domingos.\t<\/p>\n<h4>DOS PEDIDOS<\/h4>\n<ol>\n<li>Do reconhecimento da rela\u00e7\u00e3o de emprego<\/li>\n<\/ol>\n<p>Improcede tal pleito pela aus\u00eancia dos requisitos constantes do art. 3\u00ba da CLT.<\/p>\n<ol>\n<li>Das horas extras e dos feriados laborados<\/li>\n<\/ol>\n<p>Improcede tal pleito pela aus\u00eancia de rela\u00e7\u00e3o de emprego;<\/p>\n<ol>\n<li>Das diferen\u00e7as do RSR<\/li>\n<\/ol>\n<p>Pela aus\u00eancia do principal padecem os acess\u00f3rios;<\/p>\n<ol>\n<li>Das verbas contratuais\/resilit\u00f3rias                                                                                                                                                                                                          <\/li>\n<\/ol>\n<p>Indevido tal pleito, pela aus\u00eancia de v\u00ednculo de                                                                                                  emprego.<\/p>\n<ol>\n<li>Aviso Pr\u00e9vio<\/li>\n<\/ol>\n<p>Indevido tal pleito, pela aus\u00eancia de v\u00ednculo de emprego.<\/p>\n<ol>\n<li>F\u00e9rias  vencidas e proporcionais <\/li>\n<\/ol>\n<p>Indevido tal pleito, pela aus\u00eancia de v\u00ednculo de emprego.<\/p>\n<ol>\n<li>13\u00ba Sal\u00e1rio<\/li>\n<\/ol>\n<p>Indevido tal pleito, pela aus\u00eancia de v\u00ednculo de emprego.<\/p>\n<p>f)  Entrega das guias de FGTS e GRFC <\/p>\n<p>Indevido tal pleito, pela aus\u00eancia de v\u00ednculo de emprego.<\/p>\n<ol>\n<li>Dos honor\u00e1rios advocat\u00edcios<\/li>\n<\/ol>\n<p>Impugna a reclamada o pleito de honor\u00e1rios advocat\u00edcios, uma vez que n\u00e3o atendidos os requisitos do art. 14 da Lei 5584\/70 e Enunciados 219 e 329 do C.TST.<\/p>\n<ol>\n<li>Da Compensa\u00e7\u00e3o<\/li>\n<\/ol>\n<p>Por cautela, requer a Reclamada que lhe seja deferida a compensa\u00e7\u00e3o dos valores pagos anteriormente, de id\u00eantica nomenclatura ou natureza jur\u00eddica.<\/p>\n<\/p>\n<ol>\n<li>Da multa do art. 467 da CLT<\/li>\n<\/ol>\n<p>Pela inexist\u00eancia de verbas incontroversas, indevida a                    multa ora pleiteada.<\/p>\n<\/p>\n<p>l) Da multa do art. 477 \u00a7 8\u00b0 da CLT<\/p>\n<p>A controv\u00e9rsia sobre a rela\u00e7\u00e3o de emprego, n\u00e3o enseja a incid\u00eancia da requerida multa.<\/p>\n<\/p>\n<p>\t\t\tFace ao que restou fartamente demonstrado e provado, se requer seja a presente a\u00e7\u00e3o julgada IMPROCEDENTE, por medida da mais l\u00eddima e salutar JUSTI\u00c7A.<\/p>\n<\/p>\n<p>\t\t\t\tTermos em que<\/p>\n<p>\t\t\t\tPede Deferimento <\/p><\/p>\n","protected":false},"featured_media":0,"parent":0,"menu_order":0,"template":"","meta":{"content-type":""},"categoria-modelo":[953],"class_list":["post-2972132","modelos-de-peticao","type-modelos-de-peticao","status-publish","hentry","categoria-modelo-contestacao"],"_links":{"self":[{"href":"https:\/\/easyjur.com\/blog\/wp-json\/wp\/v2\/modelos-de-peticao\/2972132","targetHints":{"allow":["GET"]}}],"collection":[{"href":"https:\/\/easyjur.com\/blog\/wp-json\/wp\/v2\/modelos-de-peticao"}],"about":[{"href":"https:\/\/easyjur.com\/blog\/wp-json\/wp\/v2\/types\/modelos-de-peticao"}],"wp:attachment":[{"href":"https:\/\/easyjur.com\/blog\/wp-json\/wp\/v2\/media?parent=2972132"}],"wp:term":[{"taxonomy":"categoria-modelo","embeddable":true,"href":"https:\/\/easyjur.com\/blog\/wp-json\/wp\/v2\/categoria-modelo?post=2972132"}],"curies":[{"name":"wp","href":"https:\/\/api.w.org\/{rel}","templated":true}]}}

[MODELO] Contestação  &#8211;  Inexistência de Vínculo Empregatício

<p>EXCELENTÍSSIMO SR(a). DR(a). JUIZ(a)  DA VARA DO TRABALHO DE  –RJ.</p>
</p>
<h2>PROCESSO N.º  </h2>
<p>			<strong>	</strong>– RJ,<strong> </strong>vem respeitosamente pela presente apresentar sua </p>
<h1>C O N T E S T A Ç Ã O </h1>
<p>na ação que lhe move 	</p>
</p>
<h4>NO MÉRITO</h4>
<h4>II &#8211; DOS FATOS</h4>
</p>
<p>			Alega o reclamante ter sido admitido em 01/06/2012, para trabalhar no estacionamento de veículos pertencente a Reclamada e que a dispensa imotivada deu-se em 30/12/2006.</p>
<p>			Na realidade nunca existiu um contrato de trabalho entre o Reclamante e a 1ª Reclamada (Sr.), existindo tão somente um contrato de parceria uma sociedade de fato, que iniciou-se na verdade no primeiro semestre de 2003.</p>
<p>                           A 1ª Reclamada (Sr. Rodrigo) é herdeiro de um terreno e como o mesmo encontrava-se abandonado, resolveu em parceira com o reclamante e mais um amigo abrir um estacionamento de finais de semana, de forma precária e sem maiores pretensões, até porque o local é de difícil acesso.</p>
<p>                             O rendimento do estacionamento era divido em partes iguais, sendo que todo o controle de recebimento e de pagamento era do próprio reclamante, visto que a 1ª Reclamada &#8211; Sr. Rodrigo somente comparecia ao estacionamento de forma esporádica, sendo o reclamante quem depositava na conta corrente daquele o alegado rendimento do local.</p>
<p>			O reclamante não foi dispensado a reclamada vendeu o terreno e com isto o negócio pactuado entre as partes foi desfeito.</p>
<p><strong>II &#8211; DA ANÁLISE DO ARTIGO 3º CONSOLIDADO</strong></p>
<p></p>
<p>                        A pretensão veiculada na inicial é improsperável. Em verdade, os créditos trabalhistas surgem necessariamente do desenvolvimento da relação de emprego estabelecida entre empregado e empregador, cuja existência depende da ocorrência dos pressupostos contidos no artigo 3º da Consolidação das Leis do Trabalho. </p>
<p>Dispõe a referida norma celetizada: </p>
<p>&quot;Considera-se empregado toda pessoa física que prestar serviços de natureza não eventual a empregador, sob dependência deste e mediante salário.&quot; </p>
<p>                         A relação de emprego é, dessa forma, conceituada como uma modalidade de prestação de serviços de caráter não ocasional desenvolvida sob subordinação e mediante a percepção de salários. <br />Além do mais, para configurar a existência de vínculo empregatício, devem ser preenchidos todos os requisitos do artigo 3º da Consolidação das Leis do Trabalho. </p>
<p>Nesse sentido a jurisprudência de nossos Tribunais, &quot;in verbis&quot;: </p>
<p>&quot;Vínculo empregatício &#8211; configuração. Necessário o atendimento de todos os requisitos do artigo 3º da CLT para a configuração do vínculo empregatício. (TRT/SP n.º 649/91-7 &#8211; 2ª Região, acórdão n.º 00138/93, Recurso Ordinário da 32ª JCJ de São Paulo).&quot; </p>
<p>                    Da análise do supracitado artigo decorre ser impossível enquadrar a Reclamante na definição ali contida, como restará provado no transcurso da peça contestatória, posto que a ausência de qualquer um dos requisitos inviabiliza a aplicação das disposições contidas na Consolidação das Leis do Trabalho. </p>
<p><strong>III – DA AUSÊNCIA DE SALÁRIO </strong></p>
<p>                   Não houve qualquer pactuação de salários para a execução das atividades profissionais contratadas, pois em verdade não houve a execução de atividades profissionais.</p>
<p>                     Inexistindo salário, requisito fundamental para a caracterização do vínculo de emprego, não há que se falar em contrato de trabalho. Também sob a ótica do requisito salário é forçoso concluir que inexistiu relação de emprego entre as partes demandantes. </p>
<p>                    O reclamante nunca foi remunerado pela reclamada, sendo o próprio quem recebia e dividia a receita, sendo certo que a divisão era em partes iguais dos lucros obtidos e este valor era muito variável, podendo ser em média um salário mínimo por mês.</p>
</p>
<h4>IV &#8211; DA ANOTAÇÃO DA CTPS       </h4>
</p>
<p><strong>			</strong>A reclamante não teve a CTPS assinada, visto que não existia vínculo empregatício entre ambos, pois completa e totalmente ausente os requisitos do art. 3º da CLT.</p>
<h4>V &#8211; DA JORNADA DE TRABALHO</h4>
<p>                        Alega o reclamante que laborava de Terça a Quinta de 7:00 às 18:00, as sextas-feiras às 22:30hs, nos sábados, domingos e feriados até as 20:00hs com 1 hora de intervalo.</p>
<p>                         É oportuno destacar que o estacionamento somente funcionava nos finais de semana e feriados das 7:00 às 18:00hs, em razão da ausência de movimento, e quanto as vagas locadas para mensalistas estes faziam uso de chave para entrada e saída, não necessitando da presença de qualquer pessoa.</p>
<p>                         O reclamante falta com a verdade, visto que seu horário era o próprio quem fazia, não tinha sequer supervisão ou controle de quem quer que fosse, <strong>era totalmente autônomo e livre, inclusive ressalte-se era o próprio reclamante quem recebia e quem distribuía os lucros.</strong></p>
<p>		Conforme a declaração do reclamante em 2012 tomou posse em emprego público no município de Angra dos Reis, quando segundo suas informações passou a trabalhar somente as sextas-feiras a noite, sábados e domingos.	</p>
<h4>DOS PEDIDOS</h4>
<ol>
<li>Do reconhecimento da relação de emprego</li>
</ol>
<p>Improcede tal pleito pela ausência dos requisitos constantes do art. 3º da CLT.</p>
<ol>
<li>Das horas extras e dos feriados laborados</li>
</ol>
<p>Improcede tal pleito pela ausência de relação de emprego;</p>
<ol>
<li>Das diferenças do RSR</li>
</ol>
<p>Pela ausência do principal padecem os acessórios;</p>
<ol>
<li>Das verbas contratuais/resilitórias                                                                                                                                                                                                          </li>
</ol>
<p>Indevido tal pleito, pela ausência de vínculo de                                                                                                  emprego.</p>
<ol>
<li>Aviso Prévio</li>
</ol>
<p>Indevido tal pleito, pela ausência de vínculo de emprego.</p>
<ol>
<li>Férias  vencidas e proporcionais </li>
</ol>
<p>Indevido tal pleito, pela ausência de vínculo de emprego.</p>
<ol>
<li>13º Salário</li>
</ol>
<p>Indevido tal pleito, pela ausência de vínculo de emprego.</p>
<p>f)  Entrega das guias de FGTS e GRFC </p>
<p>Indevido tal pleito, pela ausência de vínculo de emprego.</p>
<ol>
<li>Dos honorários advocatícios</li>
</ol>
<p>Impugna a reclamada o pleito de honorários advocatícios, uma vez que não atendidos os requisitos do art. 14 da Lei 5584/70 e Enunciados 219 e 329 do C.TST.</p>
<ol>
<li>Da Compensação</li>
</ol>
<p>Por cautela, requer a Reclamada que lhe seja deferida a compensação dos valores pagos anteriormente, de idêntica nomenclatura ou natureza jurídica.</p>
</p>
<ol>
<li>Da multa do art. 467 da CLT</li>
</ol>
<p>Pela inexistência de verbas incontroversas, indevida a                    multa ora pleiteada.</p>
</p>
<p>l) Da multa do art. 477 § 8° da CLT</p>
<p>A controvérsia sobre a relação de emprego, não enseja a incidência da requerida multa.</p>
</p>
<p>			Face ao que restou fartamente demonstrado e provado, se requer seja a presente ação julgada IMPROCEDENTE, por medida da mais lídima e salutar JUSTIÇA.</p>
</p>
<p>				Termos em que</p>
<p>				Pede Deferimento </p></p>
