{"id":29531,"date":"2023-07-29T00:16:14","date_gmt":"2023-07-29T00:16:14","guid":{"rendered":"https:\/\/easyjur.com\/blog\/?post_type=modelos-de-peticao&#038;p=3650"},"modified":"2023-07-29T00:16:14","modified_gmt":"2023-07-29T00:16:14","slug":"impugnacao-a-denunciacao-da-lide-e-argumentacoes-sobre-a-renuncia-ao-beneficio-de-ordem","status":"publish","type":"modelos-de-peticao","link":"https:\/\/easyjur.com\/blog\/modelos-de-peticao\/impugnacao-a-denunciacao-da-lide-e-argumentacoes-sobre-a-renuncia-ao-beneficio-de-ordem\/","title":{"rendered":"[MODELO] Impugna\u00e7\u00e3o \u00e0 Denuncia\u00e7\u00e3o da Lide e Argumenta\u00e7\u00f5es sobre a Ren\u00fancia ao Benef\u00edcio de Ordem"},"content":{"rendered":"<p>O Autor <strong>impugna<\/strong> a pretens\u00e3o de interven\u00e7\u00e3o de terceiro, ou seja, denuncia\u00e7\u00e3o \u00e0 lide ao ex-locat\u00e1rio, pois seria o mesmo que expungir do contrato a Ren\u00fancia ao benef\u00edcio de ordem por parte da requerida.<\/p>\n<p><strong>EXMO. SR. DR. JUIZ DE DIREITO DA &#8230;.\u00aa VARA C\u00cdVEL DE &#8230;.<\/strong><\/p>\n<p><strong>Autos N\u00ba &#8230;.<\/strong><\/p>\n<p>&#8230;&#8230;&#8230;&#8230;&#8230;&#8230;&#8230;&#8230;&#8230;&#8230;&#8230;&#8230;&#8230;&#8230;&#8230;&#8230;&#8230;&#8230;&#8230;.., j\u00e1 qualificado nos autos em ep\u00edgrafe, de <strong>COBRAN\u00c7A<\/strong> (procedimento sum\u00e1rio) que promove em face de &#8230;., por seu procurador judicial ao final  assinado, vem mui respeitosamente \u00e0 presen\u00e7a de Vossa Excel\u00eancia, atendendo  a  delibera\u00e7\u00e3o de fls. &#8230;., apresentar <strong>IMPUGNA\u00c7\u00c3O A CONTESTA\u00c7\u00c3O<\/strong> exteriorizada pela requerida, na forma das raz\u00f5es adiante aduzidas:<\/p>\n<p><strong>I &#8211; DA PRELIMINAR<\/strong><\/p>\n<p>Improcede a pretens\u00e3o da requerida em querer trazer ao p\u00f3lo passivo o ex-locat\u00e1rio &#8230;., \u00e0 vista de que o contrato de loca\u00e7\u00e3o  celebrado com este prev\u00ea a ren\u00fancia  do benef\u00edcio de ordem por parte da requerida. <\/p>\n<p>De conseguinte, aceitar-se a denuncia\u00e7\u00e3o \u00e0 lide do ex-locat\u00e1rio seria expungir do contrato a ren\u00fancia do benef\u00edcio de ordem.<\/p>\n<p>Por outro \u00e2ngulo, a requerida est\u00e1 com direito assegurado por for\u00e7a do pr\u00f3prio contrato e, satisfeita a obriga\u00e7\u00e3o pleiteada nesta demanda, poder\u00e1, em processo aut\u00f4nomo, acionar o ex-locat\u00e1rio.<\/p>\n<p>Ora, tendo a requerida-contestante direito arregimentado no pr\u00f3prio contrato, n\u00e3o se h\u00e1 de trazer ao p\u00f3lo passivo terceiro n\u00e3o chamado na exordial, que n\u00e3o est\u00e1 obrigado a satisfazer o pleito, descabendo, em dessumo, a sua interven\u00e7\u00e3o neste feito. <\/p>\n<p>A jurisprud\u00eancia firmada pelos nossos Tribunais t\u00eam sido un\u00e2nime no sentido de abstrair o direito de denunciar-se \u00e0 lide quando n\u00e3o se vislumbra ou inexiste rela\u00e7\u00e3o jur\u00eddica de garantia, sen\u00e3o vejamos, verbis: <\/p>\n<p>&quot;INTERVEN\u00c7\u00c3O DE TERCEIRO &#8211; denuncia\u00e7\u00e3o da lide &#8211; Responsabilidade regressiva &#8211; Descabimento &#8211; Inexist\u00eancia de rela\u00e7\u00e3o jur\u00eddica de garantia &#8211; Intelig\u00eancia do art. 70, III, do CPC.&quot;<\/p>\n<p>Emenda Oficial:<\/p>\n<p>&quot;Interven\u00e7\u00e3o de terceiros. Denuncia\u00e7\u00e3o da lide. Responsabilidade regressiva. Inexist\u00eancia de rela\u00e7\u00e3o jur\u00eddica de garantia. Descabimento da denuncia\u00e7\u00e3o, s\u00f3 permite a denuncia\u00e7\u00e3o da lide, na exegese restritiva necess\u00e1ria que se faz ao n\u00ba III do art. 70 do CPC, quando h\u00e1 rela\u00e7\u00e3o jur\u00eddica de garantia propriamente dita entre o denunciante e o denunciado.<\/p>\n<p>A aplica\u00e7\u00e3o restrita refere-se aos casos em que a lei ou o contrato asseguram previamente \u00e0 parte o direito regressivo contra o obrigado \u00e0 indenizar o preju\u00edzo, n\u00e3o assim no caso de mera possibilidade de vir a nascer  aquele direito regressivo, a posteriori, com a senten\u00e7a condenat\u00f3ria&#8230;&quot; (RT 598\/171 &#8211; grifo  nosso). Vide, ainda, TR\u2019s 586\/89 e 492\/159.<\/p>\n<p><strong>II &#8211; QUANTO AO M\u00c9RITO<\/strong><\/p>\n<p>Melhor sorte n\u00e3o socorre a contestante, na medida em que seus argumentos s\u00e3o est\u00e9reis e n\u00e3o t\u00eam o cond\u00e3o de elidir o pedido inaugural, sen\u00e3o vejamos:<\/p>\n<p>Data venia, n\u00e3o vem com perlustra\u00e7\u00e3o a asser\u00e7\u00e3o da contestante de que o locat\u00e1rio deixara o im\u00f3vel em boas condi\u00e7\u00f5es, inclusive reparados os danos causados, mais quando se sabe que n\u00e3o mais funcion\u00e1ria da requerida e, consigne-se, deixou em aberto tamb\u00e9m alugueres e encargos, os quais est\u00e3o sendo executados junto \u00e0 &#8230;.\u00aa Vara C\u00edvel desta &#8230;., cujo prazo para interposi\u00e7\u00e3o de embargos \u00e0 execu\u00e7\u00e3o fluiu in albis.<\/p>\n<p>Qui\u00e7\u00e1 se apresenta insonte a alega\u00e7\u00e3o de que se tem que coligir aos autos Nota Fiscal para comprovar quantum realmente despendido, haja vista que a lei exige que se coales\u00e7a \u00e0 preferencial no m\u00ednimo tr\u00eas or\u00e7amentos, e isso foi atendido de pronto, o que expunge a mera alega\u00e7\u00e3o da requerida da exig\u00eancia de nota fiscal. <\/p>\n<p>Certo \u00e9 tamb\u00e9m que ao locador \u00e9 facultado efetivar o reparo do dano; basta a exist\u00eancia do mesmo para, em confronto com a vistoria inicial e a final, exigir do locat\u00e1rio ou fiador (conforme o caso) o dano que lhe for causado.<\/p>\n<p>\u00c9 certo tamb\u00e9m que a contesta\u00e7\u00e3o empreende o tom protrativo e paliativo ao desate do discr\u00edmen, conquanto sabido \u00e9, uma vez mais, ser prescind\u00edvel colacionar aos autos nota fiscal, bastando, para tanto, a comprova\u00e7\u00e3o  da exist\u00eancia do dano.<\/p>\n<p>Exigir a realiza\u00e7\u00e3o da vistoria ad perpetuam rei memoriam como quer a contestante, \u00e9, no m\u00ednimo, exigir o prescind\u00edvel, e somente para satisfazer o ego do mau pagador.<\/p>\n<p>A requerida, a seu turno, estava presciente dos devaneios do locat\u00e1rio e funcion\u00e1rio &#8230;., tanto que fora colocada a par da situa\u00e7\u00e3o, sem, contudo, tomar as provid\u00eancias devidas por for\u00e7a do contrato.<\/p>\n<p>Falar-se em locuplemento sem causa, in casu, \u00e9 ir ao encontro do absurdo, posto que o que alegado na vestibular \u00e9 objeto de an\u00e1lise e prova e isso ser\u00e1 feito, posto que se trata de processo de conhecimento n\u00e3o de execu\u00e7\u00e3o.<\/p>\n<p>Da\u00ed, afugentar a decantada asser\u00e7\u00e3o da contestante, assaz pueril da pemenga.<\/p>\n<p>Ao que se dessume do teor contestat\u00f3rio, v\u00ea-se que a contestante tece considera\u00e7\u00f5es com escopo meramente paliativo e sem sequer atingir o pedido na inicial, mesmo porque estanques os argumentos postos \u00e0 elis\u00e3o daquele pedido.<\/p>\n<p>Tanto \u00e9 assim, que sequer juntou um documento, o que demonstra, \u00e0s claras, que outro n\u00e3o o desiderato buscado pela contestante, o que \u00e9 lament\u00e1vel.<\/p>\n<p>EX POSITIS, requer-se que a Vossa Excel\u00eancia, prima facie, haja por bem em repelir a preliminar de denuncia\u00e7\u00e3o da lide, por incongruente e, de conseguinte, determinar que a requerida regularize a sua apresenta\u00e7\u00e3o, nos termos do art. 12, inciso VI do C\u00f3digo de Processo Civil;<\/p>\n<p>Outrossim, levando-se em conta que a requerida sequer requereu a produ\u00e7\u00e3o de qualquer prova, enseja assinalar que o direito de produzir provas encontra-se precluso (arts. 278 e 303 do sobredito Codex). Ao final, o prosseguimento do feito, com designa\u00e7\u00e3o de audi\u00eancia de instru\u00e7\u00e3o e julgamento, se assim entender Vossa Excel\u00eancia, com a produ\u00e7\u00e3o de provas elencadas na inaugural, cominando com o julgamento de proced\u00eancia do pedido proemial.<\/p>\n<p>Nesses termos,<\/p>\n<p>pede deferimento.<\/p>\n<p>&#8230;., &#8230;. de &#8230;. de &#8230;.<\/p>\n<p>&#8230;&#8230;&#8230;&#8230;&#8230;&#8230;<\/p>\n<p>Advogado OAB\/&#8230;<\/p>\n","protected":false},"featured_media":0,"parent":0,"menu_order":0,"template":"","meta":{"content-type":""},"categoria-modelo":[142],"class_list":["post-29531","modelos-de-peticao","type-modelos-de-peticao","status-publish","hentry","categoria-modelo-civel"],"_links":{"self":[{"href":"https:\/\/easyjur.com\/blog\/wp-json\/wp\/v2\/modelos-de-peticao\/29531","targetHints":{"allow":["GET"]}}],"collection":[{"href":"https:\/\/easyjur.com\/blog\/wp-json\/wp\/v2\/modelos-de-peticao"}],"about":[{"href":"https:\/\/easyjur.com\/blog\/wp-json\/wp\/v2\/types\/modelos-de-peticao"}],"wp:attachment":[{"href":"https:\/\/easyjur.com\/blog\/wp-json\/wp\/v2\/media?parent=29531"}],"wp:term":[{"taxonomy":"categoria-modelo","embeddable":true,"href":"https:\/\/easyjur.com\/blog\/wp-json\/wp\/v2\/categoria-modelo?post=29531"}],"curies":[{"name":"wp","href":"https:\/\/api.w.org\/{rel}","templated":true}]}}

[MODELO] Impugnação à Denunciação da Lide e Argumentações sobre a Renúncia ao Benefício de Ordem

<p>O Autor <strong>impugna</strong> a pretensão de intervenção de terceiro, ou seja, denunciação à lide ao ex-locatário, pois seria o mesmo que expungir do contrato a Renúncia ao benefício de ordem por parte da requerida.</p>
<p><strong>EXMO. SR. DR. JUIZ DE DIREITO DA &#8230;.ª VARA CÍVEL DE &#8230;.</strong></p>
<p><strong>Autos Nº &#8230;.</strong></p>
<p>&#8230;&#8230;&#8230;&#8230;&#8230;&#8230;&#8230;&#8230;&#8230;&#8230;&#8230;&#8230;&#8230;&#8230;&#8230;&#8230;&#8230;&#8230;&#8230;.., já qualificado nos autos em epígrafe, de <strong>COBRANÇA</strong> (procedimento sumário) que promove em face de &#8230;., por seu procurador judicial ao final  assinado, vem mui respeitosamente à presença de Vossa Excelência, atendendo  a  deliberação de fls. &#8230;., apresentar <strong>IMPUGNAÇÃO A CONTESTAÇÃO</strong> exteriorizada pela requerida, na forma das razões adiante aduzidas:</p>
<p><strong>I &#8211; DA PRELIMINAR</strong></p>
<p>Improcede a pretensão da requerida em querer trazer ao pólo passivo o ex-locatário &#8230;., à vista de que o contrato de locação  celebrado com este prevê a renúncia  do benefício de ordem por parte da requerida. </p>
<p>De conseguinte, aceitar-se a denunciação à lide do ex-locatário seria expungir do contrato a renúncia do benefício de ordem.</p>
<p>Por outro ângulo, a requerida está com direito assegurado por força do próprio contrato e, satisfeita a obrigação pleiteada nesta demanda, poderá, em processo autônomo, acionar o ex-locatário.</p>
<p>Ora, tendo a requerida-contestante direito arregimentado no próprio contrato, não se há de trazer ao pólo passivo terceiro não chamado na exordial, que não está obrigado a satisfazer o pleito, descabendo, em dessumo, a sua intervenção neste feito. </p>
<p>A jurisprudência firmada pelos nossos Tribunais têm sido unânime no sentido de abstrair o direito de denunciar-se à lide quando não se vislumbra ou inexiste relação jurídica de garantia, senão vejamos, verbis: </p>
<p>&quot;INTERVENÇÃO DE TERCEIRO &#8211; denunciação da lide &#8211; Responsabilidade regressiva &#8211; Descabimento &#8211; Inexistência de relação jurídica de garantia &#8211; Inteligência do art. 70, III, do CPC.&quot;</p>
<p>Emenda Oficial:</p>
<p>&quot;Intervenção de terceiros. Denunciação da lide. Responsabilidade regressiva. Inexistência de relação jurídica de garantia. Descabimento da denunciação, só permite a denunciação da lide, na exegese restritiva necessária que se faz ao nº III do art. 70 do CPC, quando há relação jurídica de garantia propriamente dita entre o denunciante e o denunciado.</p>
<p>A aplicação restrita refere-se aos casos em que a lei ou o contrato asseguram previamente à parte o direito regressivo contra o obrigado à indenizar o prejuízo, não assim no caso de mera possibilidade de vir a nascer  aquele direito regressivo, a posteriori, com a sentença condenatória&#8230;&quot; (RT 598/171 &#8211; grifo  nosso). Vide, ainda, TR’s 586/89 e 492/159.</p>
<p><strong>II &#8211; QUANTO AO MÉRITO</strong></p>
<p>Melhor sorte não socorre a contestante, na medida em que seus argumentos são estéreis e não têm o condão de elidir o pedido inaugural, senão vejamos:</p>
<p>Data venia, não vem com perlustração a asserção da contestante de que o locatário deixara o imóvel em boas condições, inclusive reparados os danos causados, mais quando se sabe que não mais funcionária da requerida e, consigne-se, deixou em aberto também alugueres e encargos, os quais estão sendo executados junto à &#8230;.ª Vara Cível desta &#8230;., cujo prazo para interposição de embargos à execução fluiu in albis.</p>
<p>Quiçá se apresenta insonte a alegação de que se tem que coligir aos autos Nota Fiscal para comprovar quantum realmente despendido, haja vista que a lei exige que se coalesça à preferencial no mínimo três orçamentos, e isso foi atendido de pronto, o que expunge a mera alegação da requerida da exigência de nota fiscal. </p>
<p>Certo é também que ao locador é facultado efetivar o reparo do dano; basta a existência do mesmo para, em confronto com a vistoria inicial e a final, exigir do locatário ou fiador (conforme o caso) o dano que lhe for causado.</p>
<p>É certo também que a contestação empreende o tom protrativo e paliativo ao desate do discrímen, conquanto sabido é, uma vez mais, ser prescindível colacionar aos autos nota fiscal, bastando, para tanto, a comprovação  da existência do dano.</p>
<p>Exigir a realização da vistoria ad perpetuam rei memoriam como quer a contestante, é, no mínimo, exigir o prescindível, e somente para satisfazer o ego do mau pagador.</p>
<p>A requerida, a seu turno, estava presciente dos devaneios do locatário e funcionário &#8230;., tanto que fora colocada a par da situação, sem, contudo, tomar as providências devidas por força do contrato.</p>
<p>Falar-se em locuplemento sem causa, in casu, é ir ao encontro do absurdo, posto que o que alegado na vestibular é objeto de análise e prova e isso será feito, posto que se trata de processo de conhecimento não de execução.</p>
<p>Daí, afugentar a decantada asserção da contestante, assaz pueril da pemenga.</p>
<p>Ao que se dessume do teor contestatório, vê-se que a contestante tece considerações com escopo meramente paliativo e sem sequer atingir o pedido na inicial, mesmo porque estanques os argumentos postos à elisão daquele pedido.</p>
<p>Tanto é assim, que sequer juntou um documento, o que demonstra, às claras, que outro não o desiderato buscado pela contestante, o que é lamentável.</p>
<p>EX POSITIS, requer-se que a Vossa Excelência, prima facie, haja por bem em repelir a preliminar de denunciação da lide, por incongruente e, de conseguinte, determinar que a requerida regularize a sua apresentação, nos termos do art. 12, inciso VI do Código de Processo Civil;</p>
<p>Outrossim, levando-se em conta que a requerida sequer requereu a produção de qualquer prova, enseja assinalar que o direito de produzir provas encontra-se precluso (arts. 278 e 303 do sobredito Codex). Ao final, o prosseguimento do feito, com designação de audiência de instrução e julgamento, se assim entender Vossa Excelência, com a produção de provas elencadas na inaugural, cominando com o julgamento de procedência do pedido proemial.</p>
<p>Nesses termos,</p>
<p>pede deferimento.</p>
<p>&#8230;., &#8230;. de &#8230;. de &#8230;.</p>
<p>&#8230;&#8230;&#8230;&#8230;&#8230;&#8230;</p>
<p>Advogado OAB/&#8230;</p>
