{"id":29497,"date":"2023-07-29T00:15:06","date_gmt":"2023-07-29T00:15:06","guid":{"rendered":"https:\/\/easyjur.com\/blog\/?post_type=modelos-de-peticao&#038;p=3650"},"modified":"2023-07-29T00:15:06","modified_gmt":"2023-07-29T00:15:06","slug":"pedido-de-guarda-e-responsabilidade-avo-requer-a-guarda-e-responsabilidade-de-neto","status":"publish","type":"modelos-de-peticao","link":"https:\/\/easyjur.com\/blog\/modelos-de-peticao\/pedido-de-guarda-e-responsabilidade-avo-requer-a-guarda-e-responsabilidade-de-neto\/","title":{"rendered":"[MODELO] Pedido de guarda e responsabilidade  &#8211;  Av\u00f3 requer a guarda e responsabilidade de neto"},"content":{"rendered":"<p><strong>GUARDA E RESPONSABILIDADE<\/strong>&#8211; <strong>Av\u00f3 de menor<\/strong> que est\u00e1 com a guarda o neto <strong>pede a guarda e responsabilidade<\/strong> do mesmo.<\/p>\n<p>EXMO. SR. JUIZ DE DIREITO DA VARA DA INF\u00c2NCIA E DA JUVENTUDE DA COMARCA DE &#8230;. <\/p>\n<p>&#8230;&#8230;&#8230;&#8230;&#8230;&#8230;&#8230;&#8230;&#8230;&#8230;&#8230;&#8230;&#8230;&#8230;&#8230;&#8230;&#8230;., (qualifica\u00e7\u00e3o), portadora da C\u00e9dula de Identidade\/RG n\u00ba &#8230;., e inscrita no CPF\/MF sob o n\u00ba &#8230;., residente e domiciliada na Rua &#8230;. n\u00ba &#8230;., na Cidade de &#8230;., vem, respeitosamente \u00e0 presen\u00e7a de Vossa Excel\u00eancia, por sua procuradora judicial (procura\u00e7\u00e3o em anexo), com escrit\u00f3rio profissional na Rua &#8230;. n\u00ba &#8230;., e devidamente inscrita na OAB\/Se\u00e7\u00e3o &#8230;. sob o n\u00ba &#8230;., requerer a <\/p>\n<h1>GUARDA E RESPONSABILIDADE<\/h1>\n<p>de &#8230;. e &#8230;., menores imp\u00faberes, com fundamento nos artigos 33 e seguintes da Lei n\u00ba 8.069\/90, pelas raz\u00f5es de direito e de fato que passar\u00e1 a expor, para ao final requerer:<\/p>\n<h1>I. DOS FATOS<\/h1>\n<p>A Requerente \u00e9 av\u00f3 materna dos menores &#8230;., nascido em data de &#8230;., e &#8230;., nascida em data de &#8230;., (certid\u00f5es de nascimento em anexo), sendo que det\u00e9m sua guarda de fato, desde que a m\u00e3e dos mesmos se mudou para a Cidade de&#8230;., h\u00e1 &#8230;. anos.<\/p>\n<p>Desde que assumiu a guarda de fato dos netos, a ora Requerente recebe o pedido da filha para lev\u00e1-los a visit\u00e1-la nos Estados Unidos. Providenciou inclusive o passaporte dos menores para a viagem a ser realizada nestas f\u00e9rias de julho, sendo-lhe exigido, para vistar os mesmos passaportes, que tenha a guarda e responsabilidade das crian\u00e7as.<\/p>\n<p>A m\u00e3e &#8230;., n\u00e3o se op\u00f5e ao pedido da Requerente, vez que, inclusive, firmou procura\u00e7\u00e3o por instrumento p\u00fablico, com este fim especial.<\/p>\n<p>A pretens\u00e3o da Requerente com a presente A\u00e7\u00e3o de Guarda e Responsabilidade \u00e9 regularizar sua situa\u00e7\u00e3o junto aos seus netos para, desse modo, poder tratar de todos os assuntos relativos aos mesmos, visto que, h\u00e1 muito tempo, responde sozinha pelos mesmos e principalmente, para lev\u00e1-los a visitar a m\u00e3e regularmente.<\/p>\n<p><strong>ISTO POSTO<\/strong>, requer-se \u00e0 Vossa Excel\u00eancia:<\/p>\n<p>1) a ouvida do ilustre Representante do Minist\u00e9rio P\u00fablico;<\/p>\n<p>2) provar o alegado por todos os meios de prova em direito admitidos, tais como, depoimento pessoal dos Requeridos, prova documental, testemunhal e todas as outras que se fizerem necess\u00e1rias ao deslinde da causa;<\/p>\n<p>3) a realiza\u00e7\u00e3o de investiga\u00e7\u00e3o social e sindic\u00e2ncia, pelos servi\u00e7os de Assist\u00eancia Social e Psicologia deste ju\u00edzo, a fim de verificar a atual situa\u00e7\u00e3o em que se encontram as crian\u00e7as, bem como o grau de sua adapta\u00e7\u00e3o junto a Requerente; o que pode ser feito &quot;a posteriori&quot;, tendo em vista a urg\u00eancia de viajar com os mesmos no per\u00edodo de f\u00e9rias escolares;<\/p>\n<p>4) ao final, julgar totalmente procedente o presente pedido de guarda e responsabilidade, determinando-se a expedi\u00e7\u00e3o do competente termo.<\/p>\n<p>Nestes Termos,<\/p>\n<p>Pede deferimento.<\/p>\n<p>&#8230;., &#8230;. de &#8230;. de &#8230;.<\/p>\n<p>&#8230;&#8230;&#8230;&#8230;&#8230;&#8230;<\/p>\n<p>Advogada OAB\/&#8230;<\/p>\n","protected":false},"featured_media":0,"parent":0,"menu_order":0,"template":"","meta":{"content-type":""},"categoria-modelo":[142],"class_list":["post-29497","modelos-de-peticao","type-modelos-de-peticao","status-publish","hentry","categoria-modelo-civel"],"_links":{"self":[{"href":"https:\/\/easyjur.com\/blog\/wp-json\/wp\/v2\/modelos-de-peticao\/29497","targetHints":{"allow":["GET"]}}],"collection":[{"href":"https:\/\/easyjur.com\/blog\/wp-json\/wp\/v2\/modelos-de-peticao"}],"about":[{"href":"https:\/\/easyjur.com\/blog\/wp-json\/wp\/v2\/types\/modelos-de-peticao"}],"wp:attachment":[{"href":"https:\/\/easyjur.com\/blog\/wp-json\/wp\/v2\/media?parent=29497"}],"wp:term":[{"taxonomy":"categoria-modelo","embeddable":true,"href":"https:\/\/easyjur.com\/blog\/wp-json\/wp\/v2\/categoria-modelo?post=29497"}],"curies":[{"name":"wp","href":"https:\/\/api.w.org\/{rel}","templated":true}]}}

[MODELO] Pedido de guarda e responsabilidade  &#8211;  Avó requer a guarda e responsabilidade de neto

<p><strong>GUARDA E RESPONSABILIDADE</strong>&#8211; <strong>Avó de menor</strong> que está com a guarda o neto <strong>pede a guarda e responsabilidade</strong> do mesmo.</p>
<p>EXMO. SR. JUIZ DE DIREITO DA VARA DA INFÂNCIA E DA JUVENTUDE DA COMARCA DE &#8230;. </p>
<p>&#8230;&#8230;&#8230;&#8230;&#8230;&#8230;&#8230;&#8230;&#8230;&#8230;&#8230;&#8230;&#8230;&#8230;&#8230;&#8230;&#8230;., (qualificação), portadora da Cédula de Identidade/RG nº &#8230;., e inscrita no CPF/MF sob o nº &#8230;., residente e domiciliada na Rua &#8230;. nº &#8230;., na Cidade de &#8230;., vem, respeitosamente à presença de Vossa Excelência, por sua procuradora judicial (procuração em anexo), com escritório profissional na Rua &#8230;. nº &#8230;., e devidamente inscrita na OAB/Seção &#8230;. sob o nº &#8230;., requerer a </p>
<h1>GUARDA E RESPONSABILIDADE</h1>
<p>de &#8230;. e &#8230;., menores impúberes, com fundamento nos artigos 33 e seguintes da Lei nº 8.069/90, pelas razões de direito e de fato que passará a expor, para ao final requerer:</p>
<h1>I. DOS FATOS</h1>
<p>A Requerente é avó materna dos menores &#8230;., nascido em data de &#8230;., e &#8230;., nascida em data de &#8230;., (certidões de nascimento em anexo), sendo que detém sua guarda de fato, desde que a mãe dos mesmos se mudou para a Cidade de&#8230;., há &#8230;. anos.</p>
<p>Desde que assumiu a guarda de fato dos netos, a ora Requerente recebe o pedido da filha para levá-los a visitá-la nos Estados Unidos. Providenciou inclusive o passaporte dos menores para a viagem a ser realizada nestas férias de julho, sendo-lhe exigido, para vistar os mesmos passaportes, que tenha a guarda e responsabilidade das crianças.</p>
<p>A mãe &#8230;., não se opõe ao pedido da Requerente, vez que, inclusive, firmou procuração por instrumento público, com este fim especial.</p>
<p>A pretensão da Requerente com a presente Ação de Guarda e Responsabilidade é regularizar sua situação junto aos seus netos para, desse modo, poder tratar de todos os assuntos relativos aos mesmos, visto que, há muito tempo, responde sozinha pelos mesmos e principalmente, para levá-los a visitar a mãe regularmente.</p>
<p><strong>ISTO POSTO</strong>, requer-se à Vossa Excelência:</p>
<p>1) a ouvida do ilustre Representante do Ministério Público;</p>
<p>2) provar o alegado por todos os meios de prova em direito admitidos, tais como, depoimento pessoal dos Requeridos, prova documental, testemunhal e todas as outras que se fizerem necessárias ao deslinde da causa;</p>
<p>3) a realização de investigação social e sindicância, pelos serviços de Assistência Social e Psicologia deste juízo, a fim de verificar a atual situação em que se encontram as crianças, bem como o grau de sua adaptação junto a Requerente; o que pode ser feito &quot;a posteriori&quot;, tendo em vista a urgência de viajar com os mesmos no período de férias escolares;</p>
<p>4) ao final, julgar totalmente procedente o presente pedido de guarda e responsabilidade, determinando-se a expedição do competente termo.</p>
<p>Nestes Termos,</p>
<p>Pede deferimento.</p>
<p>&#8230;., &#8230;. de &#8230;. de &#8230;.</p>
<p>&#8230;&#8230;&#8230;&#8230;&#8230;&#8230;</p>
<p>Advogada OAB/&#8230;</p>
