{"id":29286,"date":"2023-07-29T00:10:06","date_gmt":"2023-07-29T00:10:06","guid":{"rendered":"https:\/\/easyjur.com\/blog\/?post_type=modelos-de-peticao&#038;p=3650"},"modified":"2023-07-29T00:10:06","modified_gmt":"2023-07-29T00:10:06","slug":"acao-cautelar-de-sequestro-de-bens-em-processo-de-separacaodivorcio","status":"publish","type":"modelos-de-peticao","link":"https:\/\/easyjur.com\/blog\/modelos-de-peticao\/acao-cautelar-de-sequestro-de-bens-em-processo-de-separacaodivorcio\/","title":{"rendered":"[MODELO] &#8220;A\u00e7\u00e3o Cautelar de Sequestro de Bens em Processo de Separa\u00e7\u00e3o\/Div\u00f3rcio&#8221;"},"content":{"rendered":"<p><strong>EXCELENT\u00cdSSIMO Senhor DOUTOR JUIZ DE DIREITO DA &#8230;&#8230;a VARA &#8230;&#8230;&#8230;&#8230;&#8230;&#8230; DO FORO&#8230;&#8230;&#8230;&#8230;&#8230;&#8230;&#8230;. <\/strong><\/p>\n<p>PROCESSO N<strong>o <\/strong>&#8230;&#8230;&#8230;. (DISTR. POR DEPEND\u00caNCIA) <\/p>\n<\/p>\n<p>&#8230;&#8230;&#8230;&#8230;&#8230;&#8230;&#8230;&#8230;&#8230;&#8230; (nome completo),&#8230;&#8230;&#8230;&#8230;&#8230;&#8230;.. (nacionalidade),&#8230;&#8230;&#8230;&#8230;&#8230;..(estado civil), &#8230;&#8230;&#8230;&#8230;.. (profiss\u00e3o), portadora da c\u00e9dula de identidade RG <strong>no <\/strong>&#8230;&#8230;&#8230;&#8230;. e inscrita no CPF\/MF sob <strong>no <\/strong>&#8230;&#8230;&#8230;.., residente e domiciliada \u00e0 &#8230;&#8230;&#8230;&#8230;&#8230;.(endere\u00e7o completo: rua \u2013 av, no , complemento , bairro, cidade , CEP, UF ), por seu Advogado e bastante procurador conforme instrumento mandat\u00f3rio em anexo (doc. &#8230;&#8230;), ao final assinado, com endere\u00e7o profissional \u00e0 &#8230;&#8230;&#8230;&#8230;(endere\u00e7o completo: rua \u2013 av., n\u00ba, complemento, bairro, cidade, CEP, UF) onde receber\u00e1 as intima\u00e7\u00f5es para os atos processuais, vem, respeitosamente, \u00e0 honrosa presen\u00e7a de Vossa Excel\u00eancia propor <\/p>\n<h1><strong>A\u00c7\u00c3O CAUTELAR DE SEQUESTRO DE BENS <\/strong><\/h1>\n<p>em face de &#8230;&#8230;&#8230;&#8230;&#8230;&#8230;.(nome completo), &#8230;&#8230;&#8230;&#8230;&#8230;(nacionalidade),&#8230;&#8230;&#8230;&#8230;&#8230;(estado civil),&#8230;&#8230;&#8230;&#8230;(profiss\u00e3o), portador da c\u00e9dula de identidade RG <strong>no <\/strong>&#8230;&#8230;&#8230;&#8230;&#8230;. e inscrito no CPF\/MF sob <strong>no <\/strong>&#8230;&#8230;&#8230;&#8230;.., residente \u00e0 &#8230;&#8230;&#8230;&#8230;&#8230;&#8230;.(endere\u00e7o completo: rua \u2013 av. \u2013 . , no , complemento , bairro , cidade, CEP, UF ), pelos motivos de fato  e de direito que passa a expor, ponderar e, ao final, requer: <\/p>\n<p>1. Tramita perante a MM&#8230;.<strong>a <\/strong>Vara &#8230;&#8230;&#8230;. o processo de &#8230;&#8230;&#8230;&#8230;. (separa\u00e7\u00e3o ou div\u00f3rcio), de seu marido, o Requerido, processo <strong>no <\/strong>&#8230;&#8230;&#8230;.. e documentos em anexo (doc. &#8230;&#8230;). <\/p>\n<p>Possuem, em conjunto, &#8230;&#8230;&#8230;&#8230;&#8230;&#8230;&#8230; (descrever os bens em comum, como conta corrente, autom\u00f3veis, a\u00e7\u00f5es&#8230;). <\/p>\n<\/p>\n<p>2. Desde a separa\u00e7\u00e3o de fato, o Requerido vem dilapidando o patrim\u00f4nio do casal, a ponto de &#8230;&#8230;&#8230;&#8230;&#8230;&#8230;&#8230; (descrever as atitudes do Requerido que comprovam a diminui\u00e7\u00e3o do patrim\u00f4nio), sem prestar qualquer satisfa\u00e7\u00e3o \u00e0 Requerente ou sequer comunicar sua inten\u00e7\u00e3o. <\/p>\n<\/p>\n<p>O Requerido sempre manteve comportamento pouco conciliat\u00f3rio e causador de dano patrimonial, por isso vem a este Ju\u00edzo pleitear medida cautelar que proteja seus direitos futuros. <\/p>\n<\/p>\n<p>Necessita, por ora, medida preventiva e urgente enquanto n\u00e3o se define a a\u00e7\u00e3o principal de&#8230;&#8230;&#8230;&#8230;&#8230;&#8230;&#8230;&#8230;&#8230;&#8230; (separa\u00e7\u00e3o ou div\u00f3rcio) j\u00e1 distribu\u00edda. <\/p>\n<\/p>\n<p>Diante do exposto, requer: <\/p>\n<\/p>\n<ol>\n<li>a) a concess\u00e3o da medida liminar de seq\u00fcestro dos &#8230;&#8230;&#8230;&#8230; (mencionar os bens como conta banc\u00e1ria, autom\u00f3vel) que se encontram na posse do requerido, entregando-os \u00e0 Requerente ou a deposit\u00e1rio indicado, ap\u00f3s a presta\u00e7\u00e3o do compromisso legal. <\/li>\n<\/ol>\n<p>b) a cita\u00e7\u00e3o do R\u00e9u, para contestar, querendo, a presente a\u00e7\u00e3o, sob pena de revelia, e, ap\u00f3s, seja acolhido o pedido, nos exatos termos da inicial. <\/p>\n<\/p>\n<p>c) ao final, a  condena\u00e7\u00e3o do Requerido nas custas e honor\u00e1rios de advogado e demais comina\u00e7\u00f5es de estilo. <\/p>\n<\/p>\n<p>Autor\/requerente aberto \u00e0 concilia\u00e7\u00e3o\/media\u00e7\u00e3o, conforme a nova sistem\u00e1tica da Lei 13.105 de 2015.<\/p>\n<p>D\u00e1, \u00e0 causa, o valor de R$&#8230;&#8230;&#8230;&#8230;&#8230;(valor por extenso) para efeitos de al\u00e7ada. <\/p>\n<\/p>\n<h2>Nestes Termos <\/h2>\n<\/p>\n<p>Pede Deferimento <\/p>\n<\/p>\n<\/p>\n<p>&#8230;&#8230;&#8230;&#8230;&#8230;&#8230;&#8230;&#8230;&#8230;., &#8230;.. de &#8230;&#8230;&#8230;&#8230;&#8230; de &#8230;&#8230;&#8230;. <\/p>\n<p>(local e Data) <\/p>\n<\/p>\n<p>&#8230;&#8230;&#8230;&#8230;&#8230;&#8230;&#8230;&#8230;&#8230;&#8230;.. <\/p>\n<p>Advogado (nome) <\/p>\n<p>OAB no &#8230;&#8230;&#8230;&#8230;&#8230;&#8230; <\/p>\n<\/p><\/p>\n","protected":false},"featured_media":0,"parent":0,"menu_order":0,"template":"","meta":{"content-type":""},"categoria-modelo":[142],"class_list":["post-29286","modelos-de-peticao","type-modelos-de-peticao","status-publish","hentry","categoria-modelo-civel"],"_links":{"self":[{"href":"https:\/\/easyjur.com\/blog\/wp-json\/wp\/v2\/modelos-de-peticao\/29286","targetHints":{"allow":["GET"]}}],"collection":[{"href":"https:\/\/easyjur.com\/blog\/wp-json\/wp\/v2\/modelos-de-peticao"}],"about":[{"href":"https:\/\/easyjur.com\/blog\/wp-json\/wp\/v2\/types\/modelos-de-peticao"}],"wp:attachment":[{"href":"https:\/\/easyjur.com\/blog\/wp-json\/wp\/v2\/media?parent=29286"}],"wp:term":[{"taxonomy":"categoria-modelo","embeddable":true,"href":"https:\/\/easyjur.com\/blog\/wp-json\/wp\/v2\/categoria-modelo?post=29286"}],"curies":[{"name":"wp","href":"https:\/\/api.w.org\/{rel}","templated":true}]}}

[MODELO] &#8220;Ação Cautelar de Sequestro de Bens em Processo de Separação/Divórcio&#8221;

<p><strong>EXCELENTÍSSIMO Senhor DOUTOR JUIZ DE DIREITO DA &#8230;&#8230;a VARA &#8230;&#8230;&#8230;&#8230;&#8230;&#8230; DO FORO&#8230;&#8230;&#8230;&#8230;&#8230;&#8230;&#8230;. </strong></p>
<p>PROCESSO N<strong>o </strong>&#8230;&#8230;&#8230;. (DISTR. POR DEPENDÊNCIA) </p>
</p>
<p>&#8230;&#8230;&#8230;&#8230;&#8230;&#8230;&#8230;&#8230;&#8230;&#8230; (nome completo),&#8230;&#8230;&#8230;&#8230;&#8230;&#8230;.. (nacionalidade),&#8230;&#8230;&#8230;&#8230;&#8230;..(estado civil), &#8230;&#8230;&#8230;&#8230;.. (profissão), portadora da cédula de identidade RG <strong>no </strong>&#8230;&#8230;&#8230;&#8230;. e inscrita no CPF/MF sob <strong>no </strong>&#8230;&#8230;&#8230;.., residente e domiciliada à &#8230;&#8230;&#8230;&#8230;&#8230;.(endereço completo: rua – av, no , complemento , bairro, cidade , CEP, UF ), por seu Advogado e bastante procurador conforme instrumento mandatório em anexo (doc. &#8230;&#8230;), ao final assinado, com endereço profissional à &#8230;&#8230;&#8230;&#8230;(endereço completo: rua – av., nº, complemento, bairro, cidade, CEP, UF) onde receberá as intimações para os atos processuais, vem, respeitosamente, à honrosa presença de Vossa Excelência propor </p>
<h1><strong>AÇÃO CAUTELAR DE SEQUESTRO DE BENS </strong></h1>
<p>em face de &#8230;&#8230;&#8230;&#8230;&#8230;&#8230;.(nome completo), &#8230;&#8230;&#8230;&#8230;&#8230;(nacionalidade),&#8230;&#8230;&#8230;&#8230;&#8230;(estado civil),&#8230;&#8230;&#8230;&#8230;(profissão), portador da cédula de identidade RG <strong>no </strong>&#8230;&#8230;&#8230;&#8230;&#8230;. e inscrito no CPF/MF sob <strong>no </strong>&#8230;&#8230;&#8230;&#8230;.., residente à &#8230;&#8230;&#8230;&#8230;&#8230;&#8230;.(endereço completo: rua – av. – . , no , complemento , bairro , cidade, CEP, UF ), pelos motivos de fato  e de direito que passa a expor, ponderar e, ao final, requer: </p>
<p>1. Tramita perante a MM&#8230;.<strong>a </strong>Vara &#8230;&#8230;&#8230;. o processo de &#8230;&#8230;&#8230;&#8230;. (separação ou divórcio), de seu marido, o Requerido, processo <strong>no </strong>&#8230;&#8230;&#8230;.. e documentos em anexo (doc. &#8230;&#8230;). </p>
<p>Possuem, em conjunto, &#8230;&#8230;&#8230;&#8230;&#8230;&#8230;&#8230; (descrever os bens em comum, como conta corrente, automóveis, ações&#8230;). </p>
</p>
<p>2. Desde a separação de fato, o Requerido vem dilapidando o patrimônio do casal, a ponto de &#8230;&#8230;&#8230;&#8230;&#8230;&#8230;&#8230; (descrever as atitudes do Requerido que comprovam a diminuição do patrimônio), sem prestar qualquer satisfação à Requerente ou sequer comunicar sua intenção. </p>
</p>
<p>O Requerido sempre manteve comportamento pouco conciliatório e causador de dano patrimonial, por isso vem a este Juízo pleitear medida cautelar que proteja seus direitos futuros. </p>
</p>
<p>Necessita, por ora, medida preventiva e urgente enquanto não se define a ação principal de&#8230;&#8230;&#8230;&#8230;&#8230;&#8230;&#8230;&#8230;&#8230;&#8230; (separação ou divórcio) já distribuída. </p>
</p>
<p>Diante do exposto, requer: </p>
</p>
<ol>
<li>a) a concessão da medida liminar de seqüestro dos &#8230;&#8230;&#8230;&#8230; (mencionar os bens como conta bancária, automóvel) que se encontram na posse do requerido, entregando-os à Requerente ou a depositário indicado, após a prestação do compromisso legal. </li>
</ol>
<p>b) a citação do Réu, para contestar, querendo, a presente ação, sob pena de revelia, e, após, seja acolhido o pedido, nos exatos termos da inicial. </p>
</p>
<p>c) ao final, a  condenação do Requerido nas custas e honorários de advogado e demais cominações de estilo. </p>
</p>
<p>Autor/requerente aberto à conciliação/mediação, conforme a nova sistemática da Lei 13.105 de 2015.</p>
<p>Dá, à causa, o valor de R$&#8230;&#8230;&#8230;&#8230;&#8230;(valor por extenso) para efeitos de alçada. </p>
</p>
<h2>Nestes Termos </h2>
</p>
<p>Pede Deferimento </p>
</p>
</p>
<p>&#8230;&#8230;&#8230;&#8230;&#8230;&#8230;&#8230;&#8230;&#8230;., &#8230;.. de &#8230;&#8230;&#8230;&#8230;&#8230; de &#8230;&#8230;&#8230;. </p>
<p>(local e Data) </p>
</p>
<p>&#8230;&#8230;&#8230;&#8230;&#8230;&#8230;&#8230;&#8230;&#8230;&#8230;.. </p>
<p>Advogado (nome) </p>
<p>OAB no &#8230;&#8230;&#8230;&#8230;&#8230;&#8230; </p>
</p></p>
