{"id":28900,"date":"2023-07-28T23:59:49","date_gmt":"2023-07-28T23:59:49","guid":{"rendered":"https:\/\/easyjur.com\/blog\/?post_type=modelos-de-peticao&#038;p=3650"},"modified":"2023-07-28T23:59:49","modified_gmt":"2023-07-28T23:59:49","slug":"recurso-de-apelacao-pedido-de-reforma-da-sentenca-de-despejo-por-falta-de-pagamento-para-observar-o-efeito-moratorio-intercorrente","status":"publish","type":"modelos-de-peticao","link":"https:\/\/easyjur.com\/blog\/modelos-de-peticao\/recurso-de-apelacao-pedido-de-reforma-da-sentenca-de-despejo-por-falta-de-pagamento-para-observar-o-efeito-moratorio-intercorrente\/","title":{"rendered":"[MODELO] Recurso de Apela\u00e7\u00e3o  &#8211;  Pedido de reforma da senten\u00e7a de despejo por falta de pagamento para observar o efeito morat\u00f3rio intercorrente."},"content":{"rendered":"<p><strong>A\u00e7\u00e3o de Despejo<\/strong> -A apelante interp\u00f5e recurso visando a reforma da senten\u00e7a &quot;a quo&quot; para que seja observado o efeito morat\u00f3rio intercorrente, isto \u00e9, dos alugueres vencidos por ocasi\u00e3o da propositura da a\u00e7\u00e3o e dos vincendos.<\/p>\n<p>EXMO. SR. DR. JUIZ DE  DIREITO DA &#8230;.\u00aa VARA C\u00cdVEL DA COMARCA DE &#8230;.<\/p>\n<p>Processo n\u00ba &#8230;.<\/p>\n<h1>A\u00e7\u00e3o de Despejo por Falta de Pagamento<\/h1>\n<p>A. &#8230;.<\/p>\n<p>R. &#8230;.<\/p>\n<p>&#8230;&#8230;&#8230;&#8230;&#8230;&#8230;&#8230;&#8230;&#8230;&#8230;&#8230;&#8230;&#8230;&#8230;&#8230;&#8230;&#8230;. (qualifica\u00e7\u00e3o), inscrito no CGC\/MF sob n\u00ba &#8230;., domiciliado em &#8230;., nestes autos de <strong>A\u00c7\u00c3O DE DESPEJO POR<\/strong> <strong>FALTA DE PAGAMENTO<\/strong> que move em face de  &#8230;&#8230;&#8230;&#8230;&#8230;&#8230;.., devidamente representada por seu advogado infra-assinado, j\u00e1 credenciado, vem \u00e0 presen\u00e7a de Vossa Excel\u00eancia, eis que irresignada com a respeit\u00e1vel senten\u00e7a de fls.. &#8230;. usque &#8230;., que julgou improcedente a a\u00e7\u00e3o; interpor o presente recurso de apela\u00e7\u00e3o, cujas raz\u00f5es encontram-se anexadas \u00e0 presente, requerendo que seja recebido e remetido ao Egr\u00e9gio Tribunal de Al\u00e7ada do &#8230;., nos termos do disposto no artigo 103, item III, al\u00ednea &quot;f&quot;, da Constitui\u00e7\u00e3o Estadual.<\/p>\n<p>Pede deferimento.<\/p>\n<p>&#8230;., &#8230;. de &#8230;. de &#8230;.<\/p>\n<p>&#8230;&#8230;&#8230;&#8230;&#8230;&#8230;<\/p>\n<p>Advogado<\/p>\n<p><strong>RAZ\u00d5ES DA APELANTE<\/strong><\/p>\n<p><strong>EGR\u00c9GIO TRIBUNAL<\/strong><\/p>\n<p>A senten\u00e7a atacada deve ser, data venia, reformada, eis que incorreu em equ\u00edvoco o Juiz que a prolatou.<\/p>\n<p>A ora recursante invocou a tutela jurisdicional, objetivando obter o despejo do im\u00f3vel alvo da loca\u00e7\u00e3o, fundado na falta de pagamento de alugu\u00e9is do m\u00eas vencido de &#8230;. e vincendos de &#8230;., &#8230;., conforme se denota \u00e0s fls. &#8230;. dos autos, cujo d\u00e9bito \u00e9 oriundo do contrato de loca\u00e7\u00e3o em mesa, o qual operou-se em conson\u00e2ncia com a autonomia da vontade das partes.<\/p>\n<h1>AS CONSIDERA\u00c7\u00d5ES DA APELANTE<\/h1>\n<p>Ocorreu que a acionada foi citada para emendar a mora e o juiz processante n\u00e3o se manifestou sobre a mesma; e se isto acontecesse, a ora apelante teria a oportunidade de concordar ou discordar, alegando ou n\u00e3o a integralidade da oferta, e estaria encerrada a a\u00e7\u00e3o. Todavia, o juiz, omitindo durante o curso processual (autos fls. &#8230;.) &#8211; previsto em lei pelo artigo 62, II, da Lei 8.245\/91 (LI) &#8211; proferiu precipitadamente uma senten\u00e7a inadequada e nula, porquanto preteriu ato indispens\u00e1vel ao conhecimento do locador.<\/p>\n<p>O preju\u00edzo \u00e9 de conseq\u00fc\u00eancia material devido a sucumb\u00eancia, bem como atentou contra a simplicidade da presta\u00e7\u00e3o jurisdicional pleiteada, n\u00e3o atendendo a inten\u00e7\u00e3o de cobrar e pagar.<\/p>\n<p>Se isso n\u00e3o constou da contesta\u00e7\u00e3o, devia o juiz julgar, a final ou mesmo antecipadamente,o que efetivamente era a quantia devida e n\u00e3o julgar improcedente a a\u00e7\u00e3o mormente quando o inquilino n\u00e3o usou no tempo pr\u00f3prio a consigna\u00e7\u00e3o em pagamento.<\/p>\n<p>O mencionado artigo 62, II da Lei Inquilin\u00e1ria estabelece nova sistem\u00e1tica para o despejo por falta de pagamento, n\u00e3o tendo mais lugar a pr\u00e9via elabora\u00e7\u00e3o de contar pelo Contador nem a designa\u00e7\u00e3o de data para a purga\u00e7\u00e3o.  Cabe ao locat\u00e1rio, em 15 dias, ap\u00f3s a intima\u00e7\u00e3o do deferimento da emenda, depositar judicialmente o valor que entender devido. N\u00e3o o fazendo, sujeita-se ao despejo.<\/p>\n<h1>EM RESUMO<\/h1>\n<p>Os fatos aos autos e que interessam ao Ju\u00edzo do feito s\u00e3o unicamente estes:<\/p>\n<p>1. a rela\u00e7\u00e3o ex locato, regularmente instrumentalizada pelo contrato de fls. &#8230;.:<\/p>\n<p>1.1.  prazo: &#8230;.<\/p>\n<p>1.2. pre\u00e7o: &#8230;.<\/p>\n<p>2.  falta de pagamento de alugu\u00e9is, com demonstrativo do d\u00e9bito feito de forma minuciosa e indicando perfeita conson\u00e2ncia com o contrato:<\/p>\n<p>2.1. per\u00edodo: <\/p>\n<p>3. aus\u00eancia total de quita\u00e7\u00e3o:<\/p>\n<p>3.1. idem dep\u00f3sito judicial<\/p>\n<p>3.2. aus\u00eancia de a\u00e7\u00e3o de consigna\u00e7\u00e3o em pagamento.<\/p>\n<p>A autora provou a exist\u00eancia de todos esses elementos, e conseq\u00fcentemente est\u00e1 ao amparo legal do pretendido despejo. A falta de pagamento dos alugu\u00e9is e encargos \u00e9 fato concreto, que gera direito perseguido.  Como a r\u00e9 n\u00e3o provou em contr\u00e1rio, imp\u00f5e-se a proced\u00eancia da a\u00e7\u00e3o nos termos em que foi pleiteada.<\/p>\n<p>A senten\u00e7a tem que ser clara e nos limites dela \u00e9 que se ora apela.<\/p>\n<h1>O PEDIDO DE REFORMA<\/h1>\n<p>Ante as raz\u00f5es expostas, espera o apelante que esse Egr\u00e9gio Tribunal, acolha o presente pedido e lhe d\u00ea provimento, a fim de que a referida senten\u00e7a seja reformada para que seja apreciado de forma clara e precisa o pedido de cobran\u00e7a dos alugu\u00e9is e a oferta proposta, mas n\u00e3o materializado nos autos e suas respectivas conseq\u00fc\u00eancias, ou seja, o seu efeito morat\u00f3rio intercorrente, isto \u00e9, do m\u00eas vencido por ocasi\u00e3o da propositura da a\u00e7\u00e3o e dos vincendos, tudo nos restritos termos do pedido inicial, de conformidade com a legisla\u00e7\u00e3o inquilin\u00e1ria, como medida de <\/p>\n<p>JUSTI\u00c7A.<\/p>\n<p>Nestes Termos<\/p>\n<p>Pede Deferimento<\/p>\n<p>&#8230;., &#8230;. de &#8230;. de &#8230;.<\/p>\n<p>&#8230;&#8230;&#8230;&#8230;&#8230;&#8230;<\/p>\n<p>Advogado OAB\/&#8230;<\/p>\n","protected":false},"featured_media":0,"parent":0,"menu_order":0,"template":"","meta":{"content-type":""},"categoria-modelo":[142],"class_list":["post-28900","modelos-de-peticao","type-modelos-de-peticao","status-publish","hentry","categoria-modelo-civel"],"_links":{"self":[{"href":"https:\/\/easyjur.com\/blog\/wp-json\/wp\/v2\/modelos-de-peticao\/28900","targetHints":{"allow":["GET"]}}],"collection":[{"href":"https:\/\/easyjur.com\/blog\/wp-json\/wp\/v2\/modelos-de-peticao"}],"about":[{"href":"https:\/\/easyjur.com\/blog\/wp-json\/wp\/v2\/types\/modelos-de-peticao"}],"wp:attachment":[{"href":"https:\/\/easyjur.com\/blog\/wp-json\/wp\/v2\/media?parent=28900"}],"wp:term":[{"taxonomy":"categoria-modelo","embeddable":true,"href":"https:\/\/easyjur.com\/blog\/wp-json\/wp\/v2\/categoria-modelo?post=28900"}],"curies":[{"name":"wp","href":"https:\/\/api.w.org\/{rel}","templated":true}]}}

[MODELO] Recurso de Apelação  &#8211;  Pedido de reforma da sentença de despejo por falta de pagamento para observar o efeito moratório intercorrente.

<p><strong>Ação de Despejo</strong> -A apelante interpõe recurso visando a reforma da sentença &quot;a quo&quot; para que seja observado o efeito moratório intercorrente, isto é, dos alugueres vencidos por ocasião da propositura da ação e dos vincendos.</p>
<p>EXMO. SR. DR. JUIZ DE  DIREITO DA &#8230;.ª VARA CÍVEL DA COMARCA DE &#8230;.</p>
<p>Processo nº &#8230;.</p>
<h1>Ação de Despejo por Falta de Pagamento</h1>
<p>A. &#8230;.</p>
<p>R. &#8230;.</p>
<p>&#8230;&#8230;&#8230;&#8230;&#8230;&#8230;&#8230;&#8230;&#8230;&#8230;&#8230;&#8230;&#8230;&#8230;&#8230;&#8230;&#8230;. (qualificação), inscrito no CGC/MF sob nº &#8230;., domiciliado em &#8230;., nestes autos de <strong>AÇÃO DE DESPEJO POR</strong> <strong>FALTA DE PAGAMENTO</strong> que move em face de  &#8230;&#8230;&#8230;&#8230;&#8230;&#8230;.., devidamente representada por seu advogado infra-assinado, já credenciado, vem à presença de Vossa Excelência, eis que irresignada com a respeitável sentença de fls.. &#8230;. usque &#8230;., que julgou improcedente a ação; interpor o presente recurso de apelação, cujas razões encontram-se anexadas à presente, requerendo que seja recebido e remetido ao Egrégio Tribunal de Alçada do &#8230;., nos termos do disposto no artigo 103, item III, alínea &quot;f&quot;, da Constituição Estadual.</p>
<p>Pede deferimento.</p>
<p>&#8230;., &#8230;. de &#8230;. de &#8230;.</p>
<p>&#8230;&#8230;&#8230;&#8230;&#8230;&#8230;</p>
<p>Advogado</p>
<p><strong>RAZÕES DA APELANTE</strong></p>
<p><strong>EGRÉGIO TRIBUNAL</strong></p>
<p>A sentença atacada deve ser, data venia, reformada, eis que incorreu em equívoco o Juiz que a prolatou.</p>
<p>A ora recursante invocou a tutela jurisdicional, objetivando obter o despejo do imóvel alvo da locação, fundado na falta de pagamento de aluguéis do mês vencido de &#8230;. e vincendos de &#8230;., &#8230;., conforme se denota às fls. &#8230;. dos autos, cujo débito é oriundo do contrato de locação em mesa, o qual operou-se em consonância com a autonomia da vontade das partes.</p>
<h1>AS CONSIDERAÇÕES DA APELANTE</h1>
<p>Ocorreu que a acionada foi citada para emendar a mora e o juiz processante não se manifestou sobre a mesma; e se isto acontecesse, a ora apelante teria a oportunidade de concordar ou discordar, alegando ou não a integralidade da oferta, e estaria encerrada a ação. Todavia, o juiz, omitindo durante o curso processual (autos fls. &#8230;.) &#8211; previsto em lei pelo artigo 62, II, da Lei 8.245/91 (LI) &#8211; proferiu precipitadamente uma sentença inadequada e nula, porquanto preteriu ato indispensável ao conhecimento do locador.</p>
<p>O prejuízo é de conseqüência material devido a sucumbência, bem como atentou contra a simplicidade da prestação jurisdicional pleiteada, não atendendo a intenção de cobrar e pagar.</p>
<p>Se isso não constou da contestação, devia o juiz julgar, a final ou mesmo antecipadamente,o que efetivamente era a quantia devida e não julgar improcedente a ação mormente quando o inquilino não usou no tempo próprio a consignação em pagamento.</p>
<p>O mencionado artigo 62, II da Lei Inquilinária estabelece nova sistemática para o despejo por falta de pagamento, não tendo mais lugar a prévia elaboração de contar pelo Contador nem a designação de data para a purgação.  Cabe ao locatário, em 15 dias, após a intimação do deferimento da emenda, depositar judicialmente o valor que entender devido. Não o fazendo, sujeita-se ao despejo.</p>
<h1>EM RESUMO</h1>
<p>Os fatos aos autos e que interessam ao Juízo do feito são unicamente estes:</p>
<p>1. a relação ex locato, regularmente instrumentalizada pelo contrato de fls. &#8230;.:</p>
<p>1.1.  prazo: &#8230;.</p>
<p>1.2. preço: &#8230;.</p>
<p>2.  falta de pagamento de aluguéis, com demonstrativo do débito feito de forma minuciosa e indicando perfeita consonância com o contrato:</p>
<p>2.1. período: </p>
<p>3. ausência total de quitação:</p>
<p>3.1. idem depósito judicial</p>
<p>3.2. ausência de ação de consignação em pagamento.</p>
<p>A autora provou a existência de todos esses elementos, e conseqüentemente está ao amparo legal do pretendido despejo. A falta de pagamento dos aluguéis e encargos é fato concreto, que gera direito perseguido.  Como a ré não provou em contrário, impõe-se a procedência da ação nos termos em que foi pleiteada.</p>
<p>A sentença tem que ser clara e nos limites dela é que se ora apela.</p>
<h1>O PEDIDO DE REFORMA</h1>
<p>Ante as razões expostas, espera o apelante que esse Egrégio Tribunal, acolha o presente pedido e lhe dê provimento, a fim de que a referida sentença seja reformada para que seja apreciado de forma clara e precisa o pedido de cobrança dos aluguéis e a oferta proposta, mas não materializado nos autos e suas respectivas conseqüências, ou seja, o seu efeito moratório intercorrente, isto é, do mês vencido por ocasião da propositura da ação e dos vincendos, tudo nos restritos termos do pedido inicial, de conformidade com a legislação inquilinária, como medida de </p>
<p>JUSTIÇA.</p>
<p>Nestes Termos</p>
<p>Pede Deferimento</p>
<p>&#8230;., &#8230;. de &#8230;. de &#8230;.</p>
<p>&#8230;&#8230;&#8230;&#8230;&#8230;&#8230;</p>
<p>Advogado OAB/&#8230;</p>
