{"id":28896,"date":"2023-07-28T23:59:44","date_gmt":"2023-07-28T23:59:44","guid":{"rendered":"https:\/\/easyjur.com\/blog\/?post_type=modelos-de-peticao&#038;p=3650"},"modified":"2023-07-28T23:59:44","modified_gmt":"2023-07-28T23:59:44","slug":"contestacao-carencia-de-acao-e-merito-acao-revisional-de-aluguel","status":"publish","type":"modelos-de-peticao","link":"https:\/\/easyjur.com\/blog\/modelos-de-peticao\/contestacao-carencia-de-acao-e-merito-acao-revisional-de-aluguel\/","title":{"rendered":"[MODELO] Contesta\u00e7\u00e3o  &#8211;  Car\u00eancia de a\u00e7\u00e3o e m\u00e9rito  &#8211;  A\u00e7\u00e3o Revisional de Aluguel"},"content":{"rendered":"<p>Contesta\u00e7\u00e3o abrange defesas processuais deduzida como preliminar em raz\u00e3o de car\u00eancia de a\u00e7\u00e3o. No m\u00e9rito aduz que sempre houve reajuste e que o valor pedido pelo autor est\u00e1 em desconformidade com o mercado.<\/p>\n<p>EXMO. SR. DR. JUIZ. DE DIREITO DA &#8230;.  \u00aa VARA C\u00cdVEL DESTA COMARCA<\/p>\n<p>&#8230;&#8230;&#8230;&#8230;&#8230;&#8230;&#8230;&#8230;&#8230;&#8230;&#8230;&#8230;&#8230;&#8230;&#8230;.., (qualifica\u00e7\u00e3o) residente e domiciliado na Rua &#8230;. n\u00ba &#8230;., desta comarca, atrav\u00e9s de seu procurador e advogado, infra-assinado, &quot;ut&quot; instrumento de mandato, (doc. &#8230;.), incluso, vem \u00e0 presen\u00e7a de V. Exa., ante aos termos da a\u00e7\u00e3o <strong>REVISIONAL DE ALUGUEL<\/strong>, sob n\u00ba &#8230;. que lhe move &#8230;., para apresentar sua defesa:<\/p>\n<p>1 &#8211; Efetivamente, o requerido \u00e9 locat\u00e1rio do im\u00f3vel da Rua &#8230;. n\u00ba &#8230;., na Comarca de &#8230;.<\/p>\n<p>2 &#8211; Os alugu\u00e9is sempre foram reajustados nas diversas vezes que lhe impuseram os reajustes, atualiza\u00e7\u00f5es, etc.;<\/p>\n<p>3 &#8211; O contr\u00e1rio ap\u00f3s o vencimento prorrogou-se por tempo indeterminado.<\/p>\n<p>4 &#8211; os alugu\u00e9is naquela regi\u00e3o n\u00e3o atingem, para os im\u00f3veis semelhantes, ao valor de R$ &#8230;.;<\/p>\n<p>5 &#8211; O locat\u00e1rio nunca se negou a qualquer acerto nos valores locativos.<\/p>\n<p><strong>PRELIMINARES<\/strong><\/p>\n<p>2\u00ba &#8211; Da inscri\u00e7\u00e3o na OAB &#8211; PR e RS<\/p>\n<p>A autora advogando em causa pr\u00f3pria alega estar inscrita na OAB\/&#8230;. sob o n\u00ba. &#8230;., junta xerox do seu cart\u00e3o de identidade, s\u00f3 que sua inscri\u00e7\u00e3o aqui nesta Comarca est\u00e1 cancelada, consoante certid\u00e3o da OAB\/&#8230;. (doc. &#8230;.), incluso.<\/p>\n<p>Quanto a inscri\u00e7\u00e3o no &#8230;., tem como sede principal da atividade em &#8230;., s\u00f3 a autoriza a advogar naquele Estado. Assim, est\u00e1 impedida de advogar aqui nesta comarca.<\/p>\n<p>3\u00ba Da Car\u00eancia de A\u00e7\u00e3o<\/p>\n<p>\u00c9 a autora carecedora do direito de a\u00e7\u00e3o, pois o \u00faltimo pacto locat\u00edvo data de menos de tr\u00eas (3) anos, conforme Contrato de Loca\u00e7\u00e3o de Im\u00f3vel Urbano, doc. 3, incluso. (Art. 19 da Lei 8.245\/91).<\/p>\n<p>Ao ingressar com o feito revisional em &#8230;., o fez antes do decurso do prazo de &#8230;. anos para o rem\u00e9dio jur\u00eddico pois:<\/p>\n<p>&#8211; at\u00e9 a data de &#8230;. o requerido pagava R$ &#8230;. (&#8230;.). <\/p>\n<p>&#8211; em &#8230;., atrav\u00e9s de novo contrato, a locadora lhe imp\u00f4s novo aluguel e a fixa\u00e7\u00e3o se deu ao n\u00edvel de pre\u00e7o de mercado, passando de R$ &#8230;. para o valor de R$ &#8230;.<\/p>\n<p>Como \u00e9 bem de ver, foi ajustado um novo pacto a partir de &#8230;. e s\u00f3 ap\u00f3s o decurso do prazo de &#8230;. anos \u00e9 que se poderia cogitar da revis\u00e3o do aluguel, em &#8230;.<\/p>\n<p>No per\u00edodo de &#8230;. at\u00e9 a data de hoje ocorreram v\u00e1rios reajustes de seis em seis meses e at\u00e9 em menos prazo como se v\u00ea nos recibos, docs. 4 a 9, inclusos e como demonstra a seguir:<\/p>\n<p>&#8230;. &#8211; o aluguel ficou congelado no valor de R$ &#8230;.;<\/p>\n<p>&#8230;. &#8211; o aluguel foi descongelado e aplicado o \u00edndice de 94,52% passando de R$ &#8230;. para o valor de R$ &#8230;.;<\/p>\n<p>Um novo ajuste resultou quando do valor locativo de R$ &#8230;., que se v\u00ea nos recibos de &#8230;., passou para R$ &#8230;. a partir de &#8230;., em apenas dois meses a locadora elevou o aluguel em 37,08%. Ficando assim, evidente que esse novo aluguel inaugurou novo pacto, ante o lapso temporal para a revis\u00e3o, resultando na car\u00eancia do per\u00edodo de tr\u00eas anos necess\u00e1rios para prosperar o pedido revisional.<\/p>\n<p>A revisional de aluguel pressup\u00f5e a inexist\u00eancia nos \u00faltimos cinco anos de qualquer acordo entre as partes para adequar o aluguel ao pre\u00e7o do mercado. Da\u00ed, a a\u00e7\u00e3o de revis\u00e3o s\u00f3 pode ser ajuizada se, pelo menos, no decurso de cinco anos de loca\u00e7\u00e3o inexistir acordo entre os contratantes sobre i valor do aluguel. O prazo de cinco anos, conta-se sempre, do \u00faltimo aluguel livremente fixado pelas partes, presumindo-se que, neste caso, a fixa\u00e7\u00e3o se deu ao n\u00edvel de pre\u00e7o de mercado (TACIV &#8211; RJ &#8211; AC. UN\u00c2N. da 5\u00ba C\u00e2m. reg. em &#8230;. &#8211; Ap. 6.537 &#8211; Rel. Juiz Geraldo Batista &#8211; Gl\u00e1ucia Juca Alves x Artur Vieira dos Santos) em COADADV &#8211; Verbete 47.956.<\/p>\n<p>Requer assim, seja a autora julgada carecedora do pedido de A\u00e7\u00e3o de Revis\u00e3o de Aluguel Residencial e tamb\u00e9m, do arbitramento do aluguel, com a conseq\u00fcente devolu\u00e7\u00e3o dos valores j\u00e1 recebidos atrav\u00e9s de liminar concedida, devidamente corrigidos monetariamente com os juros de lei.<\/p>\n<p><strong>NO M\u00c9RITO<\/strong><\/p>\n<p>Caso V. Exa., entenda de n\u00e3o acolher os pedidos inibidores, ante a car\u00eancia apontada, resguarda-se o requerido obter a improced\u00eancia do feito, eis que, sempre pagou os reajustes, relevando pequenas diferen\u00e7as, mas agora n\u00e3o mais poder\u00e1 compactuar ante o absurdo do valor pretendido, por si s\u00f3 suficiente para repelir a pretens\u00e3o da locadora.<\/p>\n<p>Por outro lado, ao longo desse per\u00edodo locacional nada fez a locadora para conservar o im\u00f3vel (apartamento mobiliado), pois as janelas continuam com os mesmos defeitos apontados pelo requerido &#8211; n\u00e3o abrem e n\u00e3o t\u00eam pegadores a geladeira e mesa redonda continuam com defeito. (doc. &#8230;. da peti\u00e7\u00e3o inicial da autora).<\/p>\n<p>O locat\u00e1rio impugna os laudos t\u00e9cnicos da &#8230;., que \u00e9 assinado por &#8230;., s\u00f3cio-gerente e procurador e administrador do im\u00f3vel da autora e \u00e9 parte interessada no feito e o laudo de avalia\u00e7\u00e3o do Eng.\u00ba Civil &#8230;. por ter sido confeccionado em papel timbrado da autora e seu parente &#8230;., sem declinar o seu endere\u00e7o profissional. Nota-se ainda, que foi elaborado pela autora na mesma data da peti\u00e7\u00e3o inicial e com igual m\u00e1quina de escrever e ao final recebendo a assinatura do profissional, o que torna o laudo suspeito e sem qualquer valor. (docs. &#8230;. a &#8230;. inicial e n\u00ba. &#8230;. defesa).<\/p>\n<p>Igualmente, impugna, tamb\u00e9m, a descri\u00e7\u00e3o do im\u00f3vel feita pela autora quando diz que possui garagem para 2 carros, quando o certo \u00e9 para apenas um ve\u00edculo, conforme descri\u00e7\u00e3o da Certid\u00e3o do Registro de Im\u00f3veis juntada pela autora, (doc. &#8230;. da peti\u00e7\u00e3o inicial): &quot;e o local para estacionamento n\u00ba 8, localizado no subsolo do edif\u00edcio com \u00e1rea total de &#8230;. m\u00b2&quot;. Talvez na tentativa de tornar um simples apartamento de &#8230;. m\u00b2 em &quot;luxo&quot; e impressionar esse r. Ju\u00edzo.<\/p>\n<p>Requer a produ\u00e7\u00e3o das provas:<\/p>\n<p>a) &#8211; depoimento pessoal da Autora, pena de confiss\u00e3o;<\/p>\n<p>b) &#8211; documental anexados nesta defesa (docs. &#8230;. a &#8230;.);<\/p>\n<p>c) &#8211; novos documentos, nos limites processuais.<\/p>\n<p>O feito \u00e9 improcedente, rogando assim, afinal, haja o nobre Juiz por decretar. Comina\u00e7\u00f5es de estilo.<\/p>\n<p>Pede Justi\u00e7a.<\/p>\n<p>&#8230;., &#8230;. de &#8230;. de &#8230;.<\/p>\n<p>&#8230;&#8230;&#8230;&#8230;&#8230;&#8230;<\/p>\n<p>Advogado OAB\/&#8230;<\/p>\n","protected":false},"featured_media":0,"parent":0,"menu_order":0,"template":"","meta":{"content-type":""},"categoria-modelo":[142],"class_list":["post-28896","modelos-de-peticao","type-modelos-de-peticao","status-publish","hentry","categoria-modelo-civel"],"_links":{"self":[{"href":"https:\/\/easyjur.com\/blog\/wp-json\/wp\/v2\/modelos-de-peticao\/28896","targetHints":{"allow":["GET"]}}],"collection":[{"href":"https:\/\/easyjur.com\/blog\/wp-json\/wp\/v2\/modelos-de-peticao"}],"about":[{"href":"https:\/\/easyjur.com\/blog\/wp-json\/wp\/v2\/types\/modelos-de-peticao"}],"wp:attachment":[{"href":"https:\/\/easyjur.com\/blog\/wp-json\/wp\/v2\/media?parent=28896"}],"wp:term":[{"taxonomy":"categoria-modelo","embeddable":true,"href":"https:\/\/easyjur.com\/blog\/wp-json\/wp\/v2\/categoria-modelo?post=28896"}],"curies":[{"name":"wp","href":"https:\/\/api.w.org\/{rel}","templated":true}]}}

[MODELO] Contestação  &#8211;  Carência de ação e mérito  &#8211;  Ação Revisional de Aluguel

<p>Contestação abrange defesas processuais deduzida como preliminar em razão de carência de ação. No mérito aduz que sempre houve reajuste e que o valor pedido pelo autor está em desconformidade com o mercado.</p>
<p>EXMO. SR. DR. JUIZ. DE DIREITO DA &#8230;.  ª VARA CÍVEL DESTA COMARCA</p>
<p>&#8230;&#8230;&#8230;&#8230;&#8230;&#8230;&#8230;&#8230;&#8230;&#8230;&#8230;&#8230;&#8230;&#8230;&#8230;.., (qualificação) residente e domiciliado na Rua &#8230;. nº &#8230;., desta comarca, através de seu procurador e advogado, infra-assinado, &quot;ut&quot; instrumento de mandato, (doc. &#8230;.), incluso, vem à presença de V. Exa., ante aos termos da ação <strong>REVISIONAL DE ALUGUEL</strong>, sob nº &#8230;. que lhe move &#8230;., para apresentar sua defesa:</p>
<p>1 &#8211; Efetivamente, o requerido é locatário do imóvel da Rua &#8230;. nº &#8230;., na Comarca de &#8230;.</p>
<p>2 &#8211; Os aluguéis sempre foram reajustados nas diversas vezes que lhe impuseram os reajustes, atualizações, etc.;</p>
<p>3 &#8211; O contrário após o vencimento prorrogou-se por tempo indeterminado.</p>
<p>4 &#8211; os aluguéis naquela região não atingem, para os imóveis semelhantes, ao valor de R$ &#8230;.;</p>
<p>5 &#8211; O locatário nunca se negou a qualquer acerto nos valores locativos.</p>
<p><strong>PRELIMINARES</strong></p>
<p>2º &#8211; Da inscrição na OAB &#8211; PR e RS</p>
<p>A autora advogando em causa própria alega estar inscrita na OAB/&#8230;. sob o nº. &#8230;., junta xerox do seu cartão de identidade, só que sua inscrição aqui nesta Comarca está cancelada, consoante certidão da OAB/&#8230;. (doc. &#8230;.), incluso.</p>
<p>Quanto a inscrição no &#8230;., tem como sede principal da atividade em &#8230;., só a autoriza a advogar naquele Estado. Assim, está impedida de advogar aqui nesta comarca.</p>
<p>3º Da Carência de Ação</p>
<p>É a autora carecedora do direito de ação, pois o último pacto locatívo data de menos de três (3) anos, conforme Contrato de Locação de Imóvel Urbano, doc. 3, incluso. (Art. 19 da Lei 8.245/91).</p>
<p>Ao ingressar com o feito revisional em &#8230;., o fez antes do decurso do prazo de &#8230;. anos para o remédio jurídico pois:</p>
<p>&#8211; até a data de &#8230;. o requerido pagava R$ &#8230;. (&#8230;.). </p>
<p>&#8211; em &#8230;., através de novo contrato, a locadora lhe impôs novo aluguel e a fixação se deu ao nível de preço de mercado, passando de R$ &#8230;. para o valor de R$ &#8230;.</p>
<p>Como é bem de ver, foi ajustado um novo pacto a partir de &#8230;. e só após o decurso do prazo de &#8230;. anos é que se poderia cogitar da revisão do aluguel, em &#8230;.</p>
<p>No período de &#8230;. até a data de hoje ocorreram vários reajustes de seis em seis meses e até em menos prazo como se vê nos recibos, docs. 4 a 9, inclusos e como demonstra a seguir:</p>
<p>&#8230;. &#8211; o aluguel ficou congelado no valor de R$ &#8230;.;</p>
<p>&#8230;. &#8211; o aluguel foi descongelado e aplicado o índice de 94,52% passando de R$ &#8230;. para o valor de R$ &#8230;.;</p>
<p>Um novo ajuste resultou quando do valor locativo de R$ &#8230;., que se vê nos recibos de &#8230;., passou para R$ &#8230;. a partir de &#8230;., em apenas dois meses a locadora elevou o aluguel em 37,08%. Ficando assim, evidente que esse novo aluguel inaugurou novo pacto, ante o lapso temporal para a revisão, resultando na carência do período de três anos necessários para prosperar o pedido revisional.</p>
<p>A revisional de aluguel pressupõe a inexistência nos últimos cinco anos de qualquer acordo entre as partes para adequar o aluguel ao preço do mercado. Daí, a ação de revisão só pode ser ajuizada se, pelo menos, no decurso de cinco anos de locação inexistir acordo entre os contratantes sobre i valor do aluguel. O prazo de cinco anos, conta-se sempre, do último aluguel livremente fixado pelas partes, presumindo-se que, neste caso, a fixação se deu ao nível de preço de mercado (TACIV &#8211; RJ &#8211; AC. UNÂN. da 5º Câm. reg. em &#8230;. &#8211; Ap. 6.537 &#8211; Rel. Juiz Geraldo Batista &#8211; Gláucia Juca Alves x Artur Vieira dos Santos) em COADADV &#8211; Verbete 47.956.</p>
<p>Requer assim, seja a autora julgada carecedora do pedido de Ação de Revisão de Aluguel Residencial e também, do arbitramento do aluguel, com a conseqüente devolução dos valores já recebidos através de liminar concedida, devidamente corrigidos monetariamente com os juros de lei.</p>
<p><strong>NO MÉRITO</strong></p>
<p>Caso V. Exa., entenda de não acolher os pedidos inibidores, ante a carência apontada, resguarda-se o requerido obter a improcedência do feito, eis que, sempre pagou os reajustes, relevando pequenas diferenças, mas agora não mais poderá compactuar ante o absurdo do valor pretendido, por si só suficiente para repelir a pretensão da locadora.</p>
<p>Por outro lado, ao longo desse período locacional nada fez a locadora para conservar o imóvel (apartamento mobiliado), pois as janelas continuam com os mesmos defeitos apontados pelo requerido &#8211; não abrem e não têm pegadores a geladeira e mesa redonda continuam com defeito. (doc. &#8230;. da petição inicial da autora).</p>
<p>O locatário impugna os laudos técnicos da &#8230;., que é assinado por &#8230;., sócio-gerente e procurador e administrador do imóvel da autora e é parte interessada no feito e o laudo de avaliação do Eng.º Civil &#8230;. por ter sido confeccionado em papel timbrado da autora e seu parente &#8230;., sem declinar o seu endereço profissional. Nota-se ainda, que foi elaborado pela autora na mesma data da petição inicial e com igual máquina de escrever e ao final recebendo a assinatura do profissional, o que torna o laudo suspeito e sem qualquer valor. (docs. &#8230;. a &#8230;. inicial e nº. &#8230;. defesa).</p>
<p>Igualmente, impugna, também, a descrição do imóvel feita pela autora quando diz que possui garagem para 2 carros, quando o certo é para apenas um veículo, conforme descrição da Certidão do Registro de Imóveis juntada pela autora, (doc. &#8230;. da petição inicial): &quot;e o local para estacionamento nº 8, localizado no subsolo do edifício com área total de &#8230;. m²&quot;. Talvez na tentativa de tornar um simples apartamento de &#8230;. m² em &quot;luxo&quot; e impressionar esse r. Juízo.</p>
<p>Requer a produção das provas:</p>
<p>a) &#8211; depoimento pessoal da Autora, pena de confissão;</p>
<p>b) &#8211; documental anexados nesta defesa (docs. &#8230;. a &#8230;.);</p>
<p>c) &#8211; novos documentos, nos limites processuais.</p>
<p>O feito é improcedente, rogando assim, afinal, haja o nobre Juiz por decretar. Cominações de estilo.</p>
<p>Pede Justiça.</p>
<p>&#8230;., &#8230;. de &#8230;. de &#8230;.</p>
<p>&#8230;&#8230;&#8230;&#8230;&#8230;&#8230;</p>
<p>Advogado OAB/&#8230;</p>
