{"id":28831,"date":"2023-07-28T23:58:03","date_gmt":"2023-07-28T23:58:03","guid":{"rendered":"https:\/\/easyjur.com\/blog\/?post_type=modelos-de-peticao&#038;p=3650"},"modified":"2023-07-28T23:58:03","modified_gmt":"2023-07-28T23:58:03","slug":"acao-de-cobranca-de-mensalidades-rito-sumario","status":"publish","type":"modelos-de-peticao","link":"https:\/\/easyjur.com\/blog\/modelos-de-peticao\/acao-de-cobranca-de-mensalidades-rito-sumario\/","title":{"rendered":"[MODELO] A\u00c7\u00c3O DE COBRAN\u00c7A DE MENSALIDADES  &#8211;  RITO SUM\u00c1RIO"},"content":{"rendered":"<p><strong>A\u00c7\u00c3O DE COBRAN\u00c7A  PELO RITO SUM\u00c1RIO<\/strong> <strong>Col\u00e9gio<\/strong> particular pretende cobrar <strong>mensalidades em atraso<\/strong>. Exist\u00eancia de contrato escrito.  Requer o pagamento das parcelas vencidas e vincendas.<\/p>\n<p><strong>EXMO. SR. DR. JUIZ DE DIREITO DA &#8230;.\u00aa VARA C\u00cdVEL DA COMARCA DE &#8230;.<\/strong><\/p>\n<p>&#8230;&#8230;&#8230;&#8230;&#8230;&#8230;&#8230;&#8230;&#8230;&#8230;&#8230;&#8230;&#8230;., estabelecimento particular de ensino, CGC\/MF n\u00ba &#8230;., devidamente  registrado no MEC, estabelecido na Rua &#8230;., Cidade de &#8230; neste ato devidamente representado por seus advogados (doc. &#8230;.), com suped\u00e2neo no artigo 275 e seguintes do CPC e MP n\u00ba 887 de 30 de janeiro de 1.995, vem, respeitosamente \u00e0 presen\u00e7a de Vossa Excel\u00eancia  interpor a presente a\u00e7\u00e3o <\/p>\n<p><strong>A\u00c7\u00c3O DE COBRAN\u00c7A  PELO RITO SUM\u00c1RIO<\/strong><\/p>\n<p>contra &#8230;&#8230;&#8230;&#8230;&#8230;&#8230;&#8230;&#8230;&#8230;&#8230;&#8230;&#8230;&#8230;&#8230;, (qualifica\u00e7\u00e3o), menor imp\u00fabere, portador da C\u00e9dula de Identidade\/ RG. n\u00ba &#8230;. e seu representado por seu pai. &#8230;., (qualifica\u00e7\u00e3o), portador da C\u00e9dula de Identidade\/RG. n\u00ba &#8230;., residentes e domiciliados na Rua &#8230;. n\u00ba &#8230;., na Cidade de &#8230;, Estado do &#8230;., pelos fatos e motivos que passa a expor: <\/p>\n<p><strong>I &#8211; DOS  FATOS\t<\/strong><\/p>\n<p>O R\u00e9u est\u00e1 devidamente matriculado no estabelecimento-Autor na &#8230;. s\u00e9rie do &#8230;. grau, turno &#8230;., sendo que a mensalidade escolar para tal  grau corresponde  hoje \u00e0 import\u00e2ncia de R$ &#8230;.<\/p>\n<\/p>\n<p>Referido aluno freq\u00fcenta as depend\u00eancias de ensino  do Autor, usufruindo de seus ensinamentos, desde o ano de &#8230;., quando nele ingressou para cursar a &#8230;. s\u00e9rie do &#8230;. grau, pagando as mensalidades sempre em dia. <\/p>\n<p>Ocorre que, neste ano escolar, o R\u00e9u formalizou sua matr\u00edcula para a &#8230;. s\u00e9rie, somente, deixando de efetuar os pagamentos das mensalidades referentes aos meses de &#8230;.<\/p>\n<p>In\u00fameras tentativas foram feitas junto ao, progenitor do R\u00e9u, no sentido de saldar o d\u00e9bito, n\u00e3o logrando \u00eaxito, motivo pelo qual n\u00e3o restou ao Autor sen\u00e3o outra alternativa que a de socorrer \u00e0s vias judiciais. <\/p>\n<p>&quot;Ex positis&quot;, \u00e9 a presente para requerer a Vossa Excel\u00eancia a designa\u00e7\u00e3o de data para realiza\u00e7\u00e3o de audi\u00eancia de concilia\u00e7\u00e3o, instru\u00e7\u00e3o e julgamento, expedindo-se o competente mandado de cita\u00e7\u00e3o ao R\u00e9u no endere\u00e7o retromencionado para nela comparecerem, quando dever\u00e3o apresentar defesa escrita ou oral , querendo, sob pena de n\u00e3o o fazendo  serem tidos como verdadeiros os fatos acima narrados, julgando, a final, totalmente procedente esta a\u00e7\u00e3o, condenando-se o R\u00e9u no pagamento das mensalidades em atraso, inclusive aquelas inadimplidas at\u00e9 final senten\u00e7a, bem como condenando-os  no pagamento das custas processuais e honor\u00e1rios  advocat\u00edcios a serem arbitrados em 20% (vinte por cento) do valor da  condena\u00e7\u00e3o. <\/p>\n<p>Protesta provar o alegado por todos os meios de prova em Direito admitidos, quais sejam: depoimento pessoal do representante legal do R\u00e9u, representante legal do primeiro; oitiva das testemunhas abaixo arroladas; juntada de novos documentos nos termos do artigo 397 do CPC e realiza\u00e7\u00e3o de per\u00edcia, se necess\u00e1ria. <\/p>\n<p>Requer, por fim, sejam concedidas ao Sr. Oficial de Justi\u00e7a as prerrogativas contidas no par\u00e1grafo 2\u00ba do artigo 172 do CPC. <\/p>\n<p>D\u00e1-se \u00e0 presente  o valor de  (som a das mensalidades em atraso). <\/p>\n<p>Termos em que, <\/p>\n<p>Pede deferimento. <\/p>\n<p>&#8230;., &#8230;. de &#8230;. de &#8230;.                     <\/p>\n<p>&#8230;&#8230;&#8230;&#8230;&#8230;&#8230;<\/p>\n<p>Advogado OAB\/&#8230;<\/p>\n","protected":false},"featured_media":0,"parent":0,"menu_order":0,"template":"","meta":{"content-type":""},"categoria-modelo":[142],"class_list":["post-28831","modelos-de-peticao","type-modelos-de-peticao","status-publish","hentry","categoria-modelo-civel"],"_links":{"self":[{"href":"https:\/\/easyjur.com\/blog\/wp-json\/wp\/v2\/modelos-de-peticao\/28831","targetHints":{"allow":["GET"]}}],"collection":[{"href":"https:\/\/easyjur.com\/blog\/wp-json\/wp\/v2\/modelos-de-peticao"}],"about":[{"href":"https:\/\/easyjur.com\/blog\/wp-json\/wp\/v2\/types\/modelos-de-peticao"}],"wp:attachment":[{"href":"https:\/\/easyjur.com\/blog\/wp-json\/wp\/v2\/media?parent=28831"}],"wp:term":[{"taxonomy":"categoria-modelo","embeddable":true,"href":"https:\/\/easyjur.com\/blog\/wp-json\/wp\/v2\/categoria-modelo?post=28831"}],"curies":[{"name":"wp","href":"https:\/\/api.w.org\/{rel}","templated":true}]}}

[MODELO] AÇÃO DE COBRANÇA DE MENSALIDADES  &#8211;  RITO SUMÁRIO

<p><strong>AÇÃO DE COBRANÇA  PELO RITO SUMÁRIO</strong> <strong>Colégio</strong> particular pretende cobrar <strong>mensalidades em atraso</strong>. Existência de contrato escrito.  Requer o pagamento das parcelas vencidas e vincendas.</p>
<p><strong>EXMO. SR. DR. JUIZ DE DIREITO DA &#8230;.ª VARA CÍVEL DA COMARCA DE &#8230;.</strong></p>
<p>&#8230;&#8230;&#8230;&#8230;&#8230;&#8230;&#8230;&#8230;&#8230;&#8230;&#8230;&#8230;&#8230;., estabelecimento particular de ensino, CGC/MF nº &#8230;., devidamente  registrado no MEC, estabelecido na Rua &#8230;., Cidade de &#8230; neste ato devidamente representado por seus advogados (doc. &#8230;.), com supedâneo no artigo 275 e seguintes do CPC e MP nº 887 de 30 de janeiro de 1.995, vem, respeitosamente à presença de Vossa Excelência  interpor a presente ação </p>
<p><strong>AÇÃO DE COBRANÇA  PELO RITO SUMÁRIO</strong></p>
<p>contra &#8230;&#8230;&#8230;&#8230;&#8230;&#8230;&#8230;&#8230;&#8230;&#8230;&#8230;&#8230;&#8230;&#8230;, (qualificação), menor impúbere, portador da Cédula de Identidade/ RG. nº &#8230;. e seu representado por seu pai. &#8230;., (qualificação), portador da Cédula de Identidade/RG. nº &#8230;., residentes e domiciliados na Rua &#8230;. nº &#8230;., na Cidade de &#8230;, Estado do &#8230;., pelos fatos e motivos que passa a expor: </p>
<p><strong>I &#8211; DOS  FATOS	</strong></p>
<p>O Réu está devidamente matriculado no estabelecimento-Autor na &#8230;. série do &#8230;. grau, turno &#8230;., sendo que a mensalidade escolar para tal  grau corresponde  hoje à importância de R$ &#8230;.</p>
</p>
<p>Referido aluno freqüenta as dependências de ensino  do Autor, usufruindo de seus ensinamentos, desde o ano de &#8230;., quando nele ingressou para cursar a &#8230;. série do &#8230;. grau, pagando as mensalidades sempre em dia. </p>
<p>Ocorre que, neste ano escolar, o Réu formalizou sua matrícula para a &#8230;. série, somente, deixando de efetuar os pagamentos das mensalidades referentes aos meses de &#8230;.</p>
<p>Inúmeras tentativas foram feitas junto ao, progenitor do Réu, no sentido de saldar o débito, não logrando êxito, motivo pelo qual não restou ao Autor senão outra alternativa que a de socorrer às vias judiciais. </p>
<p>&quot;Ex positis&quot;, é a presente para requerer a Vossa Excelência a designação de data para realização de audiência de conciliação, instrução e julgamento, expedindo-se o competente mandado de citação ao Réu no endereço retromencionado para nela comparecerem, quando deverão apresentar defesa escrita ou oral , querendo, sob pena de não o fazendo  serem tidos como verdadeiros os fatos acima narrados, julgando, a final, totalmente procedente esta ação, condenando-se o Réu no pagamento das mensalidades em atraso, inclusive aquelas inadimplidas até final sentença, bem como condenando-os  no pagamento das custas processuais e honorários  advocatícios a serem arbitrados em 20% (vinte por cento) do valor da  condenação. </p>
<p>Protesta provar o alegado por todos os meios de prova em Direito admitidos, quais sejam: depoimento pessoal do representante legal do Réu, representante legal do primeiro; oitiva das testemunhas abaixo arroladas; juntada de novos documentos nos termos do artigo 397 do CPC e realização de perícia, se necessária. </p>
<p>Requer, por fim, sejam concedidas ao Sr. Oficial de Justiça as prerrogativas contidas no parágrafo 2º do artigo 172 do CPC. </p>
<p>Dá-se à presente  o valor de  (som a das mensalidades em atraso). </p>
<p>Termos em que, </p>
<p>Pede deferimento. </p>
<p>&#8230;., &#8230;. de &#8230;. de &#8230;.                     </p>
<p>&#8230;&#8230;&#8230;&#8230;&#8230;&#8230;</p>
<p>Advogado OAB/&#8230;</p>
