{"id":28550,"date":"2023-07-28T23:51:28","date_gmt":"2023-07-28T23:51:28","guid":{"rendered":"https:\/\/easyjur.com\/blog\/?post_type=modelos-de-peticao&#038;p=3650"},"modified":"2023-07-28T23:51:28","modified_gmt":"2023-07-28T23:51:28","slug":"contestacao-a-acao-de-despejo-por-denuncia-vazia-carencia-de-acao-por-falta-de-notificacao-premonitoria","status":"publish","type":"modelos-de-peticao","link":"https:\/\/easyjur.com\/blog\/modelos-de-peticao\/contestacao-a-acao-de-despejo-por-denuncia-vazia-carencia-de-acao-por-falta-de-notificacao-premonitoria\/","title":{"rendered":"[MODELO] Contesta\u00e7\u00e3o \u00e0 A\u00e7\u00e3o de Despejo por Den\u00fancia Vazia  &#8211;  Car\u00eancia de A\u00e7\u00e3o por Falta de Notifica\u00e7\u00e3o Premonit\u00f3ria"},"content":{"rendered":"<p><strong>CONTESTA\u00c7\u00c3O \u00e0 A\u00c7\u00c3O DE DESPEJO POR DEN\u00daNCIA<\/strong> <strong>VAZIA<\/strong> <\/p>\n<p>A retomada do im\u00f3vel pretendida pelo Autor s\u00f3 \u00e9 v\u00e1lida quando houver a notifica\u00e7\u00e3o premonit\u00f3ria, n\u00e3o tendo o Autor realizado tal notifica\u00e7\u00e3o, e sendo esta pressuposto de procedibilidade e desenvolvimento para a a\u00e7\u00e3o de despejo baseada na den\u00fancia vazia, pretende o R\u00e9u que o processo seja extinto sem julgamento do m\u00e9rito por car\u00eancia de a\u00e7\u00e3o.<\/p>\n<p><strong>EXMO. SR. DR. JUIZ DE DIREITO DA &#8230;. \u00aa VARA C\u00cdVEL DA COMARCA DE<\/strong> &#8230;.<\/p>\n<p>&#8230;&#8230;&#8230;&#8230;&#8230;&#8230;&#8230;&#8230;&#8230;&#8230;&#8230;&#8230;&#8230;&#8230;&#8230;&#8230;&#8230;&#8230; (qualifica\u00e7\u00e3o), portador do CPF\/MF n\u00ba &#8230;., residente e domiciliado nesta Cidade, por interm\u00e9dio de seu procurador e advogado no final assinado, vem \u00e0 presen\u00e7a de V. Exa., apresentar <strong>CONTESTA\u00c7\u00c3O \u00e0 A\u00c7\u00c3O DE DESPEJO POR DEN\u00daNCIA<\/strong> <strong>VAZIA<\/strong>, requerida por &#8230;., por esta e na melhor forma de direito.<\/p>\n<p><strong>PRELIMINARMENTE:<\/strong><\/p>\n<p><strong>DA CAR\u00caNCIA DA A\u00c7\u00c3O<\/strong><\/p>\n<p>Que o r\u00e9u n\u00e3o recebeu a NOTIFICA\u00c7\u00c3O PREMONIT\u00d3RIA.<\/p>\n<p>No entanto, a prova do afirmado \u00e9 imposs\u00edvel, pois est\u00e1 cerceado em sua defesa.<\/p>\n<p>Conforme se v\u00ea \u00e0s fls. &#8230;. verso, o empregado juramentado que subscreveu a certid\u00e3o n\u00e3o fez qualquer men\u00e7\u00e3o quanto ao local e hor\u00e1rio nos quais se procedeu a entrega da primeira via.<\/p>\n<p>Uma vez que o r\u00e9u na qualidade de &#8230;., atua em &#8230;. (&#8230;.) hospitais, sendo um fora da Comarca de &#8230;., e com capacidade de provar hor\u00e1rios de perman\u00eancia no trabalho.<\/p>\n<p>Desta forma, sabendo o hor\u00e1rio e o local em que foi Notificado, poderia provar o contr\u00e1rio. <\/p>\n<p>Acontece que, com certid\u00e3o do funcion\u00e1rio do cart\u00f3rio, descaracterizada, sem os fundamentos b\u00e1sicos, como hor\u00e1rios e local, o r\u00e9u v\u00ea cerceada a sua defesa.<\/p>\n<p>Assim sendo, est\u00e1 refutada a certid\u00e3o de fls. &#8230;. verso, pela consecu\u00e7\u00e3o incorreta, destitu\u00edda de informa\u00e7\u00f5es importantes e necess\u00e1rias para evitar cerceamento de defesa.<\/p>\n<p>O r\u00e9u, al\u00e9m de n\u00e3o ter recebido a Notifica\u00e7\u00e3o, n\u00e3o poderia dela tomar conhecimento, caso viesse a receber, porque n\u00e3o tem nenhuma loca\u00e7\u00e3o em que \u00e9 locadora Imobili\u00e1ria &#8230;.<\/p>\n<p>A rela\u00e7\u00e3o processual contenciosa, portanto, n\u00e3o se constituiu, de vez que lhe faltou pressuposto essencial exigido pela Lei.<\/p>\n<p>A a\u00e7\u00e3o de despejo com fulcro no artigo 78 da Lei do Inquilinato pressup\u00f5e a pr\u00e9via notifica\u00e7\u00e3o do locat\u00e1rio, pelo locador, com concess\u00e3o do prazo de doze meses para desocupa\u00e7\u00e3o.<\/p>\n<p>Portanto, a Notifica\u00e7\u00e3o v\u00e1lida \u00e9, de rigor, um pressuposto para o desenvolvimento v\u00e1lido e regular deste processo de despejo imotivado.<\/p>\n<p>&quot;Para retomar im\u00f3vel locado amparado na chamada den\u00fancia vazia o locador, obrigatoriamente, tem que denunciar a loca\u00e7\u00e3o vigente por tempo indeterminado. Assim, n\u00e3o realizada a notifica\u00e7\u00e3o pr\u00e9via, falta \u00e0 a\u00e7\u00e3o condi\u00e7\u00e3o de procedibilidade e de desenvolvimento sem julgamento do m\u00e9rito. RT 640\/163.&quot;<\/p>\n<p>E tamb\u00e9m, a Lei do Inquilinato de n\u00ba 8.245 de 1991 \u00e9 clara e direta: &#8211; O LOCADOR denuncia.<\/p>\n<p>&quot;Art. 78. As loca\u00e7\u00f5es residenciais que tenham sido celebradas anteriormente \u00e0 vig\u00eancia desta Lei e que j\u00e1 vigorem ou venham a vigorar por prazo indeterminado, poder\u00e3o ser denunciadas pelo locador, concedido o prazo de doze meses para a desocupa\u00e7\u00e3o.&quot; (grifo nosso).<\/p>\n<p>O locador \u00e9 que comunica sua vontade.<\/p>\n<p>E a forma escrita pela qual o senhorio d\u00e1 conhecimento de sua vontade ao Locat\u00e1rio \u00e9 a NOTIFICA\u00c7\u00c3O.<\/p>\n<p>No entanto, a NOTIFICA\u00c7\u00c3O de fls. &#8230;. n\u00e3o foi efetuada pelo locador, portanto, n\u00e3o \u00e9 v\u00e1lida para o presente caso.<\/p>\n<p>O Sr. &#8230;. n\u00e3o demonstrou a sua vontade. <\/p>\n<p>O Locat\u00e1rio n\u00e3o poderia reconhecer o pedido e deixar o im\u00f3vel, pois sempre teve como seu locador o Sr. &#8230;.<\/p>\n<p>\u00c9 s\u00f3 ver, a NOTIFICA\u00c7\u00c3O foi efetuada pela IMOBILI\u00c1RIA &#8230;., firmada por prepostos desta firma, mas sem qualquer men\u00e7\u00e3o que a firmaram por &#8230;.<\/p>\n<p>A NOTIFICA\u00c7\u00c3O n\u00e3o menciona uma \u00fanica vez o nome do Sr. &#8230;., propriet\u00e1rio e locador, contente no contrato de loca\u00e7\u00e3o \u00e0 fls. &#8230;.<\/p>\n<p>Assim, a NOTIFICA\u00c7\u00c3O fala em propriedade da NOTIFICANTE e est\u00e1 assinada pela Imobili\u00e1ria &#8230;., traduzindo, assim, claramente que a Imobili\u00e1ria &#8230;., se considera locadora e, provavelmente, deve ser a atual propriet\u00e1ria do im\u00f3vel.<\/p>\n<p>Deste modo, como a Imobili\u00e1ria &#8230;. se considera locadora para Notificar e atual propriet\u00e1ria do im\u00f3vel, deve demonstrar o t\u00edtulo de propriedade, para provar a sua &quot;Legitimatio ad causam&quot;  na notifica\u00e7\u00e3o premonit\u00f3ria.<\/p>\n<p>Sendo assim, a NOTIFICA\u00c7\u00c3O apresentada \u00e0 fls. &#8230;. \u00e9 nula, para o presente caso, e ausente a pr\u00e9via den\u00fancia, \u00e9 judicialmente imposs\u00edvel o pedido do autor, por falta de respaldo legal.<\/p>\n<p>Nestas condi\u00e7\u00f5es, imp\u00f5e-se a aplica\u00e7\u00e3o dos dispositivos cab\u00edveis do diploma processual, devendo o processo ser extinto, sem julgamento do m\u00e9rito, visto o Autor ser carente do direito da a\u00e7\u00e3o.<\/p>\n<p><strong>NO M\u00c9RITO<\/strong><\/p>\n<p><strong>&quot;AD ARGUMENTANDUM&quot;<\/strong><\/p>\n<p>Que o autor, Sr. &#8230;., intentou, em &#8230;., uma A\u00e7\u00e3o Revisional, doc. &#8230;. a &#8230;., em face do r\u00e9u, Dr. &#8230;., a qual tramitou pela &#8230;. \u00aa Vara C\u00edvel sob n\u00ba &#8230;.<\/p>\n<p>Acontece que firmaram um acordo, no dia &#8230;. de &#8230;., em audi\u00eancia, doc. n\u00ba &#8230;. e &#8230;., no qual aven\u00e7aram entre outras:<\/p>\n<p>I &#8211; As partes resolvem fixar o valor do novo aluguel em R$ &#8230;. a partir do m\u00eas da cita\u00e7\u00e3o, ocorrida em &#8230;. de &#8230;. de &#8230;., conforme fls. &#8230;.<\/p>\n<p>Evid\u00eancia o acordo, que a Loca\u00e7\u00e3o passou a ser regida pela Lei 8.245 de 1991, em vigor na ocasi\u00e3o.<\/p>\n<p>Deste modo, a retomada do im\u00f3vel s\u00f3 seria cab\u00edvel nas formas estipuladas pela Lei 8.245\/91, em seus artigos 46 e 47.<\/p>\n<p>Portanto, o artigo 78 e seu par\u00e1grafo \u00fanico n\u00e3o oferecem respaldo legal ao presente feito.<\/p>\n<p>Que o r\u00e9u n\u00e3o recebeu a Notifica\u00e7\u00e3o apresentada nos autos.<\/p>\n<p>E, pela certid\u00e3o efetuada erroneamente pelo Cart\u00f3rio, v\u00ea sua defesa cerceada.<\/p>\n<p>Ante o exposto, comprovada a inexist\u00eancia do direito do Autor, deve a presente a\u00e7\u00e3o, caso conhecido o m\u00e9rito, ser julgada improcedente, condenando o Autor ao pagamento das custas processuais, honor\u00e1rios de advogado e demais comina\u00e7\u00f5es legais.<\/p>\n<p>Protesta por todos os g\u00eaneros de prova em direito admitidos, depoimento pessoal do autor, que, desde j\u00e1, requer, testemunhas e documentos.<\/p>\n<p>Termos em que,<\/p>\n<p>Pede Deferimento.<\/p>\n<p>&#8230;., &#8230;. de &#8230;. de &#8230;.<\/p>\n<p>&#8230;&#8230;&#8230;&#8230;&#8230;&#8230;<\/p>\n<p>Advogado OAB\/&#8230;<\/p>\n","protected":false},"featured_media":0,"parent":0,"menu_order":0,"template":"","meta":{"content-type":""},"categoria-modelo":[142],"class_list":["post-28550","modelos-de-peticao","type-modelos-de-peticao","status-publish","hentry","categoria-modelo-civel"],"_links":{"self":[{"href":"https:\/\/easyjur.com\/blog\/wp-json\/wp\/v2\/modelos-de-peticao\/28550","targetHints":{"allow":["GET"]}}],"collection":[{"href":"https:\/\/easyjur.com\/blog\/wp-json\/wp\/v2\/modelos-de-peticao"}],"about":[{"href":"https:\/\/easyjur.com\/blog\/wp-json\/wp\/v2\/types\/modelos-de-peticao"}],"wp:attachment":[{"href":"https:\/\/easyjur.com\/blog\/wp-json\/wp\/v2\/media?parent=28550"}],"wp:term":[{"taxonomy":"categoria-modelo","embeddable":true,"href":"https:\/\/easyjur.com\/blog\/wp-json\/wp\/v2\/categoria-modelo?post=28550"}],"curies":[{"name":"wp","href":"https:\/\/api.w.org\/{rel}","templated":true}]}}

[MODELO] Contestação à Ação de Despejo por Denúncia Vazia  &#8211;  Carência de Ação por Falta de Notificação Premonitória

<p><strong>CONTESTAÇÃO à AÇÃO DE DESPEJO POR DENÚNCIA</strong> <strong>VAZIA</strong> </p>
<p>A retomada do imóvel pretendida pelo Autor só é válida quando houver a notificação premonitória, não tendo o Autor realizado tal notificação, e sendo esta pressuposto de procedibilidade e desenvolvimento para a ação de despejo baseada na denúncia vazia, pretende o Réu que o processo seja extinto sem julgamento do mérito por carência de ação.</p>
<p><strong>EXMO. SR. DR. JUIZ DE DIREITO DA &#8230;. ª VARA CÍVEL DA COMARCA DE</strong> &#8230;.</p>
<p>&#8230;&#8230;&#8230;&#8230;&#8230;&#8230;&#8230;&#8230;&#8230;&#8230;&#8230;&#8230;&#8230;&#8230;&#8230;&#8230;&#8230;&#8230; (qualificação), portador do CPF/MF nº &#8230;., residente e domiciliado nesta Cidade, por intermédio de seu procurador e advogado no final assinado, vem à presença de V. Exa., apresentar <strong>CONTESTAÇÃO à AÇÃO DE DESPEJO POR DENÚNCIA</strong> <strong>VAZIA</strong>, requerida por &#8230;., por esta e na melhor forma de direito.</p>
<p><strong>PRELIMINARMENTE:</strong></p>
<p><strong>DA CARÊNCIA DA AÇÃO</strong></p>
<p>Que o réu não recebeu a NOTIFICAÇÃO PREMONITÓRIA.</p>
<p>No entanto, a prova do afirmado é impossível, pois está cerceado em sua defesa.</p>
<p>Conforme se vê às fls. &#8230;. verso, o empregado juramentado que subscreveu a certidão não fez qualquer menção quanto ao local e horário nos quais se procedeu a entrega da primeira via.</p>
<p>Uma vez que o réu na qualidade de &#8230;., atua em &#8230;. (&#8230;.) hospitais, sendo um fora da Comarca de &#8230;., e com capacidade de provar horários de permanência no trabalho.</p>
<p>Desta forma, sabendo o horário e o local em que foi Notificado, poderia provar o contrário. </p>
<p>Acontece que, com certidão do funcionário do cartório, descaracterizada, sem os fundamentos básicos, como horários e local, o réu vê cerceada a sua defesa.</p>
<p>Assim sendo, está refutada a certidão de fls. &#8230;. verso, pela consecução incorreta, destituída de informações importantes e necessárias para evitar cerceamento de defesa.</p>
<p>O réu, além de não ter recebido a Notificação, não poderia dela tomar conhecimento, caso viesse a receber, porque não tem nenhuma locação em que é locadora Imobiliária &#8230;.</p>
<p>A relação processual contenciosa, portanto, não se constituiu, de vez que lhe faltou pressuposto essencial exigido pela Lei.</p>
<p>A ação de despejo com fulcro no artigo 78 da Lei do Inquilinato pressupõe a prévia notificação do locatário, pelo locador, com concessão do prazo de doze meses para desocupação.</p>
<p>Portanto, a Notificação válida é, de rigor, um pressuposto para o desenvolvimento válido e regular deste processo de despejo imotivado.</p>
<p>&quot;Para retomar imóvel locado amparado na chamada denúncia vazia o locador, obrigatoriamente, tem que denunciar a locação vigente por tempo indeterminado. Assim, não realizada a notificação prévia, falta à ação condição de procedibilidade e de desenvolvimento sem julgamento do mérito. RT 640/163.&quot;</p>
<p>E também, a Lei do Inquilinato de nº 8.245 de 1991 é clara e direta: &#8211; O LOCADOR denuncia.</p>
<p>&quot;Art. 78. As locações residenciais que tenham sido celebradas anteriormente à vigência desta Lei e que já vigorem ou venham a vigorar por prazo indeterminado, poderão ser denunciadas pelo locador, concedido o prazo de doze meses para a desocupação.&quot; (grifo nosso).</p>
<p>O locador é que comunica sua vontade.</p>
<p>E a forma escrita pela qual o senhorio dá conhecimento de sua vontade ao Locatário é a NOTIFICAÇÃO.</p>
<p>No entanto, a NOTIFICAÇÃO de fls. &#8230;. não foi efetuada pelo locador, portanto, não é válida para o presente caso.</p>
<p>O Sr. &#8230;. não demonstrou a sua vontade. </p>
<p>O Locatário não poderia reconhecer o pedido e deixar o imóvel, pois sempre teve como seu locador o Sr. &#8230;.</p>
<p>É só ver, a NOTIFICAÇÃO foi efetuada pela IMOBILIÁRIA &#8230;., firmada por prepostos desta firma, mas sem qualquer menção que a firmaram por &#8230;.</p>
<p>A NOTIFICAÇÃO não menciona uma única vez o nome do Sr. &#8230;., proprietário e locador, contente no contrato de locação à fls. &#8230;.</p>
<p>Assim, a NOTIFICAÇÃO fala em propriedade da NOTIFICANTE e está assinada pela Imobiliária &#8230;., traduzindo, assim, claramente que a Imobiliária &#8230;., se considera locadora e, provavelmente, deve ser a atual proprietária do imóvel.</p>
<p>Deste modo, como a Imobiliária &#8230;. se considera locadora para Notificar e atual proprietária do imóvel, deve demonstrar o título de propriedade, para provar a sua &quot;Legitimatio ad causam&quot;  na notificação premonitória.</p>
<p>Sendo assim, a NOTIFICAÇÃO apresentada à fls. &#8230;. é nula, para o presente caso, e ausente a prévia denúncia, é judicialmente impossível o pedido do autor, por falta de respaldo legal.</p>
<p>Nestas condições, impõe-se a aplicação dos dispositivos cabíveis do diploma processual, devendo o processo ser extinto, sem julgamento do mérito, visto o Autor ser carente do direito da ação.</p>
<p><strong>NO MÉRITO</strong></p>
<p><strong>&quot;AD ARGUMENTANDUM&quot;</strong></p>
<p>Que o autor, Sr. &#8230;., intentou, em &#8230;., uma Ação Revisional, doc. &#8230;. a &#8230;., em face do réu, Dr. &#8230;., a qual tramitou pela &#8230;. ª Vara Cível sob nº &#8230;.</p>
<p>Acontece que firmaram um acordo, no dia &#8230;. de &#8230;., em audiência, doc. nº &#8230;. e &#8230;., no qual avençaram entre outras:</p>
<p>I &#8211; As partes resolvem fixar o valor do novo aluguel em R$ &#8230;. a partir do mês da citação, ocorrida em &#8230;. de &#8230;. de &#8230;., conforme fls. &#8230;.</p>
<p>Evidência o acordo, que a Locação passou a ser regida pela Lei 8.245 de 1991, em vigor na ocasião.</p>
<p>Deste modo, a retomada do imóvel só seria cabível nas formas estipuladas pela Lei 8.245/91, em seus artigos 46 e 47.</p>
<p>Portanto, o artigo 78 e seu parágrafo único não oferecem respaldo legal ao presente feito.</p>
<p>Que o réu não recebeu a Notificação apresentada nos autos.</p>
<p>E, pela certidão efetuada erroneamente pelo Cartório, vê sua defesa cerceada.</p>
<p>Ante o exposto, comprovada a inexistência do direito do Autor, deve a presente ação, caso conhecido o mérito, ser julgada improcedente, condenando o Autor ao pagamento das custas processuais, honorários de advogado e demais cominações legais.</p>
<p>Protesta por todos os gêneros de prova em direito admitidos, depoimento pessoal do autor, que, desde já, requer, testemunhas e documentos.</p>
<p>Termos em que,</p>
<p>Pede Deferimento.</p>
<p>&#8230;., &#8230;. de &#8230;. de &#8230;.</p>
<p>&#8230;&#8230;&#8230;&#8230;&#8230;&#8230;</p>
<p>Advogado OAB/&#8230;</p>
