{"id":27746,"date":"2023-07-28T23:23:49","date_gmt":"2023-07-28T23:23:49","guid":{"rendered":"https:\/\/easyjur.com\/blog\/?post_type=modelos-de-peticao&#038;p=3650"},"modified":"2023-07-28T23:23:49","modified_gmt":"2023-07-28T23:23:49","slug":"pedido-de-tutela-dos-menores-orfaos-de-mae-com-pai-desconhecido-pelos-tios","status":"publish","type":"modelos-de-peticao","link":"https:\/\/easyjur.com\/blog\/modelos-de-peticao\/pedido-de-tutela-dos-menores-orfaos-de-mae-com-pai-desconhecido-pelos-tios\/","title":{"rendered":"[MODELO] Pedido de Tutela dos Menores \u00d3rf\u00e3os de M\u00e3e, com Pai Desconhecido, pelos Tios"},"content":{"rendered":"<p>Menores \u00f3rfaos de m\u00e3e. Pai desconhecido. <strong>Pedido de tutela<\/strong> dos menores <strong>pelos tios.<\/strong><\/p>\n<p><strong>EXMO. SR. DR. JUIZ DE DIREITO DA &#8230;. \u00aa VARA DE FAM\u00cdLIA DA COMARCA DE &#8230;.<\/strong><\/p>\n<p>&#8230;&#8230;&#8230;&#8230;&#8230;&#8230;&#8230;&#8230;&#8230;.. e &#8230;&#8230;&#8230;&#8230;&#8230;&#8230;&#8230;&#8230;&#8230;, (qualifica\u00e7\u00e3o), residentes e domiciliados na Rua &#8230;. n\u00ba &#8230;., ele portador da C\u00e9dula de Identidade\/RG sob o n\u00ba &#8230;., e inscrito no CPF\/MF sob o n\u00ba &#8230;., ela portadora da C\u00e9dula de Identidade\/RG sob o n\u00ba &#8230;., e inscrita no CPF\/MF sob o n\u00ba &#8230;., v\u00eam, por sua bastante procuradora (mandato incluso),  que adiante assina, inscrita na OAB, sob o n\u00ba &#8230;., com escrit\u00f3rio profissional nesta Cidade de &#8230;., na Rua &#8230;. n\u00ba &#8230;., onde recebe intima\u00e7\u00f5es e notifica\u00e7\u00f5es, mui respeitosamente, \u00e0 presen\u00e7a de Vossa Excel\u00eancia, requerer a<\/p>\n<p><strong>TUTELA<\/strong> <\/p>\n<p>de &#8230;&#8230;&#8230;&#8230;&#8230;&#8230;&#8230;&#8230;, (qualifica\u00e7\u00e3o) e &#8230;&#8230;&#8230;&#8230;&#8230;&#8230;. (qualifica\u00e7\u00e3o), residentes e domiciliados no endere\u00e7o acima informado, com fulcro nos arts. 406 e seguintes do C\u00f3digo Civil, al\u00e9m dos Artigos 1187 e seguintes do C\u00f3digo de Processo Civil, pelos fatos e fundamentos a seguir aduzidos:<\/p>\n<p>I. &#8230;., irm\u00e3 da Requerente, aos &#8230;. do m\u00eas de &#8230;. do ano de &#8230;. e aos &#8230;. dias do m\u00eas de &#8230;. do ano de &#8230;., veio a dar \u00e0 luz, respectivamente a &#8230;. e &#8230;. (certid\u00f5es anexas).<\/p>\n<p>II. Tais menores viveram sob a guarda da m\u00e3e at\u00e9 que esta foi levada a \u00f3bito, aos &#8230;. dias do m\u00eas de &#8230;. de &#8230;. (certid\u00e3o de \u00f3bito anexa), quando passaram a conviver com seus tios, neste ato Requerentes, que desde ent\u00e3o v\u00eam zelando pelos mesmos.<\/p>\n<p>II. Os Requerentes pleiteiam, paralelamente, junto ao INSS, a pens\u00e3o por morte da m\u00e3e dos menores, visto que desconhecem o domic\u00edlio do pai, que por sua vez n\u00e3o registrou as referidas crian\u00e7as, nem tampouco as conhece.<\/p>\n<p>IV. Vale ressaltar que, na medida de suas possibilidades financeiras, os Requerentes v\u00eam assistindo os tutelados em todos os sentidos, inclusive educacionalmente e no que se refere a sa\u00fade, educa\u00e7\u00e3o, alimenta\u00e7\u00e3o, habita\u00e7\u00e3o e vestu\u00e1rio, dando-lhe o amparo necess\u00e1rio a uma boa forma\u00e7\u00e3o.<\/p>\n<p>V. A doutrinadora Maria Helena Diniz esclarece que:<\/p>\n<p>&quot;A Tutela \u00e9 um instituto de car\u00e1ter assistencial, que tem por escopo substituir o P\u00e1trio Poder. Protege o menor n\u00e3o emancipado e seus bens, se seus pais faleceram ou foram suspensos ou destitu\u00eddos do P\u00e1trio Poder Paternal (art. 406), dando-lhe assist\u00eancia e representa\u00e7\u00e3o na \u00f3rbita jur\u00eddica, ao investir pessoa id\u00f4nea nos poderes imprescind\u00edveis para tanto.&quot; Diniz, Maria Helena. Curso de Direito Civil Brasileiro. Editora Saraiva. SP. 1987. 3\u00aa  edi\u00e7\u00e3o 5\u00ba volume.<\/p>\n<p>VI. Urge informar que os Requerentes possuem total legitimidade para pleitear a presente, conforme o art. 409 do C\u00f3digo Civil, sendo pessoas id\u00f4neas e de moral irrepreens\u00edvel, mesmo porque os av\u00f3s maternos pouco contato tem com os menores, posto doentios e de idade avan\u00e7ada para tanto.<\/p>\n<p>VII. Os menores tutelados n\u00e3o possuem bens, n\u00e3o sendo necess\u00e1rio, portanto, a hipoteca legal prevista na Lei Civil, mas somente a antes informada pens\u00e3o.<\/p>\n<p>VIII. Isto posto, requer-se a Vossa Excel\u00eancia: <\/p>\n<p>&#8211; O benef\u00edcio da Justi\u00e7a Gratuita, com fulcro nas Leis 1.060\/50 e 7510\/86, por se tratarem de pessoas economicamente carentes, n\u00e3o podendo arcar com as custas e demais despesas processuais (documentos inclusos).<\/p>\n<p>&#8211; A ouvida do Minist\u00e9rio P\u00fablico.<\/p>\n<p>&#8211; A apresenta\u00e7\u00e3o de todos os meios de prova em direito admitidos, inclusive o depoimento pessoal dos menores tutelados, se necess\u00e1rio for.<\/p>\n<p>&#8211; A proced\u00eancia da presente, em todos os seus termos, com nomea\u00e7\u00e3o dos Requerentes como tutores de &#8230;. e &#8230;., nos termos da Lei.<\/p>\n<p>D\u00e1-se \u00e1 causa o valor de R$ &#8230;. (&#8230;.).<\/p>\n<p>Termos em que, <\/p>\n<p>pedem e esperam deferimento.<\/p>\n<p>&#8230;., &#8230;. de &#8230;. de &#8230;.<\/p>\n<p>&#8230;&#8230;&#8230;&#8230;&#8230;&#8230;<\/p>\n<p>Advogado OAB\/&#8230;<\/p>\n","protected":false},"featured_media":0,"parent":0,"menu_order":0,"template":"","meta":{"content-type":""},"categoria-modelo":[142],"class_list":["post-27746","modelos-de-peticao","type-modelos-de-peticao","status-publish","hentry","categoria-modelo-civel"],"_links":{"self":[{"href":"https:\/\/easyjur.com\/blog\/wp-json\/wp\/v2\/modelos-de-peticao\/27746","targetHints":{"allow":["GET"]}}],"collection":[{"href":"https:\/\/easyjur.com\/blog\/wp-json\/wp\/v2\/modelos-de-peticao"}],"about":[{"href":"https:\/\/easyjur.com\/blog\/wp-json\/wp\/v2\/types\/modelos-de-peticao"}],"wp:attachment":[{"href":"https:\/\/easyjur.com\/blog\/wp-json\/wp\/v2\/media?parent=27746"}],"wp:term":[{"taxonomy":"categoria-modelo","embeddable":true,"href":"https:\/\/easyjur.com\/blog\/wp-json\/wp\/v2\/categoria-modelo?post=27746"}],"curies":[{"name":"wp","href":"https:\/\/api.w.org\/{rel}","templated":true}]}}

[MODELO] Pedido de Tutela dos Menores Órfãos de Mãe, com Pai Desconhecido, pelos Tios

<p>Menores órfaos de mãe. Pai desconhecido. <strong>Pedido de tutela</strong> dos menores <strong>pelos tios.</strong></p>
<p><strong>EXMO. SR. DR. JUIZ DE DIREITO DA &#8230;. ª VARA DE FAMÍLIA DA COMARCA DE &#8230;.</strong></p>
<p>&#8230;&#8230;&#8230;&#8230;&#8230;&#8230;&#8230;&#8230;&#8230;.. e &#8230;&#8230;&#8230;&#8230;&#8230;&#8230;&#8230;&#8230;&#8230;, (qualificação), residentes e domiciliados na Rua &#8230;. nº &#8230;., ele portador da Cédula de Identidade/RG sob o nº &#8230;., e inscrito no CPF/MF sob o nº &#8230;., ela portadora da Cédula de Identidade/RG sob o nº &#8230;., e inscrita no CPF/MF sob o nº &#8230;., vêm, por sua bastante procuradora (mandato incluso),  que adiante assina, inscrita na OAB, sob o nº &#8230;., com escritório profissional nesta Cidade de &#8230;., na Rua &#8230;. nº &#8230;., onde recebe intimações e notificações, mui respeitosamente, à presença de Vossa Excelência, requerer a</p>
<p><strong>TUTELA</strong> </p>
<p>de &#8230;&#8230;&#8230;&#8230;&#8230;&#8230;&#8230;&#8230;, (qualificação) e &#8230;&#8230;&#8230;&#8230;&#8230;&#8230;. (qualificação), residentes e domiciliados no endereço acima informado, com fulcro nos arts. 406 e seguintes do Código Civil, além dos Artigos 1187 e seguintes do Código de Processo Civil, pelos fatos e fundamentos a seguir aduzidos:</p>
<p>I. &#8230;., irmã da Requerente, aos &#8230;. do mês de &#8230;. do ano de &#8230;. e aos &#8230;. dias do mês de &#8230;. do ano de &#8230;., veio a dar à luz, respectivamente a &#8230;. e &#8230;. (certidões anexas).</p>
<p>II. Tais menores viveram sob a guarda da mãe até que esta foi levada a óbito, aos &#8230;. dias do mês de &#8230;. de &#8230;. (certidão de óbito anexa), quando passaram a conviver com seus tios, neste ato Requerentes, que desde então vêm zelando pelos mesmos.</p>
<p>II. Os Requerentes pleiteiam, paralelamente, junto ao INSS, a pensão por morte da mãe dos menores, visto que desconhecem o domicílio do pai, que por sua vez não registrou as referidas crianças, nem tampouco as conhece.</p>
<p>IV. Vale ressaltar que, na medida de suas possibilidades financeiras, os Requerentes vêm assistindo os tutelados em todos os sentidos, inclusive educacionalmente e no que se refere a saúde, educação, alimentação, habitação e vestuário, dando-lhe o amparo necessário a uma boa formação.</p>
<p>V. A doutrinadora Maria Helena Diniz esclarece que:</p>
<p>&quot;A Tutela é um instituto de caráter assistencial, que tem por escopo substituir o Pátrio Poder. Protege o menor não emancipado e seus bens, se seus pais faleceram ou foram suspensos ou destituídos do Pátrio Poder Paternal (art. 406), dando-lhe assistência e representação na órbita jurídica, ao investir pessoa idônea nos poderes imprescindíveis para tanto.&quot; Diniz, Maria Helena. Curso de Direito Civil Brasileiro. Editora Saraiva. SP. 1987. 3ª  edição 5º volume.</p>
<p>VI. Urge informar que os Requerentes possuem total legitimidade para pleitear a presente, conforme o art. 409 do Código Civil, sendo pessoas idôneas e de moral irrepreensível, mesmo porque os avós maternos pouco contato tem com os menores, posto doentios e de idade avançada para tanto.</p>
<p>VII. Os menores tutelados não possuem bens, não sendo necessário, portanto, a hipoteca legal prevista na Lei Civil, mas somente a antes informada pensão.</p>
<p>VIII. Isto posto, requer-se a Vossa Excelência: </p>
<p>&#8211; O benefício da Justiça Gratuita, com fulcro nas Leis 1.060/50 e 7510/86, por se tratarem de pessoas economicamente carentes, não podendo arcar com as custas e demais despesas processuais (documentos inclusos).</p>
<p>&#8211; A ouvida do Ministério Público.</p>
<p>&#8211; A apresentação de todos os meios de prova em direito admitidos, inclusive o depoimento pessoal dos menores tutelados, se necessário for.</p>
<p>&#8211; A procedência da presente, em todos os seus termos, com nomeação dos Requerentes como tutores de &#8230;. e &#8230;., nos termos da Lei.</p>
<p>Dá-se á causa o valor de R$ &#8230;. (&#8230;.).</p>
<p>Termos em que, </p>
<p>pedem e esperam deferimento.</p>
<p>&#8230;., &#8230;. de &#8230;. de &#8230;.</p>
<p>&#8230;&#8230;&#8230;&#8230;&#8230;&#8230;</p>
<p>Advogado OAB/&#8230;</p>
