{"id":26528,"date":"2023-07-28T22:17:20","date_gmt":"2023-07-28T22:17:20","guid":{"rendered":"https:\/\/easyjur.com\/blog\/?post_type=modelos-de-peticao&#038;p=3650"},"modified":"2023-07-28T22:17:20","modified_gmt":"2023-07-28T22:17:20","slug":"acao-de-reparacao-de-danos-acidente-de-transito-causado-por-veiculo-da-prefeitura-culpa-exclusiva-do-condutor","status":"publish","type":"modelos-de-peticao","link":"https:\/\/easyjur.com\/blog\/modelos-de-peticao\/acao-de-reparacao-de-danos-acidente-de-transito-causado-por-veiculo-da-prefeitura-culpa-exclusiva-do-condutor\/","title":{"rendered":"[MODELO] A\u00e7\u00e3o de Repara\u00e7\u00e3o de Danos  &#8211;  Acidente de Tr\u00e2nsito causado por ve\u00edculo da Prefeitura. Culpa exclusiva do condutor."},"content":{"rendered":"<p><strong>A\u00c7\u00c3O DE REPARA\u00c7\u00c3O DE DANOS<\/strong> &#8211; <strong>Acidente de tr\u00e2nsito<\/strong> causado por ve\u00edculo de propriedade de Prefeitura Municipal. Culpa exclusiva do condutor do ve\u00edculo da Prefeitura.<\/p>\n<p>EXMO. SR. DR. JUIZ DE DIREITO DA &#8230;. \u00aa VARA C\u00cdVEL DA COMARCA DE &#8230;.<\/p>\n<p>&#8230;&#8230;&#8230;&#8230;&#8230;&#8230;&#8230;&#8230;&#8230;&#8230;&#8230;&#8230;&#8230;&#8230;&#8230;, (qualifica\u00e7\u00e3o) portador da C\u00e9dula de Identidade\/RG n\u00ba &#8230;., e inscrito no CPF\/MF sob o n\u00ba &#8230;., com endere\u00e7o profissional na Rua &#8230;. n\u00ba &#8230;., Cidade de &#8230;., com a assist\u00eancia de seu advogado e procurador que esta subscreve, regularmente inscrito na OAB\/&#8230;. sob n\u00ba&#8230;., com endere\u00e7o na Rua &#8230;. n\u00ba &#8230;., Cidade de &#8230;., onde recebe intima\u00e7\u00f5es e notifica\u00e7\u00f5es, vem, mui respeitosamente perante Vossa Excel\u00eancia, &quot;ex vi&quot; dos artigos 275, II &quot;usque&quot; 278 do C\u00f3digo de Processo Civil, e arts.159,1518 e seguintes do C\u00f3digo Civil, propor a presente.<\/p>\n<h1>A\u00c7\u00c3O DE REPARA\u00c7\u00c3O DE DANOS<\/h1>\n<p>pelo procedimento sum\u00e1rio, contra o MUNIC\u00cdPIO DE &#8230;., ESTADO DE &#8230;., que dever\u00e1 ser citado na pessoa de seu Prefeito Municipal, com endere\u00e7o na  Rua &#8230;. n\u00ba &#8230;., na Cidade de &#8230;., Estado do &#8230;., pelas raz\u00f5es de fato e de direito que passa a aduzir e no final requer:<\/p>\n<\/p>\n<h1>CONSIDERA\u00c7\u00d5ES PRELIMINARES<\/h1>\n<p>No dia &#8230;., aproximadamente as &#8230;. horas, trafegava o Autor com o ve\u00edculo de sua propriedade &#8230;. placas &#8230;., pela Rua &#8230;. n\u00ba &#8230;., quando no cruzamento com a Rua &#8230;. n\u00ba &#8230;. teve a frente do mesmo cortada pelo ve\u00edculo &#8230;.,  cor &#8230;., placas &#8230;. de  propriedade da Prefeitura de &#8230;., Estado &#8230;., conduzido na ocasi\u00e3o por &#8230;.<\/p>\n<h1>DOS FATOS<\/h1>\n<p>No Boletim de Ocorr\u00eancia de Acidente de Tr\u00e2nsito n\u00ba &#8230;., fls. &#8230;.,  elaborado pela autoridade de tr\u00e2nsito que compareceu ao local, encontra-se:<\/p>\n<p>&quot;O Autor transitava pela Rua &#8230;., sentido &#8230;. no cruzamento com a Rua &#8230;., envolveu-se em uma colis\u00e3o com o ve\u00edculo de propriedade do R\u00e9u conduzido por &#8230;., que transitava pela ultima via citada.&quot;<\/p>\n<p>Do evento resultou danos materiais, ferimentos.<\/p>\n<p>D\u00ea-se considerar que a via utilizada pelo Autor \u00e9 preferencial e isto \u00e9 not\u00f3rio, por\u00e9m, o desatento motorista do ve\u00edculo do R\u00e9u, trafegava pela Rua &#8230;. n\u00ba &#8230;., n\u00e3o sabia ou n\u00e3o percebeu e, negligentemente, cruzou a via preferencial, impossibilitado ao Autor de utilizar-se do sistema de freagem, vindo a colidir seu ve\u00edculo contra o do R\u00e9u.<\/p>\n<h1>DO DANO<\/h1>\n<p>Decorrente do sinistro o Autor sofreu preju\u00edzos de elevada monta posto que, seu ve\u00edculo ficou bastante danificado e isto demonstra-se pelo or\u00e7amento elaborado em &#8230;. por empresa autorizada e id\u00f4nea, e fotografias que se acostam, a saber:<\/p>\n<p>Or\u00e7amento  R$ &#8230;.<\/p>\n<p>Diante da vultosa import\u00e2ncia que for\u00e7osamente teria que dispender, entende que seria in\u00fatil recorrer a outras autorizadas para elaborar outros or\u00e7amentos, haja vista que, certamente aproximariam do valor do primeiro or\u00e7amento.<\/p>\n<p>Em conseq\u00fc\u00eancia da gravidade do dano e por entender que o conserto n\u00e3o resultaria perfeito, caso n\u00e3o fosse efetuado em oficinas n\u00e3o especializadas,  resolveu vender o ve\u00edculo.<\/p>\n<p>Com efeito, decorridos alguns dias vendeu o ve\u00edculo ao Sr. &#8230;.,  portador da C\u00e9dula de Indentidade\/RG n\u00ba &#8230;., inscrito no CPF\/MF sob o n\u00ba &#8230;., residente e domiciliado na Cidade de &#8230;., Estado do &#8230;., na Rua &#8230;. n\u00ba &#8230;., bairro &#8230;.<\/p>\n<p>A venda do ve\u00edculo sinistrado foi concretizada pelo valor de R$ &#8230;. (&#8230;.).<\/p>\n<p>Deve se considerar MM. Juiz, que o valor m\u00e9dio do ve\u00edculo era de R$ &#8230;. (&#8230;.).<\/p>\n<p>Do valor supra mencionado, abatendo-se o valor pelo qual o ve\u00edculo foi vendido, ou seja R$ &#8230;. (&#8230;.), teve o Autor um preju\u00edzo no importe de R$ &#8230;. (&#8230;.), que convertidos para a moeda circulante chega-se a um total de R$ &#8230;. (&#8230;.), por\u00e9m esse valor n\u00e3o corresponde ao dano efetivo sofrido pelo Autor, sen\u00e3o vejamos:<\/p>\n<p>Buscando o pre\u00e7o de mercado em &#8230;., encontramos ve\u00edculos do mesmo modelo e ano, ou seja &#8230;., vendido a um pre\u00e7o que varia de R$ &#8230;. (&#8230;.), a R$ &#8230;. (&#8230;.), chegando-se a um pre\u00e7o m\u00e9dio de R$ &#8230;. (&#8230;.) e isto demonstra-se pelo per\u00edodo acostado.<\/p>\n<p>Assim Excel\u00eancia, desnecess\u00e1rio tecer maiores considera\u00e7\u00f5es para se concluir que o preju\u00edzo sofrido pelo Autor gira em torno de R$ &#8230;. (&#8230;.).<\/p>\n<p>No entanto, o preju\u00edzo do Autor n\u00e3o se resumiu ao valor de R$ &#8230;. (&#8230;.), por\u00e9m, dever\u00e1s considerado o per\u00edodo em que ficou sem ve\u00edculo, utilizando-se no per\u00edodo de um (1) m\u00eas dos servi\u00e7os de t\u00e1xi, at\u00e9 que adquiriu outro ve\u00edculo. <\/p>\n<p>O Autor \u00e9 &#8230;., e a partir da\u00ed, despiciendo dizer que necessita diariamente de ve\u00edculo para desenvolver sua atividades profissionais, al\u00e9m do que, para outros deslocamentos com sua fam\u00edlia utilizou-se dos servi\u00e7os de taxi.<\/p>\n<p>Destarte, ao preju\u00edzo decorrente do sinistro, dever\u00e1 ser acrescida a import\u00e2ncia de R$ &#8230;. (&#8230;.) referente as despesas de t\u00e1xi.<\/p>\n<h1>DA RESPONSABILIDADE<\/h1>\n<p>Estabeleceu o artigo 37, par\u00e1grafo 6\u00ba da Constitui\u00e7\u00e3o Federal:<\/p>\n<p>&quot;As pessoas jur\u00eddicas de direito p\u00fablico e as de direito privado prestadoras de servi\u00e7os p\u00fablicos responder\u00e3o pelos danos que seus agentes, nessa qualidade, causarem a terceiros, assegurado o direito de regresso contra o respons\u00e1vel nos casos de dolo ou culpa&quot;.<\/p>\n<p>Tamb\u00e9m o artigo 1.521 do C\u00f3digo Civil, prev\u00ea:<\/p>\n<p>&quot;S\u00e3o tamb\u00e9m respons\u00e1veis pela repara\u00e7\u00e3o civil:<\/p>\n<p>I &#8211; omissis;<\/p>\n<p>II &#8211; omissis;<\/p>\n<p>III &#8211; O patr\u00e3o, amo ou comitente, por seus empregados, servi\u00e7ais e prepostos no exerc\u00edcio do trabalho que lhes competir, ou por ocasi\u00e3o dele (art. 1.522).<\/p>\n<p>IV &#8211; omisis;<\/p>\n<p>V &#8211; omissis.&quot;<\/p>\n<p>Destarte, o condutor do ve\u00edculo causador do dano, bem como o propriet\u00e1rio do mesmo (Munic\u00edpio de &#8230;.), est\u00e3o obrigados a repar\u00e1-lo e isso desprende-se do artigo 159 do C\u00f3digo Civil.<\/p>\n<p>Ora Excel\u00eancia, o Autor esgotou suasoriamente os meios para obter o ressarcimento dos danos \u00e0 si causados pelo motorista do ve\u00edculo pertencente ao Munic\u00edpio de &#8230;., assim, se v\u00ea compelido \u00e0 propor a presente a\u00e7\u00e3o.<\/p>\n<h1>DO REQUERIMENTO<\/h1>\n<p>Diante do exposto, com apoio nos dispositivos legais antes mencionados, requer-se a Vossa Excel\u00eancia se digne:<\/p>\n<p>Determine a expedi\u00e7\u00e3o de Carta Precat\u00f3ria endere\u00e7ada ao Juiz de Direito da Comarca de &#8230;., para cita\u00e7\u00e3o do R\u00e9u no seguinte endere\u00e7o Rua &#8230;. n\u00ba &#8230;., para que o Senhor Prefeito Municipal  compare\u00e7a a audi\u00eancia de Concilia\u00e7\u00e3o, instru\u00e7\u00e3o e julgamento, que for designada e nela ofere\u00e7a, querendo, a defesa que tiver, sob pena de revelia.<\/p>\n<p>Requer outrossim, al\u00e9m do depoimento pessoal do representante legal e a oitiva do condutor do ve\u00edculo do R\u00e9u, sob pena de confesso, oitiva da testemunha arrolada, que comparecer\u00e1 \u00e0 esse Ju\u00edzo independente de intima\u00e7\u00e3o; produ\u00e7\u00e3o de prova documental, por meio dos documentos que se acostam e que poder\u00e3o ser juntados durante o tr\u00e2mite processual al\u00e9m as demais provas em direito admitidas e necess\u00e1rias para o deslinde do feito.<\/p>\n<p>Contestada ou n\u00e3o, seja a a\u00e7\u00e3o julgada procedente, condenado-se o requerido ao pagamento da import\u00e2ncia de R$ &#8230;. (&#8230;.), acrescida de juros morat\u00f3rios, corre\u00e7\u00e3o monet\u00e1ria, despesas judiciais, custas processuais e honor\u00e1rios advocat\u00edcios, que saber\u00e1 arbitrar.<\/p>\n<p>D\u00e1-se \u00e0 presente o valor de R$ &#8230;. (&#8230;.).<\/p>\n<p>Termos em que,<\/p>\n<p>pede e espera deferimento.<\/p>\n<p>&#8230;., &#8230;. de &#8230;. de &#8230;.<\/p>\n<p>&#8230;&#8230;&#8230;&#8230;&#8230;&#8230;<\/p>\n<p>Advogado OAB\/&#8230;<\/p>\n","protected":false},"featured_media":0,"parent":0,"menu_order":0,"template":"","meta":{"content-type":""},"categoria-modelo":[142],"class_list":["post-26528","modelos-de-peticao","type-modelos-de-peticao","status-publish","hentry","categoria-modelo-civel"],"_links":{"self":[{"href":"https:\/\/easyjur.com\/blog\/wp-json\/wp\/v2\/modelos-de-peticao\/26528","targetHints":{"allow":["GET"]}}],"collection":[{"href":"https:\/\/easyjur.com\/blog\/wp-json\/wp\/v2\/modelos-de-peticao"}],"about":[{"href":"https:\/\/easyjur.com\/blog\/wp-json\/wp\/v2\/types\/modelos-de-peticao"}],"wp:attachment":[{"href":"https:\/\/easyjur.com\/blog\/wp-json\/wp\/v2\/media?parent=26528"}],"wp:term":[{"taxonomy":"categoria-modelo","embeddable":true,"href":"https:\/\/easyjur.com\/blog\/wp-json\/wp\/v2\/categoria-modelo?post=26528"}],"curies":[{"name":"wp","href":"https:\/\/api.w.org\/{rel}","templated":true}]}}

[MODELO] Ação de Reparação de Danos  &#8211;  Acidente de Trânsito causado por veículo da Prefeitura. Culpa exclusiva do condutor.

<p><strong>AÇÃO DE REPARAÇÃO DE DANOS</strong> &#8211; <strong>Acidente de trânsito</strong> causado por veículo de propriedade de Prefeitura Municipal. Culpa exclusiva do condutor do veículo da Prefeitura.</p>
<p>EXMO. SR. DR. JUIZ DE DIREITO DA &#8230;. ª VARA CÍVEL DA COMARCA DE &#8230;.</p>
<p>&#8230;&#8230;&#8230;&#8230;&#8230;&#8230;&#8230;&#8230;&#8230;&#8230;&#8230;&#8230;&#8230;&#8230;&#8230;, (qualificação) portador da Cédula de Identidade/RG nº &#8230;., e inscrito no CPF/MF sob o nº &#8230;., com endereço profissional na Rua &#8230;. nº &#8230;., Cidade de &#8230;., com a assistência de seu advogado e procurador que esta subscreve, regularmente inscrito na OAB/&#8230;. sob nº&#8230;., com endereço na Rua &#8230;. nº &#8230;., Cidade de &#8230;., onde recebe intimações e notificações, vem, mui respeitosamente perante Vossa Excelência, &quot;ex vi&quot; dos artigos 275, II &quot;usque&quot; 278 do Código de Processo Civil, e arts.159,1518 e seguintes do Código Civil, propor a presente.</p>
<h1>AÇÃO DE REPARAÇÃO DE DANOS</h1>
<p>pelo procedimento sumário, contra o MUNICÍPIO DE &#8230;., ESTADO DE &#8230;., que deverá ser citado na pessoa de seu Prefeito Municipal, com endereço na  Rua &#8230;. nº &#8230;., na Cidade de &#8230;., Estado do &#8230;., pelas razões de fato e de direito que passa a aduzir e no final requer:</p>
</p>
<h1>CONSIDERAÇÕES PRELIMINARES</h1>
<p>No dia &#8230;., aproximadamente as &#8230;. horas, trafegava o Autor com o veículo de sua propriedade &#8230;. placas &#8230;., pela Rua &#8230;. nº &#8230;., quando no cruzamento com a Rua &#8230;. nº &#8230;. teve a frente do mesmo cortada pelo veículo &#8230;.,  cor &#8230;., placas &#8230;. de  propriedade da Prefeitura de &#8230;., Estado &#8230;., conduzido na ocasião por &#8230;.</p>
<h1>DOS FATOS</h1>
<p>No Boletim de Ocorrência de Acidente de Trânsito nº &#8230;., fls. &#8230;.,  elaborado pela autoridade de trânsito que compareceu ao local, encontra-se:</p>
<p>&quot;O Autor transitava pela Rua &#8230;., sentido &#8230;. no cruzamento com a Rua &#8230;., envolveu-se em uma colisão com o veículo de propriedade do Réu conduzido por &#8230;., que transitava pela ultima via citada.&quot;</p>
<p>Do evento resultou danos materiais, ferimentos.</p>
<p>Dê-se considerar que a via utilizada pelo Autor é preferencial e isto é notório, porém, o desatento motorista do veículo do Réu, trafegava pela Rua &#8230;. nº &#8230;., não sabia ou não percebeu e, negligentemente, cruzou a via preferencial, impossibilitado ao Autor de utilizar-se do sistema de freagem, vindo a colidir seu veículo contra o do Réu.</p>
<h1>DO DANO</h1>
<p>Decorrente do sinistro o Autor sofreu prejuízos de elevada monta posto que, seu veículo ficou bastante danificado e isto demonstra-se pelo orçamento elaborado em &#8230;. por empresa autorizada e idônea, e fotografias que se acostam, a saber:</p>
<p>Orçamento  R$ &#8230;.</p>
<p>Diante da vultosa importância que forçosamente teria que dispender, entende que seria inútil recorrer a outras autorizadas para elaborar outros orçamentos, haja vista que, certamente aproximariam do valor do primeiro orçamento.</p>
<p>Em conseqüência da gravidade do dano e por entender que o conserto não resultaria perfeito, caso não fosse efetuado em oficinas não especializadas,  resolveu vender o veículo.</p>
<p>Com efeito, decorridos alguns dias vendeu o veículo ao Sr. &#8230;.,  portador da Cédula de Indentidade/RG nº &#8230;., inscrito no CPF/MF sob o nº &#8230;., residente e domiciliado na Cidade de &#8230;., Estado do &#8230;., na Rua &#8230;. nº &#8230;., bairro &#8230;.</p>
<p>A venda do veículo sinistrado foi concretizada pelo valor de R$ &#8230;. (&#8230;.).</p>
<p>Deve se considerar MM. Juiz, que o valor médio do veículo era de R$ &#8230;. (&#8230;.).</p>
<p>Do valor supra mencionado, abatendo-se o valor pelo qual o veículo foi vendido, ou seja R$ &#8230;. (&#8230;.), teve o Autor um prejuízo no importe de R$ &#8230;. (&#8230;.), que convertidos para a moeda circulante chega-se a um total de R$ &#8230;. (&#8230;.), porém esse valor não corresponde ao dano efetivo sofrido pelo Autor, senão vejamos:</p>
<p>Buscando o preço de mercado em &#8230;., encontramos veículos do mesmo modelo e ano, ou seja &#8230;., vendido a um preço que varia de R$ &#8230;. (&#8230;.), a R$ &#8230;. (&#8230;.), chegando-se a um preço médio de R$ &#8230;. (&#8230;.) e isto demonstra-se pelo período acostado.</p>
<p>Assim Excelência, desnecessário tecer maiores considerações para se concluir que o prejuízo sofrido pelo Autor gira em torno de R$ &#8230;. (&#8230;.).</p>
<p>No entanto, o prejuízo do Autor não se resumiu ao valor de R$ &#8230;. (&#8230;.), porém, deverás considerado o período em que ficou sem veículo, utilizando-se no período de um (1) mês dos serviços de táxi, até que adquiriu outro veículo. </p>
<p>O Autor é &#8230;., e a partir daí, despiciendo dizer que necessita diariamente de veículo para desenvolver sua atividades profissionais, além do que, para outros deslocamentos com sua família utilizou-se dos serviços de taxi.</p>
<p>Destarte, ao prejuízo decorrente do sinistro, deverá ser acrescida a importância de R$ &#8230;. (&#8230;.) referente as despesas de táxi.</p>
<h1>DA RESPONSABILIDADE</h1>
<p>Estabeleceu o artigo 37, parágrafo 6º da Constituição Federal:</p>
<p>&quot;As pessoas jurídicas de direito público e as de direito privado prestadoras de serviços públicos responderão pelos danos que seus agentes, nessa qualidade, causarem a terceiros, assegurado o direito de regresso contra o responsável nos casos de dolo ou culpa&quot;.</p>
<p>Também o artigo 1.521 do Código Civil, prevê:</p>
<p>&quot;São também responsáveis pela reparação civil:</p>
<p>I &#8211; omissis;</p>
<p>II &#8211; omissis;</p>
<p>III &#8211; O patrão, amo ou comitente, por seus empregados, serviçais e prepostos no exercício do trabalho que lhes competir, ou por ocasião dele (art. 1.522).</p>
<p>IV &#8211; omisis;</p>
<p>V &#8211; omissis.&quot;</p>
<p>Destarte, o condutor do veículo causador do dano, bem como o proprietário do mesmo (Município de &#8230;.), estão obrigados a repará-lo e isso desprende-se do artigo 159 do Código Civil.</p>
<p>Ora Excelência, o Autor esgotou suasoriamente os meios para obter o ressarcimento dos danos à si causados pelo motorista do veículo pertencente ao Município de &#8230;., assim, se vê compelido à propor a presente ação.</p>
<h1>DO REQUERIMENTO</h1>
<p>Diante do exposto, com apoio nos dispositivos legais antes mencionados, requer-se a Vossa Excelência se digne:</p>
<p>Determine a expedição de Carta Precatória endereçada ao Juiz de Direito da Comarca de &#8230;., para citação do Réu no seguinte endereço Rua &#8230;. nº &#8230;., para que o Senhor Prefeito Municipal  compareça a audiência de Conciliação, instrução e julgamento, que for designada e nela ofereça, querendo, a defesa que tiver, sob pena de revelia.</p>
<p>Requer outrossim, além do depoimento pessoal do representante legal e a oitiva do condutor do veículo do Réu, sob pena de confesso, oitiva da testemunha arrolada, que comparecerá à esse Juízo independente de intimação; produção de prova documental, por meio dos documentos que se acostam e que poderão ser juntados durante o trâmite processual além as demais provas em direito admitidas e necessárias para o deslinde do feito.</p>
<p>Contestada ou não, seja a ação julgada procedente, condenado-se o requerido ao pagamento da importância de R$ &#8230;. (&#8230;.), acrescida de juros moratórios, correção monetária, despesas judiciais, custas processuais e honorários advocatícios, que saberá arbitrar.</p>
<p>Dá-se à presente o valor de R$ &#8230;. (&#8230;.).</p>
<p>Termos em que,</p>
<p>pede e espera deferimento.</p>
<p>&#8230;., &#8230;. de &#8230;. de &#8230;.</p>
<p>&#8230;&#8230;&#8230;&#8230;&#8230;&#8230;</p>
<p>Advogado OAB/&#8230;</p>
