{"id":22926,"date":"2023-07-14T19:48:09","date_gmt":"2023-07-14T19:48:09","guid":{"rendered":"https:\/\/easyjur.com\/blog\/?post_type=modelos-de-peticao&#038;p=3650"},"modified":"2023-07-14T19:48:09","modified_gmt":"2023-07-14T19:48:09","slug":"contranotificacao-extrajudicial-resposta-a-notificacao","status":"publish","type":"modelos-de-peticao","link":"https:\/\/easyjur.com\/blog\/modelos-de-peticao\/contranotificacao-extrajudicial-resposta-a-notificacao\/","title":{"rendered":"[MODELO] Contranotifica\u00e7\u00e3o Extrajudicial  &#8211;  Resposta \u00e0 Notifica\u00e7\u00e3o"},"content":{"rendered":"<p><strong>ILUSTR\u00cdSSIMO SENHOR TABELI\u00c3O DO CART\u00d3RIO DE REGISTROS ESPECIAIS DA COMARCA DE &#8230;&#8230;&#8230;&#8230;&#8230;.<\/strong><\/p>\n<p><strong>NOTIFICA\u00c7\u00c3O N\u00ba &#8230;&#8230;&#8230;&#8230;<\/strong><\/p>\n<p><strong>Notificado: &#8230;&#8230;&#8230;&#8230;&#8230;&#8230;&#8230;&#8230;&#8230;&#8230;&#8230;&#8230;&#8230;.. Notificante: &#8230;&#8230;&#8230;&#8230;&#8230;&#8230;&#8230;&#8230;&#8230;&#8230;&#8230;&#8230;&#8230;.<\/strong><\/p>\n<p>&#8230;&#8230;&#8230;&#8230;&#8230;&#8230;&#8230;&#8230;&#8230;  (nome  completo),  &#8230;&#8230;&#8230;&#8230;  (nacionalidade),<\/p>\n<p>&#8230;&#8230;&#8230;&#8230;.. (estado civil), &#8230;&#8230;&#8230;&#8230;&#8230;. (profiss\u00e3o), portador da c\u00e9dula de identidade RG<\/p>\n<p>no   &#8230;&#8230;&#8230;&#8230;&#8230;.,  inscrito  no  CPF\/MF  sob  no   &#8230;&#8230;&#8230;&#8230;.,\tresidente  e  domiciliado  na<\/p>\n<p>&#8230;&#8230;&#8230;&#8230;&#8230;&#8230;&#8230;&#8230;.. (endere\u00e7o completo: rua [av.] &#8230;&#8230;&#8230;., no  &#8230;.., complemento &#8230;&#8230;&#8230;, bairro   &#8230;&#8230;&#8230;..,   cidade   &#8230;&#8230;&#8230;,   CEP&#8230;&#8230;&#8230;,   UF&#8230;&#8230;..),   vem,   respeitosamente   \u00e0 presen\u00e7a de Vossa Senhoria, tempestivamente, apresentar<\/p>\n<p><strong>CONTRANOTIFICA\u00c7\u00c3O EXTRAJUDICIAL<\/strong><\/p>\n<p>a fim de resguardar seus direitos, em resposta \u00e0 NOTIFICA\u00c7\u00c3O ofertada por<\/p>\n<p>&#8230;&#8230;&#8230;.. (nome completo) em &#8230;&#8230;\/&#8230;&#8230;..\/&#8230;&#8230;&#8230;.. (dia, m\u00eas e ano).<\/p>\n<p>N\u00e3o \u00e9 l\u00edcito que &#8230;&#8230;&#8230;&#8230;&#8230;&#8230; (discorrer sobre os fatos que versam a notifica\u00e7\u00e3o como fundamento de defesa do notificado).<\/p>\n<p>Em verdade o notificado &#8230;&#8230;&#8230;&#8230;. (discorrer a realidade dos fatos em rela\u00e7\u00e3o \u00e0 notifica\u00e7\u00e3o).<\/p>\n<p>Assim, esta contra-notifica\u00e7\u00e3o visa elidir e tornar sem efeito<\/p>\n<p>a NOTIFICA\u00c7\u00c3O apresentada, por ser de direito e justi\u00e7a. Atenciosamente,<\/p>\n<p>&#8230;&#8230;&#8230;&#8230;&#8230;., &#8230;.. de &#8230;&#8230;&#8230;&#8230;&#8230;&#8230;&#8230;. de &#8230;&#8230;&#8230;&#8230;.<\/p>\n<p>(local e data)<\/p>\n<p>&#8230;&#8230;&#8230;&#8230;&#8230;&#8230;&#8230;&#8230;&#8230;&#8230; Assinatura<\/p>\n<p><em>(<\/em><strong><em>Obs<\/em><\/strong><em>. A contranotifica\u00e7\u00e3o poder\u00e1 ser apresentada pelo pr\u00f3prio notificado).<\/em><\/p>\n","protected":false},"featured_media":0,"parent":0,"menu_order":0,"template":"","meta":{"content-type":""},"categoria-modelo":[528],"class_list":["post-22926","modelos-de-peticao","type-modelos-de-peticao","status-publish","hentry","categoria-modelo-kit-peticoes-diversas"],"_links":{"self":[{"href":"https:\/\/easyjur.com\/blog\/wp-json\/wp\/v2\/modelos-de-peticao\/22926","targetHints":{"allow":["GET"]}}],"collection":[{"href":"https:\/\/easyjur.com\/blog\/wp-json\/wp\/v2\/modelos-de-peticao"}],"about":[{"href":"https:\/\/easyjur.com\/blog\/wp-json\/wp\/v2\/types\/modelos-de-peticao"}],"wp:attachment":[{"href":"https:\/\/easyjur.com\/blog\/wp-json\/wp\/v2\/media?parent=22926"}],"wp:term":[{"taxonomy":"categoria-modelo","embeddable":true,"href":"https:\/\/easyjur.com\/blog\/wp-json\/wp\/v2\/categoria-modelo?post=22926"}],"curies":[{"name":"wp","href":"https:\/\/api.w.org\/{rel}","templated":true}]}}

[MODELO] Contranotificação Extrajudicial  &#8211;  Resposta à Notificação

<p><strong>ILUSTRÍSSIMO SENHOR TABELIÃO DO CARTÓRIO DE REGISTROS ESPECIAIS DA COMARCA DE &#8230;&#8230;&#8230;&#8230;&#8230;.</strong></p>
<p><strong>NOTIFICAÇÃO Nº &#8230;&#8230;&#8230;&#8230;</strong></p>
<p><strong>Notificado: &#8230;&#8230;&#8230;&#8230;&#8230;&#8230;&#8230;&#8230;&#8230;&#8230;&#8230;&#8230;&#8230;.. Notificante: &#8230;&#8230;&#8230;&#8230;&#8230;&#8230;&#8230;&#8230;&#8230;&#8230;&#8230;&#8230;&#8230;.</strong></p>
<p>&#8230;&#8230;&#8230;&#8230;&#8230;&#8230;&#8230;&#8230;&#8230;  (nome  completo),  &#8230;&#8230;&#8230;&#8230;  (nacionalidade),</p>
<p>&#8230;&#8230;&#8230;&#8230;.. (estado civil), &#8230;&#8230;&#8230;&#8230;&#8230;. (profissão), portador da cédula de identidade RG</p>
<p>no   &#8230;&#8230;&#8230;&#8230;&#8230;.,  inscrito  no  CPF/MF  sob  no   &#8230;&#8230;&#8230;&#8230;.,	residente  e  domiciliado  na</p>
<p>&#8230;&#8230;&#8230;&#8230;&#8230;&#8230;&#8230;&#8230;.. (endereço completo: rua [av.] &#8230;&#8230;&#8230;., no  &#8230;.., complemento &#8230;&#8230;&#8230;, bairro   &#8230;&#8230;&#8230;..,   cidade   &#8230;&#8230;&#8230;,   CEP&#8230;&#8230;&#8230;,   UF&#8230;&#8230;..),   vem,   respeitosamente   à presença de Vossa Senhoria, tempestivamente, apresentar</p>
<p><strong>CONTRANOTIFICAÇÃO EXTRAJUDICIAL</strong></p>
<p>a fim de resguardar seus direitos, em resposta à NOTIFICAÇÃO ofertada por</p>
<p>&#8230;&#8230;&#8230;.. (nome completo) em &#8230;&#8230;/&#8230;&#8230;../&#8230;&#8230;&#8230;.. (dia, mês e ano).</p>
<p>Não é lícito que &#8230;&#8230;&#8230;&#8230;&#8230;&#8230; (discorrer sobre os fatos que versam a notificação como fundamento de defesa do notificado).</p>
<p>Em verdade o notificado &#8230;&#8230;&#8230;&#8230;. (discorrer a realidade dos fatos em relação à notificação).</p>
<p>Assim, esta contra-notificação visa elidir e tornar sem efeito</p>
<p>a NOTIFICAÇÃO apresentada, por ser de direito e justiça. Atenciosamente,</p>
<p>&#8230;&#8230;&#8230;&#8230;&#8230;., &#8230;.. de &#8230;&#8230;&#8230;&#8230;&#8230;&#8230;&#8230;. de &#8230;&#8230;&#8230;&#8230;.</p>
<p>(local e data)</p>
<p>&#8230;&#8230;&#8230;&#8230;&#8230;&#8230;&#8230;&#8230;&#8230;&#8230; Assinatura</p>
<p><em>(</em><strong><em>Obs</em></strong><em>. A contranotificação poderá ser apresentada pelo próprio notificado).</em></p>
