{"id":21486,"date":"2023-07-14T19:27:34","date_gmt":"2023-07-14T19:27:34","guid":{"rendered":"https:\/\/easyjur.com\/blog\/?post_type=modelos-de-peticao&#038;p=3650"},"modified":"2023-07-14T19:27:34","modified_gmt":"2023-07-14T19:27:34","slug":"acao-de-dano-infecto-mau-cheiro-e-perigo-decorrentes-de-estocagem-de-produtos-quimicos","status":"publish","type":"modelos-de-peticao","link":"https:\/\/easyjur.com\/blog\/modelos-de-peticao\/acao-de-dano-infecto-mau-cheiro-e-perigo-decorrentes-de-estocagem-de-produtos-quimicos\/","title":{"rendered":"[MODELO] A\u00e7\u00e3o de Dano Infecto  &#8211;  Mau cheiro e perigo decorrentes de estocagem de produtos qu\u00edmicos"},"content":{"rendered":"<p><strong>Dano Infecto &#8211; Inicial<\/strong><\/p>\n<p><strong>EXCELENT\u00cdSSIMO SENHOR DOUTOR JUIZ DE DIREITO DA &#8230;&#8230; VARA C\u00cdVEL DA COMARCA DE &#8230;&#8230;&#8230;&#8230;&#8230;&#8230;&#8230;&#8230;&#8230;&#8230;&#8230;<\/strong><\/p>\n<p><strong>(10 LINHAS)<\/strong><\/p>\n<p>&#8230;&#8230;&#8230;&#8230;, (nacionalidade), (profiss\u00e3o), (estado civil), portador da Carteira de Identidade RG n\u00ba &#8230;.., inscrito no CPF\/MF sob o n\u00ba &#8230;., residente e domiciliado na rua &#8230;&#8230;.., n\u00ba &#8230;.., bairro &#8230;&#8230;., cidade &#8230;&#8230;, no Estado de &#8230;&#8230;.. CEP &#8230;&#8230;., por seu procurador infra-assinado, mandato anexo, vem respeitosamente a presen\u00e7a de V. Exa., para com base no que disp\u00f5em o art. 558 do C\u00f3digo Civil, propor a presente<\/p>\n<p><strong>A\u00c7\u00c3O DE DANO INFECTO<\/strong><\/p>\n<p>&#8230;&#8230;&#8230;&#8230;, (nacionalidade), (profiss\u00e3o), (estado civil), portador da Carteira de Identidade RG n\u00ba &#8230;.., inscrito no CPF\/MF sob o n\u00ba &#8230;., residente e domiciliado na rua &#8230;&#8230;.., n\u00ba &#8230;.., bairro &#8230;&#8230;., cidade &#8230;&#8230;, no Estado de &#8230;&#8230;.. CEP &#8230;&#8230;., pelos motivos de fato e de direito que passa a expor:<\/p>\n<p>O requerente \u00e9 inquilino do pr\u00e9dio autor aberto a concilia\u00e7\u00e3oizado no endere\u00e7o acima referido, onde reside com sua fam\u00edlia e tendo como vizinho o requerido.<\/p>\n<p>O requerido h\u00e1 alguns meses vem estocando produtos qu\u00edmicos, em barraco de madeira, nos fundos de sua resid\u00eancia, j\u00e1 que possui loja dessas especialidades no centro da cidade. O referido dep\u00f3sito al\u00e9m de exalar constante mau cheiro, n\u00e3o atenta as m\u00ednimas condi\u00e7\u00f5es de seguran\u00e7a.<\/p>\n<p>O requerente e outros vizinhos procuraram o requerido e lhe externaram a preocupa\u00e7\u00e3o de todos, diante do vis\u00edvel e iminente perigo que representa a vizinhan\u00e7a a estocagem de material altamente inflam\u00e1vel em zona estritamente residencial e densamente povoada.<\/p>\n<p>Em que pese o apelo de todos, o requerido alega que n\u00e3o existe perigo, que n\u00e3o possui outro autor aberto a concilia\u00e7\u00e3o para a estocagem dos inflam\u00e1veis e portanto permanecer\u00e1 agindo dessa forma.<\/p>\n<p>Pelo acima exposto, MM. JUIZ v\u00ea-se que o presente caso enquadra-se no disposto do art. 1.280 do C\u00f3digo Civil, pois n\u00e3o s\u00f3 constitui inc\u00f4modo ao requerente, sua fam\u00edlia e vizinhos, como representa iminente perigo a todos, com a possibilidade de inc\u00eandio e explos\u00e3o.<\/p>\n<p>Assim, \u00e9 que prop\u00f5e a presente medida, requerendo a cita\u00e7\u00e3o do requerido para comparecer em audi\u00eancia que for designada por V. Exa., sob pena de revelia, cominado-lhe ainda multa di\u00e1ria de R$&#8230;&#8230;,.. (valor por extenso), por desobedi\u00eancia a ordem de proibi\u00e7\u00e3o emanada desse Ju\u00edzo.<\/p>\n<p>Protesta pela produ\u00e7\u00e3o de provas que se fizerem necess\u00e1rias, entre elas o depoimento pessoal do r\u00e9u, sob pena de confesso, e inquiri\u00e7\u00e3o das testemunhas abaixo arroladas, que comparecer\u00e3o a audi\u00eancia independentemente de intima\u00e7\u00e3o.<\/p>\n<p>D\u00e1-se a causa o valor de R$&#8230;&#8230;,.. (valor por extenso).<\/p>\n<p>Termos que<\/p>\n<p>Pede deferimento.<\/p>\n<p>(autor aberto a concilia\u00e7\u00e3o data e ano).<\/p>\n<p>(Nome e assinatura do advogado).<\/p>\n<p>(OAB\/SP)<\/p>\n<p><\/p>\n<p>ROL DE TESTEMUNHAS:<\/p>\n<p>1) &#8230;&#8230;&#8230;&#8230;&#8230;&#8230;<\/p>\n<p>2) &#8230;&#8230;&#8230;&#8230;&#8230;&#8230;<\/p>\n<p>3) &#8230;&#8230;&#8230;&#8230;&#8230;&#8230;<\/p>\n","protected":false},"featured_media":0,"parent":0,"menu_order":0,"template":"","meta":{"content-type":""},"categoria-modelo":[934],"class_list":["post-21486","modelos-de-peticao","type-modelos-de-peticao","status-publish","hentry","categoria-modelo-acoes-e-recursos-ncpc"],"_links":{"self":[{"href":"https:\/\/easyjur.com\/blog\/wp-json\/wp\/v2\/modelos-de-peticao\/21486","targetHints":{"allow":["GET"]}}],"collection":[{"href":"https:\/\/easyjur.com\/blog\/wp-json\/wp\/v2\/modelos-de-peticao"}],"about":[{"href":"https:\/\/easyjur.com\/blog\/wp-json\/wp\/v2\/types\/modelos-de-peticao"}],"wp:attachment":[{"href":"https:\/\/easyjur.com\/blog\/wp-json\/wp\/v2\/media?parent=21486"}],"wp:term":[{"taxonomy":"categoria-modelo","embeddable":true,"href":"https:\/\/easyjur.com\/blog\/wp-json\/wp\/v2\/categoria-modelo?post=21486"}],"curies":[{"name":"wp","href":"https:\/\/api.w.org\/{rel}","templated":true}]}}

[MODELO] Ação de Dano Infecto  &#8211;  Mau cheiro e perigo decorrentes de estocagem de produtos químicos

<p><strong>Dano Infecto &#8211; Inicial</strong></p>
<p><strong>EXCELENTÍSSIMO SENHOR DOUTOR JUIZ DE DIREITO DA &#8230;&#8230; VARA CÍVEL DA COMARCA DE &#8230;&#8230;&#8230;&#8230;&#8230;&#8230;&#8230;&#8230;&#8230;&#8230;&#8230;</strong></p>
<p><strong>(10 LINHAS)</strong></p>
<p>&#8230;&#8230;&#8230;&#8230;, (nacionalidade), (profissão), (estado civil), portador da Carteira de Identidade RG nº &#8230;.., inscrito no CPF/MF sob o nº &#8230;., residente e domiciliado na rua &#8230;&#8230;.., nº &#8230;.., bairro &#8230;&#8230;., cidade &#8230;&#8230;, no Estado de &#8230;&#8230;.. CEP &#8230;&#8230;., por seu procurador infra-assinado, mandato anexo, vem respeitosamente a presença de V. Exa., para com base no que dispõem o art. 558 do Código Civil, propor a presente</p>
<p><strong>AÇÃO DE DANO INFECTO</strong></p>
<p>&#8230;&#8230;&#8230;&#8230;, (nacionalidade), (profissão), (estado civil), portador da Carteira de Identidade RG nº &#8230;.., inscrito no CPF/MF sob o nº &#8230;., residente e domiciliado na rua &#8230;&#8230;.., nº &#8230;.., bairro &#8230;&#8230;., cidade &#8230;&#8230;, no Estado de &#8230;&#8230;.. CEP &#8230;&#8230;., pelos motivos de fato e de direito que passa a expor:</p>
<p>O requerente é inquilino do prédio autor aberto a conciliaçãoizado no endereço acima referido, onde reside com sua família e tendo como vizinho o requerido.</p>
<p>O requerido há alguns meses vem estocando produtos químicos, em barraco de madeira, nos fundos de sua residência, já que possui loja dessas especialidades no centro da cidade. O referido depósito além de exalar constante mau cheiro, não atenta as mínimas condições de segurança.</p>
<p>O requerente e outros vizinhos procuraram o requerido e lhe externaram a preocupação de todos, diante do visível e iminente perigo que representa a vizinhança a estocagem de material altamente inflamável em zona estritamente residencial e densamente povoada.</p>
<p>Em que pese o apelo de todos, o requerido alega que não existe perigo, que não possui outro autor aberto a conciliação para a estocagem dos inflamáveis e portanto permanecerá agindo dessa forma.</p>
<p>Pelo acima exposto, MM. JUIZ vê-se que o presente caso enquadra-se no disposto do art. 1.280 do Código Civil, pois não só constitui incômodo ao requerente, sua família e vizinhos, como representa iminente perigo a todos, com a possibilidade de incêndio e explosão.</p>
<p>Assim, é que propõe a presente medida, requerendo a citação do requerido para comparecer em audiência que for designada por V. Exa., sob pena de revelia, cominado-lhe ainda multa diária de R$&#8230;&#8230;,.. (valor por extenso), por desobediência a ordem de proibição emanada desse Juízo.</p>
<p>Protesta pela produção de provas que se fizerem necessárias, entre elas o depoimento pessoal do réu, sob pena de confesso, e inquirição das testemunhas abaixo arroladas, que comparecerão a audiência independentemente de intimação.</p>
<p>Dá-se a causa o valor de R$&#8230;&#8230;,.. (valor por extenso).</p>
<p>Termos que</p>
<p>Pede deferimento.</p>
<p>(autor aberto a conciliação data e ano).</p>
<p>(Nome e assinatura do advogado).</p>
<p>(OAB/SP)</p>
<p></p>
<p>ROL DE TESTEMUNHAS:</p>
<p>1) &#8230;&#8230;&#8230;&#8230;&#8230;&#8230;</p>
<p>2) &#8230;&#8230;&#8230;&#8230;&#8230;&#8230;</p>
<p>3) &#8230;&#8230;&#8230;&#8230;&#8230;&#8230;</p>
