{"id":21002,"date":"2023-07-14T19:21:01","date_gmt":"2023-07-14T19:21:01","guid":{"rendered":"https:\/\/easyjur.com\/blog\/?post_type=modelos-de-peticao&#038;p=3650"},"modified":"2023-07-14T19:21:01","modified_gmt":"2023-07-14T19:21:01","slug":"titulo-sugerido-remessa-ex-officio-indeferimento-de-aposentadoria-especial-pelo-inss","status":"publish","type":"modelos-de-peticao","link":"https:\/\/easyjur.com\/blog\/modelos-de-peticao\/titulo-sugerido-remessa-ex-officio-indeferimento-de-aposentadoria-especial-pelo-inss\/","title":{"rendered":"[MODELO] T\u00edtulo sugerido: Remessa ex officio  &#8211;  Indeferimento de aposentadoria especial pelo INSS"},"content":{"rendered":"<p><strong>TRIBUNAL REGIONAL FEDERAL DA 2\u00aa REGI\u00c3O \u2013 3\u00aa TURMA<\/strong><\/p>\n<h1>REMESSA EX OFFICIO  n\u00ba 2000.02.01.065266-8<\/h1>\n<h1>PARTE A:\tJORGE NASCIMENTO DOS SANTOS<\/h1>\n<p>PARTE R:\t<strong>INSTITUTO NACIONAL DO SERVI\u00c7O SOCIAL \u2013 INSS<\/strong><\/p>\n<p>RELATOR:\t<strong>DES. FEDERAL FRANCISCO PIZZOLANTE<\/strong><\/p>\n<p><strong>Egr\u00e9gia Turma<\/strong><\/p>\n<p>\t\t\tTrata-se de mandado de seguran\u00e7a impetrado contra ato do <strong>SUPERINTENDENTE REGIONAL DO INSS, <\/strong>que indeferiu o pedido de aposentadoria especial do impetrante, por n\u00e3o considerar a atividade laboral do impetrante como sujeita \u00e0 <em>\u201ccontagem de tempo de servi\u00e7o prestado em condi\u00e7\u00f5es especiais\u201d.<\/em><\/p>\n<p>\t\t\tRegularmente notificada, a autoridade impetrada prestou informa\u00e7\u00f5es, a sustentar, em s\u00edntese, que <em>\u201co cerne da pretens\u00e3o deduzida em ju\u00edzo \u00e9 o direito do Impetrante ao benef\u00edcio em quest\u00e3o\u201d<\/em> e que<em> \u201cnada apresentou o impetrante em ju\u00edzo que pudesse caracterizar o direito perseguido\u201d<\/em>.<\/p>\n<p>\t\t\tA senten\u00e7a CONCEDEU a seguran\u00e7a para determinar \u00e0 autoridade coatora <em>\u201cque aceite o per\u00edodo acima mencionado como tendo sido praticado em regime especial, de forma a conceder sua \u2018aposentadoria especial\u2019 utilizando-se do tempo de servi\u00e7o obtido, determinando, ainda, que realize o pagamento dos valores respectivamente devidos a contar do aXXXXXXXXXXXXamento da presente demanda (08.10.99).\u201d<\/em><\/p>\n<p>\t\t\t\u00c9 o relat\u00f3rio.<\/p>\n<p>\t\t\tDe fato, o documento trazido aos autos \u00e0s fls. 10\/11 conclui que a exposi\u00e7\u00e3o do impetrante a agentes nocivos (\u201ctens\u00f5es superiores a 250 volts\u201d) ocorre de modo habitual e permantente.  N\u00e3o contestada, em momento algum, a autenticidade desse laudo, correta a decis\u00e3o <em>a quo<\/em>, no sentido de que<\/p>\n<p>\u201c&#8230; examinando-se o Decreto n\u00ba 53.831\/68, verifica-se que o impetrante enquadra-se na hip\u00f3tese de segurado que ficou exposto a tens\u00e3o superior a 250 volts, tendo sido acostados \u00e0 inicial os respectivos laudos que comprovam tal fato.<\/p>\n<p>Partindo-se da premissa de que o per\u00edodo no qual exerceu tais atividades superou os 25 anos exigidos por lei para a obten\u00e7\u00e3o da almejada aposentadoria especial, n\u00e3o vejo como a Administra\u00e7\u00e3o possa negar-lhe tal direito.\u201d<\/p>\n<p>\t\t\tDo exposto, o parecer \u00e9 no sentido da confirma\u00e7\u00e3o da senten\u00e7a, ressalvando-se o direito de a Administra\u00e7\u00e3o <\/p>\n<p>\t\t\tRio de Janeiro, 21 de novembro  de 2000.<\/p>\n<p>\t\t\t<strong>JOS\u00c9 HOMERO DE ANDRADE<\/strong><\/p>\n<p><strong>\t\t\tProcurador Regional da Rep\u00fablica<\/strong><\/p>\n<p>Suspens\u00e3o Benef\u00edcio2 \u2013 isdaf<\/p>\n","protected":false},"featured_media":0,"parent":0,"menu_order":0,"template":"","meta":{"content-type":""},"categoria-modelo":[520],"class_list":["post-21002","modelos-de-peticao","type-modelos-de-peticao","status-publish","hentry","categoria-modelo-justica-federal-e-juizado-federal"],"_links":{"self":[{"href":"https:\/\/easyjur.com\/blog\/wp-json\/wp\/v2\/modelos-de-peticao\/21002","targetHints":{"allow":["GET"]}}],"collection":[{"href":"https:\/\/easyjur.com\/blog\/wp-json\/wp\/v2\/modelos-de-peticao"}],"about":[{"href":"https:\/\/easyjur.com\/blog\/wp-json\/wp\/v2\/types\/modelos-de-peticao"}],"wp:attachment":[{"href":"https:\/\/easyjur.com\/blog\/wp-json\/wp\/v2\/media?parent=21002"}],"wp:term":[{"taxonomy":"categoria-modelo","embeddable":true,"href":"https:\/\/easyjur.com\/blog\/wp-json\/wp\/v2\/categoria-modelo?post=21002"}],"curies":[{"name":"wp","href":"https:\/\/api.w.org\/{rel}","templated":true}]}}

[MODELO] Título sugerido: Remessa ex officio  &#8211;  Indeferimento de aposentadoria especial pelo INSS

<p><strong>TRIBUNAL REGIONAL FEDERAL DA 2ª REGIÃO – 3ª TURMA</strong></p>
<h1>REMESSA EX OFFICIO  nº 2000.02.01.065266-8</h1>
<h1>PARTE A:	JORGE NASCIMENTO DOS SANTOS</h1>
<p>PARTE R:	<strong>INSTITUTO NACIONAL DO SERVIÇO SOCIAL – INSS</strong></p>
<p>RELATOR:	<strong>DES. FEDERAL FRANCISCO PIZZOLANTE</strong></p>
<p><strong>Egrégia Turma</strong></p>
<p>			Trata-se de mandado de segurança impetrado contra ato do <strong>SUPERINTENDENTE REGIONAL DO INSS, </strong>que indeferiu o pedido de aposentadoria especial do impetrante, por não considerar a atividade laboral do impetrante como sujeita à <em>“contagem de tempo de serviço prestado em condições especiais”.</em></p>
<p>			Regularmente notificada, a autoridade impetrada prestou informações, a sustentar, em síntese, que <em>“o cerne da pretensão deduzida em juízo é o direito do Impetrante ao benefício em questão”</em> e que<em> “nada apresentou o impetrante em juízo que pudesse caracterizar o direito perseguido”</em>.</p>
<p>			A sentença CONCEDEU a segurança para determinar à autoridade coatora <em>“que aceite o período acima mencionado como tendo sido praticado em regime especial, de forma a conceder sua ‘aposentadoria especial’ utilizando-se do tempo de serviço obtido, determinando, ainda, que realize o pagamento dos valores respectivamente devidos a contar do aXXXXXXXXXXXXamento da presente demanda (08.10.99).”</em></p>
<p>			É o relatório.</p>
<p>			De fato, o documento trazido aos autos às fls. 10/11 conclui que a exposição do impetrante a agentes nocivos (“tensões superiores a 250 volts”) ocorre de modo habitual e permantente.  Não contestada, em momento algum, a autenticidade desse laudo, correta a decisão <em>a quo</em>, no sentido de que</p>
<p>“&#8230; examinando-se o Decreto nº 53.831/68, verifica-se que o impetrante enquadra-se na hipótese de segurado que ficou exposto a tensão superior a 250 volts, tendo sido acostados à inicial os respectivos laudos que comprovam tal fato.</p>
<p>Partindo-se da premissa de que o período no qual exerceu tais atividades superou os 25 anos exigidos por lei para a obtenção da almejada aposentadoria especial, não vejo como a Administração possa negar-lhe tal direito.”</p>
<p>			Do exposto, o parecer é no sentido da confirmação da sentença, ressalvando-se o direito de a Administração </p>
<p>			Rio de Janeiro, 21 de novembro  de 2000.</p>
<p>			<strong>JOSÉ HOMERO DE ANDRADE</strong></p>
<p><strong>			Procurador Regional da República</strong></p>
<p>Suspensão Benefício2 – isdaf</p>
