{"id":20841,"date":"2023-07-14T19:19:16","date_gmt":"2023-07-14T19:19:16","guid":{"rendered":"https:\/\/easyjur.com\/blog\/?post_type=modelos-de-peticao&#038;p=3650"},"modified":"2023-07-14T19:19:16","modified_gmt":"2023-07-14T19:19:16","slug":"acao-de-anulacao-de-partilha-de-bens-falta-de-comunicacao-de-inventario-e-exclusao-do-autor","status":"publish","type":"modelos-de-peticao","link":"https:\/\/easyjur.com\/blog\/modelos-de-peticao\/acao-de-anulacao-de-partilha-de-bens-falta-de-comunicacao-de-inventario-e-exclusao-do-autor\/","title":{"rendered":"[MODELO] A\u00c7\u00c3O DE ANULA\u00c7\u00c3O DE PARTILHA DE BENS  &#8211;  Falta de comunica\u00e7\u00e3o de invent\u00e1rio e exclus\u00e3o do autor"},"content":{"rendered":"<p>EXCELENT\u00cdSSIMO Senhor DOUTOR JUIZ DE DIREITO DA &#8230;.. <sup>a<\/sup> VARA C\u00cdVEL DO FORO &#8230;&#8230;&#8230;&#8230;..<\/p>\n<p>\t&#8230;&#8230;&#8230;\u2026\u2026\u2026\u2026&#8230;.. (nome completo), \u2026..\u2026\u2026&#8230;..\u2026\u2026\u2026&#8230;&#8230;&#8230;. (nacionalidade), &#8230;&#8230;&#8230;&#8230;&#8230;. (estado civil), &#8230;&#8230;&#8230;&#8230; (profiss\u00e3o), portador da c\u00e9dula de identidade RG n<sup>o<\/sup> &#8230;&#8230;&#8230;&#8230;&#8230;&#8230;. e inscrito no CPF\/MF sob n<sup>o<\/sup> &#8230;&#8230;&#8230;&#8230;., residente e domiciliado na &#8230;&#8230;&#8230;&#8230;&#8230;. (endere\u00e7o completo: rua [av.], n<sup>o<\/sup>, complemento, bairro, cidade, CEP, UF), por seu Advogado e bastante procurador ao final assinado, conforme instrumento de mandato em anexo (doc. &#8230;), com escrit\u00f3rio profissional na cidade de &#8230;&#8230;., na &#8230;&#8230;&#8230;&#8230;&#8230;&#8230;.. (endere\u00e7o completo: [rua, av.], n<sup>o<\/sup>, complemento, bairro, CEP, UF), onde recebe correspond\u00eancias e intima\u00e7\u00f5es para os atos processuais, vem, respeitosamente, \u00e0 honrosa presen\u00e7a de Vossa Excel\u00eancia, com fulcro no art. 657 do Novo C\u00f3digo de Processo Civil, promover a presente<\/p>\n<h1>A\u00c7\u00c3O DE ANULA\u00c7\u00c3O DE PARTILHA DE BENS<\/h1>\n<p>em face de &#8230;&#8230;&#8230;&#8230;&#8230;&#8230;.. (nome completo), &#8230;&#8230;&#8230;&#8230;&#8230;. (nacionalidade), &#8230;&#8230;&#8230;&#8230;&#8230;. (estado civil), &#8230;&#8230;&#8230;&#8230;&#8230;. (profiss\u00e3o), portador da c\u00e9dula de identidade RG n\u00ba &#8230;.., inscrito no CPF\/MF sob o n\u00ba &#8230;&#8230;.., residente e domiciliado na cidade de &#8230;&#8230;&#8230;&#8230;, \u00e0 &#8230;&#8230;&#8230;&#8230; (endere\u00e7o completo: [rua, av.], n<sup>o<\/sup>, complemento, bairro, CEP, UF), pelas raz\u00f5es de fato e de direito que passa a expor, ponderar e ao final requerer:<\/p>\n<p>I \u2013 DOS FATOS<\/p>\n<p>Tramita perante esse Douto Ju\u00edzo a\u00e7\u00e3o de invent\u00e1rio e que se encontra em fase de publica\u00e7\u00e3o de homologa\u00e7\u00e3o de partilha.<\/p>\n<p>Ocorre que o Autor fora reconhecido, por senten\u00e7a exarada pelo Magistrado da MM &#8230;. Vara &#8230;&#8230; desse foro, como sendo filho do autor da heran\u00e7a, conforme documentos acostados a esse feito (docs&#8230;)<\/p>\n<p>O invent\u00e1rio foi promovido pela vi\u00fava sup\u00e9rstite, j\u00e1 tendo sido homologada a partilha dos bens em &#8230;&#8230;(dia, m\u00eas e ano), de acordo com a certid\u00e3o que ora se junta (doc&#8230;.).<\/p>\n<p>O Autor n\u00e3o foi comunicado sobre a abertura do invent\u00e1rio, tendo esse sido processado com seu total desconhecimento.<\/p>\n<p>Essa falta de comunica\u00e7\u00e3o resultou na sua exclus\u00e3o da partilha de bens.<\/p>\n<p>Como \u00e9 sabido, a senten\u00e7a de reconhecimento de filia\u00e7\u00e3o tem efeito <em>ex tunc,<\/em> o que faz retroagir os efeitos da filia\u00e7\u00e3o at\u00e9 nascer outro filho reconhecido.<\/p>\n<p>II- DO PEDIDO<\/p>\n<p>Diante do acima exposto, requer a cita\u00e7\u00e3o do Requerido no endere\u00e7o declinado no pre\u00e2mbulo desta exordial, para que conteste a a\u00e7\u00e3o no prazo legal, com a advert\u00eancia de que n\u00e3o o fazendo ser-lhe-\u00e3o aplicados os efeitos da confiss\u00e3o e revelia quanto a mat\u00e9ria de fato, requerendo seja declarada nula a partilha por v\u00edcio insan\u00e1vel que \u00e9 a omiss\u00e3o em comunicar ao Autor sua feitura.<\/p>\n<p>Requer provar o alegado por todos os meios de provas em direito admitidas, especialmente pelo depoimento pessoal do Requerido, oitiva de testemunhas, juntada de documentos, expedi\u00e7\u00e3o de of\u00edcios e precat\u00f3rias, per\u00edcias e demais provas pertinentes.<\/p>\n<p>Requer ainda a intima\u00e7\u00e3o do Ilustre Representante do Minist\u00e9rio P\u00fablico conforme disp\u00f5e o art. 178 do Novo C\u00f3digo de Processo Civil, para que atue no feito.<\/p>\n<p>Requer a PROCED\u00caNCIA da presente demanda com a conseq\u00fcente condena\u00e7\u00e3o  do Requerido nas despesas processuais e verba honor\u00e1ria.<\/p>\n<p>Autor\/requerente aberto \u00e0 concilia\u00e7\u00e3o\/media\u00e7\u00e3o, conforme a nova sistem\u00e1tica da Lei 13.105 de 2015.<\/p>\n<p>\u00c0 presente d\u00e1-se o valor de R$ &#8230;..(valor por extenso) para os efeitos legais.<\/p>\n<p>Nestes termos,<\/p>\n<p>Pede deferimento<\/p>\n<p>&#8230;&#8230;&#8230;., &#8230;. de &#8230;&#8230;&#8230;&#8230;. de &#8230;&#8230;&#8230;.<\/p>\n<p>(local e Data)<\/p>\n<p>&#8230;&#8230;&#8230;&#8230;&#8230;&#8230;&#8230;&#8230;<\/p>\n<p>Advogado (nome)<\/p>\n<p>OAB <\/p>\n","protected":false},"featured_media":0,"parent":0,"menu_order":0,"template":"","meta":{"content-type":""},"categoria-modelo":[934],"class_list":["post-20841","modelos-de-peticao","type-modelos-de-peticao","status-publish","hentry","categoria-modelo-acoes-e-recursos-ncpc"],"_links":{"self":[{"href":"https:\/\/easyjur.com\/blog\/wp-json\/wp\/v2\/modelos-de-peticao\/20841","targetHints":{"allow":["GET"]}}],"collection":[{"href":"https:\/\/easyjur.com\/blog\/wp-json\/wp\/v2\/modelos-de-peticao"}],"about":[{"href":"https:\/\/easyjur.com\/blog\/wp-json\/wp\/v2\/types\/modelos-de-peticao"}],"wp:attachment":[{"href":"https:\/\/easyjur.com\/blog\/wp-json\/wp\/v2\/media?parent=20841"}],"wp:term":[{"taxonomy":"categoria-modelo","embeddable":true,"href":"https:\/\/easyjur.com\/blog\/wp-json\/wp\/v2\/categoria-modelo?post=20841"}],"curies":[{"name":"wp","href":"https:\/\/api.w.org\/{rel}","templated":true}]}}

[MODELO] AÇÃO DE ANULAÇÃO DE PARTILHA DE BENS  &#8211;  Falta de comunicação de inventário e exclusão do autor

<p>EXCELENTÍSSIMO Senhor DOUTOR JUIZ DE DIREITO DA &#8230;.. <sup>a</sup> VARA CÍVEL DO FORO &#8230;&#8230;&#8230;&#8230;..</p>
<p>	&#8230;&#8230;&#8230;…………&#8230;.. (nome completo), …..……&#8230;..………&#8230;&#8230;&#8230;. (nacionalidade), &#8230;&#8230;&#8230;&#8230;&#8230;. (estado civil), &#8230;&#8230;&#8230;&#8230; (profissão), portador da cédula de identidade RG n<sup>o</sup> &#8230;&#8230;&#8230;&#8230;&#8230;&#8230;. e inscrito no CPF/MF sob n<sup>o</sup> &#8230;&#8230;&#8230;&#8230;., residente e domiciliado na &#8230;&#8230;&#8230;&#8230;&#8230;. (endereço completo: rua [av.], n<sup>o</sup>, complemento, bairro, cidade, CEP, UF), por seu Advogado e bastante procurador ao final assinado, conforme instrumento de mandato em anexo (doc. &#8230;), com escritório profissional na cidade de &#8230;&#8230;., na &#8230;&#8230;&#8230;&#8230;&#8230;&#8230;.. (endereço completo: [rua, av.], n<sup>o</sup>, complemento, bairro, CEP, UF), onde recebe correspondências e intimações para os atos processuais, vem, respeitosamente, à honrosa presença de Vossa Excelência, com fulcro no art. 657 do Novo Código de Processo Civil, promover a presente</p>
<h1>AÇÃO DE ANULAÇÃO DE PARTILHA DE BENS</h1>
<p>em face de &#8230;&#8230;&#8230;&#8230;&#8230;&#8230;.. (nome completo), &#8230;&#8230;&#8230;&#8230;&#8230;. (nacionalidade), &#8230;&#8230;&#8230;&#8230;&#8230;. (estado civil), &#8230;&#8230;&#8230;&#8230;&#8230;. (profissão), portador da cédula de identidade RG nº &#8230;.., inscrito no CPF/MF sob o nº &#8230;&#8230;.., residente e domiciliado na cidade de &#8230;&#8230;&#8230;&#8230;, à &#8230;&#8230;&#8230;&#8230; (endereço completo: [rua, av.], n<sup>o</sup>, complemento, bairro, CEP, UF), pelas razões de fato e de direito que passa a expor, ponderar e ao final requerer:</p>
<p>I – DOS FATOS</p>
<p>Tramita perante esse Douto Juízo ação de inventário e que se encontra em fase de publicação de homologação de partilha.</p>
<p>Ocorre que o Autor fora reconhecido, por sentença exarada pelo Magistrado da MM &#8230;. Vara &#8230;&#8230; desse foro, como sendo filho do autor da herança, conforme documentos acostados a esse feito (docs&#8230;)</p>
<p>O inventário foi promovido pela viúva supérstite, já tendo sido homologada a partilha dos bens em &#8230;&#8230;(dia, mês e ano), de acordo com a certidão que ora se junta (doc&#8230;.).</p>
<p>O Autor não foi comunicado sobre a abertura do inventário, tendo esse sido processado com seu total desconhecimento.</p>
<p>Essa falta de comunicação resultou na sua exclusão da partilha de bens.</p>
<p>Como é sabido, a sentença de reconhecimento de filiação tem efeito <em>ex tunc,</em> o que faz retroagir os efeitos da filiação até nascer outro filho reconhecido.</p>
<p>II- DO PEDIDO</p>
<p>Diante do acima exposto, requer a citação do Requerido no endereço declinado no preâmbulo desta exordial, para que conteste a ação no prazo legal, com a advertência de que não o fazendo ser-lhe-ão aplicados os efeitos da confissão e revelia quanto a matéria de fato, requerendo seja declarada nula a partilha por vício insanável que é a omissão em comunicar ao Autor sua feitura.</p>
<p>Requer provar o alegado por todos os meios de provas em direito admitidas, especialmente pelo depoimento pessoal do Requerido, oitiva de testemunhas, juntada de documentos, expedição de ofícios e precatórias, perícias e demais provas pertinentes.</p>
<p>Requer ainda a intimação do Ilustre Representante do Ministério Público conforme dispõe o art. 178 do Novo Código de Processo Civil, para que atue no feito.</p>
<p>Requer a PROCEDÊNCIA da presente demanda com a conseqüente condenação  do Requerido nas despesas processuais e verba honorária.</p>
<p>Autor/requerente aberto à conciliação/mediação, conforme a nova sistemática da Lei 13.105 de 2015.</p>
<p>À presente dá-se o valor de R$ &#8230;..(valor por extenso) para os efeitos legais.</p>
<p>Nestes termos,</p>
<p>Pede deferimento</p>
<p>&#8230;&#8230;&#8230;., &#8230;. de &#8230;&#8230;&#8230;&#8230;. de &#8230;&#8230;&#8230;.</p>
<p>(local e Data)</p>
<p>&#8230;&#8230;&#8230;&#8230;&#8230;&#8230;&#8230;&#8230;</p>
<p>Advogado (nome)</p>
<p>OAB </p>
