{"id":19515,"date":"2023-07-14T19:00:42","date_gmt":"2023-07-14T19:00:42","guid":{"rendered":"https:\/\/easyjur.com\/blog\/?post_type=modelos-de-peticao&#038;p=3650"},"modified":"2023-07-14T19:00:42","modified_gmt":"2023-07-14T19:00:42","slug":"pedido-de-cancelamento-de-cobranca-indevida-com-reparacao-de-danos-morais-contra-a-tim-celular-sa","status":"publish","type":"modelos-de-peticao","link":"https:\/\/easyjur.com\/blog\/modelos-de-peticao\/pedido-de-cancelamento-de-cobranca-indevida-com-reparacao-de-danos-morais-contra-a-tim-celular-sa\/","title":{"rendered":"[MODELO] Pedido de cancelamento de cobran\u00e7a indevida com repara\u00e7\u00e3o de danos morais contra a TIM Celular S\/A"},"content":{"rendered":"<p>EXMO(A). SR(A). DR(A). XXXXXXXXXXXX(A) DO XXXXXXXXXXXXADO ESPECIAL DA COMARCA DE  \u2013 RJ.<\/p>\n<p><strong>\t\t\t\t\t<\/strong><\/p>\n<h3>A\u00c7\u00c3O CANCELAMENTO DE COBRAN\u00c7A INDEVIDA C\/ REPARA\u00c7\u00c3O DE DANOS MORAIS<\/h3>\n<p>Em face de <strong>TIM CELULAR S\/A .,<\/strong>  com sede \u00e0 Rua Fonseca Teles, 18 a 30 , S\u00e3o Crist\u00f3v\u00e3o \u2013 Rio de Janeiro \u2013 RJ, pelos seguintes fatos, fundamentos e raz\u00f5es de direito: <\/p>\n<h3>I \u2013 DOS FATOS<\/h3>\n<p>\t\t\tO autor firmou contrato de presta\u00e7\u00e3o de servi\u00e7o m\u00f3vel com a empresa R\u00e9 de n\uf0b0 369937 em 17\/06\/2003 denominado \u201cPlano Meu Sonho-G11\u201d cuja tarifa seria de R$ 55,00 (cinq\u00fcenta e cinco reais) por 125 minutos de liga\u00e7\u00e3o<\/p>\n<p>                                O autor face \u00e0 problemas financeiros, ficou em d\u00e9bito com a fatura de janeiro\/2012. Ligou para a empresa R\u00e9, pedindo o cancelamento e foi informado que n\u00e3o poderia ser cancelado pela exist\u00eancia de d\u00e9bito.<\/p>\n<p>                                Ao receber a fatura de fevereiro e Mar\u00e7o\/2012,novamente telefonou solicitando cancelamento e a atendente informou que a linha j\u00e1 estava cancelada e que n\u00e3o geraria mais faturas.<\/p>\n<p>                                 Imediatamente o autor retirou o \u201c chip\u201d  e n\u00e3o mais utilizou o aparelho.<\/p>\n<p>                                 Para sua surpresa continuou recebendo cobran\u00e7as relativas ao m\u00eas de abril\/2012 \u2013 R$ 187,11, maio\/2012 \u2013 R$ 102,13, junho\/2012 R$ 87,02 , julho\/2012 R$ 81,05, agosto\/2012 7,62. <\/p>\n<p>\t\t\t   O autor reconhece como d\u00e9bito as faturas dos meses de janeiro \u00e0 mar\u00e7o\/2012, apesar de contestar os valores cobrados, por entend\u00ea-los exorbitantes e n\u00e3o possuir a discrimina\u00e7\u00e3o deste consumo.<\/p>\n<p>\t\t\t    Quanto aos cobran\u00e7as dos meses de abril\/2012 \u00e0 agosto\/2012, entende o autor serem indevidas, em raz\u00e3o da n\u00e3o utiliza\u00e7\u00e3o da linha, pelo bloqueio realizado pela empresa R\u00e9.<\/p>\n<h6> II \u2013 DO DIREITO<\/h6>\n<p>                          A responsabilidade objetiva, consubstanciada no princ\u00edpio contido no art. 37, par\u00e1grafo 6\u00ba, da Constitui\u00e7\u00e3o Federal, n\u00e3o depende da comprova\u00e7\u00e3o da culpa ou dolo do agente; ainda que n\u00e3o exista culpa ou dolo, as pessoas jur\u00eddicas de direito privado, prestadoras de servi\u00e7o p\u00fablico, responder\u00e3o pelo dano causado por seus agentes, uma vez comprovada, simplesmente, a rela\u00e7\u00e3o de causalidade.<\/p>\n<p>                          Destaca-se o princ\u00edpio de que sempre que algu\u00e9m falta ao dever a que \u00e9 adstrito, comete um il\u00edcito, e os deveres, qualquer que seja a sua causa imediata, s\u00e3o sempre impostos pelos preceitos jur\u00eddicos. Ou seja, a iliceidade da conduta est\u00e1 no procedimento contr\u00e1rio a um dever preexistente.<\/p>\n<\/p>\n<p>              Caio M\u00e1rio da Silva Pereira ressalta: <\/p>\n<p>&quot;\u00e9 preciso entender que, a par do patrim\u00f4nio, como &#8216;complexo de rela\u00e7\u00f5es jur\u00eddicas de uma pessoa, economicamente apreci\u00e1veis&#8217; (Cl\u00f3vis Bevil\u00e1qua, Teoria Geral de Direito Civil, \u00a7 29), o indiv\u00edduo \u00e9 titular de direitos integrantes de sua personalidade, o bom conceito de que desfruta na sociedade, os sentimentos que exornam a sua consci\u00eancia, os valores afetivos, merecedores todos de igual prote\u00e7\u00e3o da ordem jur\u00eddica&quot; (&quot;Responsabilidade Civil&quot;, p\u00e1g. 66, ed. 1990).<\/p>\n<p><em> <br \/><\/em><br \/>                         Portanto, a dor representada pelos transtornos, pelos aborrecimentos, pelos constrangimentos, pelos preju\u00edzos de ordem material, podem ser, perfeitamente, consubstanciadas num dano moral; dano este que, por sua vez, que n\u00e3o pode deixar de ter uma resposta jur\u00eddica, em especial, do ponto de vista da repara\u00e7\u00e3o; dano este, por sua vez, que n\u00e3o carece de uma demonstra\u00e7\u00e3o espec\u00edfica, porquanto ela \u00e9 inerente ao pr\u00f3prio evento retratado na lide.          <\/p>\n<p>Isto posto, pode, perfeitamente, a empresa R\u00e9 ser condenada a indeniza\u00e7\u00e3o por danos, num valor apreci\u00e1vel, uma vez comprovada a sua culpabilidade, nos termos do art. 186 do C\u00f3digo Civil.<\/p>\n<p><strong>III \u2013 DOS PEDIDOS:<\/strong><\/p>\n<p>\u00a0<\/p>\n<p>\t\t\t\t        Isto posto, requer a V.Exa:<\/p>\n<p>\u00a0<\/p>\n<ol>\n<li>a cita\u00e7\u00e3o da empresa r\u00e9;<\/li>\n<li>seja condenada ao cancelamento das contas vencidas de Abril \u00e0 Agosto\/2012;<\/li>\n<li>seja condenada a apresentar o demonstrativo das liga\u00e7\u00f5es realizadas constantes das cobran\u00e7as dos meses de janeiro\/mar\u00e7o\/2012<\/li>\n<li>a condena\u00e7\u00e3o em danos morais equivalente a 80 <\/li>\n<\/ol>\n<p>(quarenta sal\u00e1rios m\u00ednimos)<\/p>\n<ol>\n<li>a  condena\u00e7\u00e3o em honor\u00e1rios advocat\u00edcios de  <\/li>\n<\/ol>\n<p>        20%  sobre o valor da condena\u00e7\u00e3o.                               <\/p>\n<\/p>\n<p>\u00a0\t\t\t            Protesta-se por todos os meios de prova admitidos em direito, especialmente prova testemunhal, documental, depoimento pessoal, e as demais necess\u00e1rias ao deslinde do feito.<\/p>\n<p>\t\t\t        D\u00e1-se o valor da causa de R$ 10.800,00.<\/p>\n<p>\t\t\t\t\t\tNestes Termos,<\/p>\n<p>\t\t\t\t\t\tPede Deferimento.<\/p>\n<p>\t\t\t\t\t\t\u00a0<\/p>\n<p>\u00a0<\/p>\n<\/p><\/p>\n","protected":false},"featured_media":0,"parent":0,"menu_order":0,"template":"","meta":{"content-type":""},"categoria-modelo":[926],"class_list":["post-19515","modelos-de-peticao","type-modelos-de-peticao","status-publish","hentry","categoria-modelo-iniciais"],"_links":{"self":[{"href":"https:\/\/easyjur.com\/blog\/wp-json\/wp\/v2\/modelos-de-peticao\/19515","targetHints":{"allow":["GET"]}}],"collection":[{"href":"https:\/\/easyjur.com\/blog\/wp-json\/wp\/v2\/modelos-de-peticao"}],"about":[{"href":"https:\/\/easyjur.com\/blog\/wp-json\/wp\/v2\/types\/modelos-de-peticao"}],"wp:attachment":[{"href":"https:\/\/easyjur.com\/blog\/wp-json\/wp\/v2\/media?parent=19515"}],"wp:term":[{"taxonomy":"categoria-modelo","embeddable":true,"href":"https:\/\/easyjur.com\/blog\/wp-json\/wp\/v2\/categoria-modelo?post=19515"}],"curies":[{"name":"wp","href":"https:\/\/api.w.org\/{rel}","templated":true}]}}

[MODELO] Pedido de cancelamento de cobrança indevida com reparação de danos morais contra a TIM Celular S/A

<p>EXMO(A). SR(A). DR(A). XXXXXXXXXXXX(A) DO XXXXXXXXXXXXADO ESPECIAL DA COMARCA DE  – RJ.</p>
<p><strong>					</strong></p>
<h3>AÇÃO CANCELAMENTO DE COBRANÇA INDEVIDA C/ REPARAÇÃO DE DANOS MORAIS</h3>
<p>Em face de <strong>TIM CELULAR S/A .,</strong>  com sede à Rua Fonseca Teles, 18 a 30 , São Cristóvão – Rio de Janeiro – RJ, pelos seguintes fatos, fundamentos e razões de direito: </p>
<h3>I – DOS FATOS</h3>
<p>			O autor firmou contrato de prestação de serviço móvel com a empresa Ré de n 369937 em 17/06/2003 denominado “Plano Meu Sonho-G11” cuja tarifa seria de R$ 55,00 (cinqüenta e cinco reais) por 125 minutos de ligação</p>
<p>                                O autor face à problemas financeiros, ficou em débito com a fatura de janeiro/2012. Ligou para a empresa Ré, pedindo o cancelamento e foi informado que não poderia ser cancelado pela existência de débito.</p>
<p>                                Ao receber a fatura de fevereiro e Março/2012,novamente telefonou solicitando cancelamento e a atendente informou que a linha já estava cancelada e que não geraria mais faturas.</p>
<p>                                 Imediatamente o autor retirou o “ chip”  e não mais utilizou o aparelho.</p>
<p>                                 Para sua surpresa continuou recebendo cobranças relativas ao mês de abril/2012 – R$ 187,11, maio/2012 – R$ 102,13, junho/2012 R$ 87,02 , julho/2012 R$ 81,05, agosto/2012 7,62. </p>
<p>			   O autor reconhece como débito as faturas dos meses de janeiro à março/2012, apesar de contestar os valores cobrados, por entendê-los exorbitantes e não possuir a discriminação deste consumo.</p>
<p>			    Quanto aos cobranças dos meses de abril/2012 à agosto/2012, entende o autor serem indevidas, em razão da não utilização da linha, pelo bloqueio realizado pela empresa Ré.</p>
<h6> II – DO DIREITO</h6>
<p>                          A responsabilidade objetiva, consubstanciada no princípio contido no art. 37, parágrafo 6º, da Constituição Federal, não depende da comprovação da culpa ou dolo do agente; ainda que não exista culpa ou dolo, as pessoas jurídicas de direito privado, prestadoras de serviço público, responderão pelo dano causado por seus agentes, uma vez comprovada, simplesmente, a relação de causalidade.</p>
<p>                          Destaca-se o princípio de que sempre que alguém falta ao dever a que é adstrito, comete um ilícito, e os deveres, qualquer que seja a sua causa imediata, são sempre impostos pelos preceitos jurídicos. Ou seja, a iliceidade da conduta está no procedimento contrário a um dever preexistente.</p>
</p>
<p>              Caio Mário da Silva Pereira ressalta: </p>
<p>&quot;é preciso entender que, a par do patrimônio, como &#8216;complexo de relações jurídicas de uma pessoa, economicamente apreciáveis&#8217; (Clóvis Beviláqua, Teoria Geral de Direito Civil, § 29), o indivíduo é titular de direitos integrantes de sua personalidade, o bom conceito de que desfruta na sociedade, os sentimentos que exornam a sua consciência, os valores afetivos, merecedores todos de igual proteção da ordem jurídica&quot; (&quot;Responsabilidade Civil&quot;, pág. 66, ed. 1990).</p>
<p><em> <br /></em><br />                         Portanto, a dor representada pelos transtornos, pelos aborrecimentos, pelos constrangimentos, pelos prejuízos de ordem material, podem ser, perfeitamente, consubstanciadas num dano moral; dano este que, por sua vez, que não pode deixar de ter uma resposta jurídica, em especial, do ponto de vista da reparação; dano este, por sua vez, que não carece de uma demonstração específica, porquanto ela é inerente ao próprio evento retratado na lide.          </p>
<p>Isto posto, pode, perfeitamente, a empresa Ré ser condenada a indenização por danos, num valor apreciável, uma vez comprovada a sua culpabilidade, nos termos do art. 186 do Código Civil.</p>
<p><strong>III – DOS PEDIDOS:</strong></p>
<p> </p>
<p>				        Isto posto, requer a V.Exa:</p>
<p> </p>
<ol>
<li>a citação da empresa ré;</li>
<li>seja condenada ao cancelamento das contas vencidas de Abril à Agosto/2012;</li>
<li>seja condenada a apresentar o demonstrativo das ligações realizadas constantes das cobranças dos meses de janeiro/março/2012</li>
<li>a condenação em danos morais equivalente a 80 </li>
</ol>
<p>(quarenta salários mínimos)</p>
<ol>
<li>a  condenação em honorários advocatícios de  </li>
</ol>
<p>        20%  sobre o valor da condenação.                               </p>
</p>
<p> 			            Protesta-se por todos os meios de prova admitidos em direito, especialmente prova testemunhal, documental, depoimento pessoal, e as demais necessárias ao deslinde do feito.</p>
<p>			        Dá-se o valor da causa de R$ 10.800,00.</p>
<p>						Nestes Termos,</p>
<p>						Pede Deferimento.</p>
<p>						 </p>
<p> </p>
</p></p>
