{"id":19270,"date":"2023-07-14T18:55:01","date_gmt":"2023-07-14T18:55:01","guid":{"rendered":"https:\/\/easyjur.com\/blog\/?post_type=modelos-de-peticao&#038;p=3650"},"modified":"2023-07-14T18:55:01","modified_gmt":"2023-07-14T18:55:01","slug":"retificacao-de-assento-de-registro-civil-erro-na-data-de-nascimento","status":"publish","type":"modelos-de-peticao","link":"https:\/\/easyjur.com\/blog\/modelos-de-peticao\/retificacao-de-assento-de-registro-civil-erro-na-data-de-nascimento\/","title":{"rendered":"[MODELO] Retifica\u00e7\u00e3o de assento de Registro Civil  &#8211;  Erro na data de nascimento"},"content":{"rendered":"<p><strong>RETIFICA\u00c7\u00c3O EM ASSENTOS DO  CART\u00d3RIO DO REGISTRO CIVIL<\/strong><\/p>\n<p>Exmo. Sr. Dr. Juiz de Direito da Comarca de &#8230;&#8230;&#8230;&#8230;&#8230;&#8230;&#8230;&#8230;&#8230;&#8230;&#8230;&#8230;&#8230;&#8230;&#8230;&#8230;&#8230;&#8230;&#8230;&#8230;&#8230;&#8230;..<\/p>\n<p>(nome, qualifica\u00e7\u00e3o, endere\u00e7o e n.\u00ba do CPF), representada por sua m\u00e3e&#8230;&#8230;.., por seu advogado infra-assinado, com escrit\u00f3rio situado nesta cidade, \u00e0 rua&#8230;.., onde recebe intima\u00e7\u00f5es e avisos (CPC, art. 39, I), v\u00eam, \u00e0 presen\u00e7a de V. Exa., requerer <strong>RETIFICA\u00c7\u00d5ES EM ASSENTOS LAVRADOS JUNTO AO CART\u00d3RIO DE REGISTRO CIVIL<\/strong>, nos termos do art. 109 e seguintes da Lei n.\u00ba 6.015\/73, pelos motivos de fato e de direito a seguir expostos:      <\/p>\n<p>1. A suplicante \u00e9 natural desta cidade, tendo nascido em data de &#8230;&#8230;&#8230;, conforme inclusa certid\u00e3o de nascimento, cujo assento fora registrado sob o n.\u00ba&#8230;&#8230;, \u00e0s fls&#8230;&#8230;. do livro n.\u00ba&#8230;&#8230;.. de Registro de Nascimentos, Cart\u00f3rio de Registro Civil das Pessoas Naturais desta Comarca.      <\/p>\n<p>2. Que, inadvertidamente, n\u00e3o se sabendo o porqu\u00ea, em tal registro ficou constando a data de seu nascimento como sendo &#8230;&#8230;., quando o correto \u00e9 &#8230;&#8230;&#8230;., ficando, portanto, errado o ano de nascimento da suplicante.       <\/p>\n<p>3. Para comprovar o alegado, a suplicante est\u00e1 juntando sua certid\u00e3o de nascimento, bem como a certid\u00e3o de sua irm\u00e3, de nome&#8230;&#8230; nascida em data de&#8230;.., onde se comprova que realmente a suplicante nasceu no ano de &#8230;.. e n\u00e3o no ano de &#8230;&#8230;, pois, pelas referidas certid\u00f5es existe um lapso de tempo de apenas seis meses entre o nascimento da suplicante e da sua irm\u00e3, entretanto, na realidade o lapso de tempo fora de um ano e seis meses, inclusive o per\u00edodo de gesta\u00e7\u00e3o do nascimento de sua irm\u00e3 foi normal de nove meses.     <\/p>\n<p>4. Cabe salientar, ainda, que estando a mesma freq\u00fcentando o curso&#8230;&#8230;.. este equ\u00edvoco vem lhe trazendo problemas de natureza escolar,  pelo que pretende com a devida urg\u00eancia, regularizar sua situa\u00e7\u00e3o.    <\/p>\n<\/p>\n<p>5. Nestas condi\u00e7\u00f5es, na forma do art. 109 da Lei n.\u00ba 6.015\/73, requer a V. Exa., que, ouvido o representante do Minist\u00e9rio P\u00fablico, seja deferido o presente pedido, determinando ao Sr. Oficial do Cart\u00f3rio de Registro Civil desta cidade, para retificar no assento de nascimento da suplicante,  o ano correto de seu nascimento.    <\/p>\n<p>6. D\u00e1-se \u00e0 causa o valor de &#8230;&#8230;&#8230;&#8230;..<\/p>\n<p>Pede deferimento.<\/p>\n<p>(local e data)<\/p>\n<p>(assinatura e n.\u00ba da OAB do advogado)<\/p>\n","protected":false},"featured_media":0,"parent":0,"menu_order":0,"template":"","meta":{"content-type":""},"categoria-modelo":[501],"class_list":["post-19270","modelos-de-peticao","type-modelos-de-peticao","status-publish","hentry","categoria-modelo-juizado-especial-civil"],"_links":{"self":[{"href":"https:\/\/easyjur.com\/blog\/wp-json\/wp\/v2\/modelos-de-peticao\/19270","targetHints":{"allow":["GET"]}}],"collection":[{"href":"https:\/\/easyjur.com\/blog\/wp-json\/wp\/v2\/modelos-de-peticao"}],"about":[{"href":"https:\/\/easyjur.com\/blog\/wp-json\/wp\/v2\/types\/modelos-de-peticao"}],"wp:attachment":[{"href":"https:\/\/easyjur.com\/blog\/wp-json\/wp\/v2\/media?parent=19270"}],"wp:term":[{"taxonomy":"categoria-modelo","embeddable":true,"href":"https:\/\/easyjur.com\/blog\/wp-json\/wp\/v2\/categoria-modelo?post=19270"}],"curies":[{"name":"wp","href":"https:\/\/api.w.org\/{rel}","templated":true}]}}

[MODELO] Retificação de assento de Registro Civil  &#8211;  Erro na data de nascimento

<p><strong>RETIFICAÇÃO EM ASSENTOS DO  CARTÓRIO DO REGISTRO CIVIL</strong></p>
<p>Exmo. Sr. Dr. Juiz de Direito da Comarca de &#8230;&#8230;&#8230;&#8230;&#8230;&#8230;&#8230;&#8230;&#8230;&#8230;&#8230;&#8230;&#8230;&#8230;&#8230;&#8230;&#8230;&#8230;&#8230;&#8230;&#8230;&#8230;..</p>
<p>(nome, qualificação, endereço e n.º do CPF), representada por sua mãe&#8230;&#8230;.., por seu advogado infra-assinado, com escritório situado nesta cidade, à rua&#8230;.., onde recebe intimações e avisos (CPC, art. 39, I), vêm, à presença de V. Exa., requerer <strong>RETIFICAÇÕES EM ASSENTOS LAVRADOS JUNTO AO CARTÓRIO DE REGISTRO CIVIL</strong>, nos termos do art. 109 e seguintes da Lei n.º 6.015/73, pelos motivos de fato e de direito a seguir expostos:      </p>
<p>1. A suplicante é natural desta cidade, tendo nascido em data de &#8230;&#8230;&#8230;, conforme inclusa certidão de nascimento, cujo assento fora registrado sob o n.º&#8230;&#8230;, às fls&#8230;&#8230;. do livro n.º&#8230;&#8230;.. de Registro de Nascimentos, Cartório de Registro Civil das Pessoas Naturais desta Comarca.      </p>
<p>2. Que, inadvertidamente, não se sabendo o porquê, em tal registro ficou constando a data de seu nascimento como sendo &#8230;&#8230;., quando o correto é &#8230;&#8230;&#8230;., ficando, portanto, errado o ano de nascimento da suplicante.       </p>
<p>3. Para comprovar o alegado, a suplicante está juntando sua certidão de nascimento, bem como a certidão de sua irmã, de nome&#8230;&#8230; nascida em data de&#8230;.., onde se comprova que realmente a suplicante nasceu no ano de &#8230;.. e não no ano de &#8230;&#8230;, pois, pelas referidas certidões existe um lapso de tempo de apenas seis meses entre o nascimento da suplicante e da sua irmã, entretanto, na realidade o lapso de tempo fora de um ano e seis meses, inclusive o período de gestação do nascimento de sua irmã foi normal de nove meses.     </p>
<p>4. Cabe salientar, ainda, que estando a mesma freqüentando o curso&#8230;&#8230;.. este equívoco vem lhe trazendo problemas de natureza escolar,  pelo que pretende com a devida urgência, regularizar sua situação.    </p>
</p>
<p>5. Nestas condições, na forma do art. 109 da Lei n.º 6.015/73, requer a V. Exa., que, ouvido o representante do Ministério Público, seja deferido o presente pedido, determinando ao Sr. Oficial do Cartório de Registro Civil desta cidade, para retificar no assento de nascimento da suplicante,  o ano correto de seu nascimento.    </p>
<p>6. Dá-se à causa o valor de &#8230;&#8230;&#8230;&#8230;..</p>
<p>Pede deferimento.</p>
<p>(local e data)</p>
<p>(assinatura e n.º da OAB do advogado)</p>
