{"id":16507,"date":"2023-07-14T17:03:42","date_gmt":"2023-07-14T17:03:42","guid":{"rendered":"https:\/\/easyjur.com\/blog\/?post_type=modelos-de-peticao&#038;p=3650"},"modified":"2023-07-14T17:03:42","modified_gmt":"2023-07-14T17:03:42","slug":"pedido-de-citacao-por-edital-e-designacao-de-audiencia-de-instrucao-e-julgamento-em-acao-de-usucapiao","status":"publish","type":"modelos-de-peticao","link":"https:\/\/easyjur.com\/blog\/modelos-de-peticao\/pedido-de-citacao-por-edital-e-designacao-de-audiencia-de-instrucao-e-julgamento-em-acao-de-usucapiao\/","title":{"rendered":"[MODELO] Pedido de cita\u00e7\u00e3o por edital e designa\u00e7\u00e3o de audi\u00eancia de instru\u00e7\u00e3o e julgamento em a\u00e7\u00e3o de usucapi\u00e3o"},"content":{"rendered":"<p>EXMO. SR. DR. JUIZ DE DIREITO DA 27\u00aa VARA C\u00cdVEL DA COMARCA DA CAPITAL<\/p>\n<p>Processo n.\u00b0: 0003.001.064.801-0<\/p>\n<p>\t\t\t<strong>DEUSEDINA NUNES GARCIA<\/strong>, j\u00e1 qualificada nos autos da presente A\u00e7\u00e3o de Usucapi\u00e3o, vem, pelo Defensor P\u00fablico em exerc\u00edcio neste \u00f3rg\u00e3o de atua\u00e7\u00e3o,  expor e, por fim, requer o que segue:<\/p>\n<p>\t\t\tA presente demanda foi ajuizada em 10000003, tendo sido produzida, ao longo desse per\u00edodo, vasta prova dos requisitos que autorizam a prescri\u00e7\u00e3o aquisitiva do im\u00f3vel.<\/p>\n<p>\t\t\tA propriet\u00e1ria do im\u00f3vel j\u00e1 era falecida \u00e0 \u00e9poca da propositura, com comprova certid\u00e3o de \u00f3bito de fl. , n\u00e3o deixando herdeiros conhecidos, raz\u00e3o pela qual procedeu-se \u00e0 cita\u00e7\u00e3o por edital de seus sucessores (Esp\u00f3lio de Dolores Blanca Henrique), consoante edital de fl. 106 e c\u00f3pia de sua publica\u00e7\u00e3o no D.O., juntada \u00e0s fl. 10000.<\/p>\n<p>\t\t\tTamb\u00e9m foram citados todos os confrontantes propriet\u00e1rios (certid\u00f5es imobili\u00e1rias \u00e0s fls. 26 a 2000 e, novamente, \u00e0s fls. 188 a 10001), que residem nos respectivos im\u00f3veis, n\u00e3o havendo oposi\u00e7\u00e3o de nenhum deles. Ali\u00e1s, os confrontantes j\u00e1 foram citados pessoalmente, citados por edital (fls. 174 a 17000) e, por duas vezes, se manifestaram nos autos para anuir com o pedido da Autora (11000 a 121 e 203 a 205).<\/p>\n<p>\t\t\tTamb\u00e9m as Fazendas municipal, estadual e federal foram notificadas (fls. 55 a 57) e, expressamente, manifestaram n\u00e3o possuir interesse no im\u00f3vel (fls. 63, 81 e 114).<\/p>\n<p>\t\t\tA cita\u00e7\u00e3o edital\u00edcia dos eventuais interessados \u00e9 a \u00fanica que ainda n\u00e3o foi realizada. <\/p>\n<p>\t\t\tAssim, cumpridas todas as exig\u00eancias legais, inclusive as formuladas pelo Ilustre \u00d3rg\u00e3o do Minist\u00e9rio P\u00fablico (fls. 130 a 141), requer-se a V.Exa:<\/p>\n<ol>\n<li><strong>A cita\u00e7\u00e3o por edital dos eventuais interessados, na forma do art. do CPC;<\/strong><\/li>\n<li><strong>Ap\u00f3s, a designa\u00e7\u00e3o de audi\u00eancia de instru\u00e7\u00e3o e julgamento, com a intima\u00e7\u00e3o da Autora e das testemunhas arroladas na peti\u00e7\u00e3o inicial para comparecimento (dispensada a intima\u00e7\u00e3o do Sr. Hamilton de Paula, j\u00e1 falecido).<\/strong><\/li>\n<\/ol>\n<p>\t\t\tPede Deferimento.<\/p>\n<p>\t\t\tRio de Janeiro, 22 de junho de 2012.<\/p>\n","protected":false},"featured_media":0,"parent":0,"menu_order":0,"template":"","meta":{"content-type":""},"categoria-modelo":[514],"class_list":["post-16507","modelos-de-peticao","type-modelos-de-peticao","status-publish","hentry","categoria-modelo-usucapiao"],"_links":{"self":[{"href":"https:\/\/easyjur.com\/blog\/wp-json\/wp\/v2\/modelos-de-peticao\/16507","targetHints":{"allow":["GET"]}}],"collection":[{"href":"https:\/\/easyjur.com\/blog\/wp-json\/wp\/v2\/modelos-de-peticao"}],"about":[{"href":"https:\/\/easyjur.com\/blog\/wp-json\/wp\/v2\/types\/modelos-de-peticao"}],"wp:attachment":[{"href":"https:\/\/easyjur.com\/blog\/wp-json\/wp\/v2\/media?parent=16507"}],"wp:term":[{"taxonomy":"categoria-modelo","embeddable":true,"href":"https:\/\/easyjur.com\/blog\/wp-json\/wp\/v2\/categoria-modelo?post=16507"}],"curies":[{"name":"wp","href":"https:\/\/api.w.org\/{rel}","templated":true}]}}

[MODELO] Pedido de citação por edital e designação de audiência de instrução e julgamento em ação de usucapião

<p>EXMO. SR. DR. JUIZ DE DIREITO DA 27ª VARA CÍVEL DA COMARCA DA CAPITAL</p>
<p>Processo n.°: 0003.001.064.801-0</p>
<p>			<strong>DEUSEDINA NUNES GARCIA</strong>, já qualificada nos autos da presente Ação de Usucapião, vem, pelo Defensor Público em exercício neste órgão de atuação,  expor e, por fim, requer o que segue:</p>
<p>			A presente demanda foi ajuizada em 10000003, tendo sido produzida, ao longo desse período, vasta prova dos requisitos que autorizam a prescrição aquisitiva do imóvel.</p>
<p>			A proprietária do imóvel já era falecida à época da propositura, com comprova certidão de óbito de fl. , não deixando herdeiros conhecidos, razão pela qual procedeu-se à citação por edital de seus sucessores (Espólio de Dolores Blanca Henrique), consoante edital de fl. 106 e cópia de sua publicação no D.O., juntada às fl. 10000.</p>
<p>			Também foram citados todos os confrontantes proprietários (certidões imobiliárias às fls. 26 a 2000 e, novamente, às fls. 188 a 10001), que residem nos respectivos imóveis, não havendo oposição de nenhum deles. Aliás, os confrontantes já foram citados pessoalmente, citados por edital (fls. 174 a 17000) e, por duas vezes, se manifestaram nos autos para anuir com o pedido da Autora (11000 a 121 e 203 a 205).</p>
<p>			Também as Fazendas municipal, estadual e federal foram notificadas (fls. 55 a 57) e, expressamente, manifestaram não possuir interesse no imóvel (fls. 63, 81 e 114).</p>
<p>			A citação editalícia dos eventuais interessados é a única que ainda não foi realizada. </p>
<p>			Assim, cumpridas todas as exigências legais, inclusive as formuladas pelo Ilustre Órgão do Ministério Público (fls. 130 a 141), requer-se a V.Exa:</p>
<ol>
<li><strong>A citação por edital dos eventuais interessados, na forma do art. do CPC;</strong></li>
<li><strong>Após, a designação de audiência de instrução e julgamento, com a intimação da Autora e das testemunhas arroladas na petição inicial para comparecimento (dispensada a intimação do Sr. Hamilton de Paula, já falecido).</strong></li>
</ol>
<p>			Pede Deferimento.</p>
<p>			Rio de Janeiro, 22 de junho de 2012.</p>
