{"id":16277,"date":"2023-07-14T16:58:46","date_gmt":"2023-07-14T16:58:46","guid":{"rendered":"https:\/\/easyjur.com\/blog\/?post_type=modelos-de-peticao&#038;p=3650"},"modified":"2023-07-14T16:58:46","modified_gmt":"2023-07-14T16:58:46","slug":"contestacao-acao-revisional-de-alugueis","status":"publish","type":"modelos-de-peticao","link":"https:\/\/easyjur.com\/blog\/modelos-de-peticao\/contestacao-acao-revisional-de-alugueis\/","title":{"rendered":"[MODELO] Contesta\u00e7\u00e3o  &#8211;  A\u00e7\u00e3o Revisional de Alugu\u00e9is"},"content":{"rendered":"<p><strong>Revisional de Alugu\u00e9is &#8211; Contesta\u00e7\u00e3o<\/strong><\/p>\n<p><strong>EXCELENT\u00cdSSIMO SENHOR DOUTOR JUIZ DE DIREITO DA &#8230;&#8230; VARA C\u00cdVEL DA COMARCA DE &#8230;&#8230;&#8230;&#8230;&#8230;&#8230;&#8230;&#8230;&#8230;&#8230;&#8230;<\/strong><\/p>\n<p><strong>(10 LINHAS)<\/strong><\/p>\n<h1>Autos do processo n\u00ba &#8230;&#8230;&#8230;&#8230;&#8230;&#8230;&#8230;&#8230;&#8230;&#8230;&#8230;<\/h1>\n<p><strong>(5 LINHAS)<\/strong><\/p>\n<p>&#8230;&#8230;&#8230;&#8230;, (nacionalidade), (profiss\u00e3o), (estado civil), portador da Carteira de Identidade RG n\u00ba &#8230;.., inscrito no CPF\/MF sob o n\u00ba &#8230;., residente e domiciliado na rua &#8230;&#8230;.., n\u00ba &#8230;.., bairro &#8230;&#8230;., cidade &#8230;&#8230;, no Estado de &#8230;&#8230;.. CEP &#8230;&#8230;., por seu procurador infra-assinado, mandato anexo, vem respeitosamente \u00e0 presen\u00e7a de Vossa Excel\u00eancia, ante aos termos da a\u00e7\u00e3o <strong>REVISIONAL DE ALUGUEL<\/strong>, sob n\u00ba &#8230;. que lhe move &#8230;., para apresentar sua <\/p>\n<p><strong>CONTESTA\u00c7\u00c3O<\/strong>:<\/p>\n<p>1) efetivamente, o requerido \u00e9 locat\u00e1rio do im\u00f3vel da rua &#8230;&#8230;.., n\u00ba &#8230;.., bairro &#8230;&#8230;., cidade &#8230;&#8230;, no Estado de &#8230;&#8230;.. CEP &#8230;&#8230;..<\/p>\n<p>2) os alugu\u00e9is sempre foram reajustados nas diversas vezes que lhe impuseram os reajustes, atualiza\u00e7\u00f5es, etc.;<\/p>\n<p>3) o contr\u00e1rio ap\u00f3s o vencimento prorrogou-se por tempo igual ao anterior tendo em vista o artigo 8 do contrato firmado entre as partes;<\/p>\n<p>4) os alugu\u00e9is naquela regi\u00e3o n\u00e3o atingem, para os im\u00f3veis semelhantes, ao valor de R$&#8230;&#8230;,.. (valor por extenso);<\/p>\n<p>5) o locat\u00e1rio nunca se negou a qualquer acerto nos valores locativos.<\/p>\n<p><strong>NO M\u00c9RITO<\/strong><\/p>\n<p>O requerido obter\u00e1 a improced\u00eancia do feito, eis que, sempre pagou os reajustes, relevando pequenas diferen\u00e7as, mas agora n\u00e3o mais poder\u00e1 compactuar ante o absurdo do valor pretendido, por si s\u00f3 suficiente para repelir a pretens\u00e3o da locadora.<\/p>\n<p>Ao longo desse per\u00edodo locacional nada fez a locadora para conservar o im\u00f3vel, pois as janelas continuam com os mesmos defeitos apontados pelo requerido (doc&#8230; da peti\u00e7\u00e3o inicial da autora).<\/p>\n<p>Sendo que o requerido fez in\u00fameros reparos no im\u00f3vel reparos estes que conforme documenta\u00e7\u00e3o ema anexo seriam descontados do valor do aluguem e que at\u00e9 a presente data n\u00e3o ocorreu;<\/p>\n<p>O valor do reajuste se demonstra absurdo alcan\u00e7ando um valor de loca\u00e7\u00e3o incompat\u00edvel com o mercado, sendo que se comparando com os demais im\u00f3veis id\u00eanticos ao em quest\u00e3o temos um valor locat\u00edcio do im\u00f3vel em quest\u00e3o (&#8230;&#8230;)% mais alto;<\/p>\n<p><strong>DOS PEDIDOS<\/strong><\/p>\n<p>Pelo Exposto requer a que a presente a\u00e7\u00e3o seja julgada TOTALMENTE IMPROCEDENTE, determinado o Requerido a continuidade do contrato de loca\u00e7\u00e3o por igual prazo pactuado em conformidade com a cl\u00e1usula 8 do referido contrato;<\/p>\n<p>Condenando ainda o Autor ao pagamento das custas e honor\u00e1rios advocat\u00edcios fixados em n\u00e3o menos que 20% sobre o valor da causa devidamente atualizado;<\/p>\n<p>Por final requer, a produ\u00e7\u00e3o das provas com o depoimento pessoal da Autora, pena de confiss\u00e3o, bem como a produ\u00e7\u00e3o de prova documental al\u00e9m dos documentos anexados nesta defesa (docs. &#8230;. a &#8230;.); e ainda a juntada de novos documentos, nos limites processuais.<\/p>\n<p>Termos em que<\/p>\n<p>Pede deferimento.<\/p>\n<p>(Local, data e ano).<\/p>\n<p>(Nome e assinatura do advogado).<\/p>\n<p>(OAB\/UF)<\/p>\n","protected":false},"featured_media":0,"parent":0,"menu_order":0,"template":"","meta":{"content-type":""},"categoria-modelo":[504],"class_list":["post-16277","modelos-de-peticao","type-modelos-de-peticao","status-publish","hentry","categoria-modelo-revisionais"],"_links":{"self":[{"href":"https:\/\/easyjur.com\/blog\/wp-json\/wp\/v2\/modelos-de-peticao\/16277","targetHints":{"allow":["GET"]}}],"collection":[{"href":"https:\/\/easyjur.com\/blog\/wp-json\/wp\/v2\/modelos-de-peticao"}],"about":[{"href":"https:\/\/easyjur.com\/blog\/wp-json\/wp\/v2\/types\/modelos-de-peticao"}],"wp:attachment":[{"href":"https:\/\/easyjur.com\/blog\/wp-json\/wp\/v2\/media?parent=16277"}],"wp:term":[{"taxonomy":"categoria-modelo","embeddable":true,"href":"https:\/\/easyjur.com\/blog\/wp-json\/wp\/v2\/categoria-modelo?post=16277"}],"curies":[{"name":"wp","href":"https:\/\/api.w.org\/{rel}","templated":true}]}}

[MODELO] Contestação  &#8211;  Ação Revisional de Aluguéis

<p><strong>Revisional de Aluguéis &#8211; Contestação</strong></p>
<p><strong>EXCELENTÍSSIMO SENHOR DOUTOR JUIZ DE DIREITO DA &#8230;&#8230; VARA CÍVEL DA COMARCA DE &#8230;&#8230;&#8230;&#8230;&#8230;&#8230;&#8230;&#8230;&#8230;&#8230;&#8230;</strong></p>
<p><strong>(10 LINHAS)</strong></p>
<h1>Autos do processo nº &#8230;&#8230;&#8230;&#8230;&#8230;&#8230;&#8230;&#8230;&#8230;&#8230;&#8230;</h1>
<p><strong>(5 LINHAS)</strong></p>
<p>&#8230;&#8230;&#8230;&#8230;, (nacionalidade), (profissão), (estado civil), portador da Carteira de Identidade RG nº &#8230;.., inscrito no CPF/MF sob o nº &#8230;., residente e domiciliado na rua &#8230;&#8230;.., nº &#8230;.., bairro &#8230;&#8230;., cidade &#8230;&#8230;, no Estado de &#8230;&#8230;.. CEP &#8230;&#8230;., por seu procurador infra-assinado, mandato anexo, vem respeitosamente à presença de Vossa Excelência, ante aos termos da ação <strong>REVISIONAL DE ALUGUEL</strong>, sob nº &#8230;. que lhe move &#8230;., para apresentar sua </p>
<p><strong>CONTESTAÇÃO</strong>:</p>
<p>1) efetivamente, o requerido é locatário do imóvel da rua &#8230;&#8230;.., nº &#8230;.., bairro &#8230;&#8230;., cidade &#8230;&#8230;, no Estado de &#8230;&#8230;.. CEP &#8230;&#8230;..</p>
<p>2) os aluguéis sempre foram reajustados nas diversas vezes que lhe impuseram os reajustes, atualizações, etc.;</p>
<p>3) o contrário após o vencimento prorrogou-se por tempo igual ao anterior tendo em vista o artigo 8 do contrato firmado entre as partes;</p>
<p>4) os aluguéis naquela região não atingem, para os imóveis semelhantes, ao valor de R$&#8230;&#8230;,.. (valor por extenso);</p>
<p>5) o locatário nunca se negou a qualquer acerto nos valores locativos.</p>
<p><strong>NO MÉRITO</strong></p>
<p>O requerido obterá a improcedência do feito, eis que, sempre pagou os reajustes, relevando pequenas diferenças, mas agora não mais poderá compactuar ante o absurdo do valor pretendido, por si só suficiente para repelir a pretensão da locadora.</p>
<p>Ao longo desse período locacional nada fez a locadora para conservar o imóvel, pois as janelas continuam com os mesmos defeitos apontados pelo requerido (doc&#8230; da petição inicial da autora).</p>
<p>Sendo que o requerido fez inúmeros reparos no imóvel reparos estes que conforme documentação ema anexo seriam descontados do valor do aluguem e que até a presente data não ocorreu;</p>
<p>O valor do reajuste se demonstra absurdo alcançando um valor de locação incompatível com o mercado, sendo que se comparando com os demais imóveis idênticos ao em questão temos um valor locatício do imóvel em questão (&#8230;&#8230;)% mais alto;</p>
<p><strong>DOS PEDIDOS</strong></p>
<p>Pelo Exposto requer a que a presente ação seja julgada TOTALMENTE IMPROCEDENTE, determinado o Requerido a continuidade do contrato de locação por igual prazo pactuado em conformidade com a cláusula 8 do referido contrato;</p>
<p>Condenando ainda o Autor ao pagamento das custas e honorários advocatícios fixados em não menos que 20% sobre o valor da causa devidamente atualizado;</p>
<p>Por final requer, a produção das provas com o depoimento pessoal da Autora, pena de confissão, bem como a produção de prova documental além dos documentos anexados nesta defesa (docs. &#8230;. a &#8230;.); e ainda a juntada de novos documentos, nos limites processuais.</p>
<p>Termos em que</p>
<p>Pede deferimento.</p>
<p>(Local, data e ano).</p>
<p>(Nome e assinatura do advogado).</p>
<p>(OAB/UF)</p>
